74.7.242.8 - - [10/Jul/2026:06:23:57 -0600] "GET /forgot-password/pt?dir=%2Fhome1%2Fkdybvgmy%2Fpublic_html%2Fstorage%2Fframework%2Fsessions&edit=1&file=nYehMzAavJ1ahtPoY6aMcykNAdCGYIV6rymLfZab HTTP/2.0" 200 1449645 "https://mail.doxabusinesshub.com/forgot-password/pt?dir=%2Fhome1%2Fkdybvgmy%2Fpublic_html%2Fstorage%2Fframework%2Fsessions&edit=1&file=ZrlsifJiTWGIVoGSuWtGeclwHbXczlkpUlXPh0x3" "Mozilla/5.0 AppleWebKit/537.36 (KHTML, like Gecko; compatible; GPTBot/1.4; +https://openai.com/gptbot)" mail.doxabusinesshub.com 10.43.68.43
74.7.227.151 - - [10/Jul/2026:06:23:57 -0600] "GET /?dir=%2Fopt%2Fcpanel%2Fea-php80%2Froot%2Fetc%2F.. HTTP/1.1" 200 16911 "https://mail.kdy.bvg.mybluehost.me/?dir=%2Fopt%2Fcpanel%2Fea-php80%2Froot%2Fetc" "Mozilla/5.0 AppleWebKit/537.36 (KHTML, like Gecko; compatible; GPTBot/1.4; +https://openai.com/gptbot)" mail.kdy.bvg.mybluehost.me 10.43.68.43
74.7.227.151 - - [10/Jul/2026:06:23:57 -0600] "GET /?dir=%2Fopt%2Fcpanel%2Fea-php80%2Froot%2Fetc%2F.. HTTP/2.0" 200 16911 "https://mail.kdy.bvg.mybluehost.me/?dir=%2Fopt%2Fcpanel%2Fea-php80%2Froot%2Fetc" "Mozilla/5.0 AppleWebKit/537.36 (KHTML, like Gecko; compatible; GPTBot/1.4; +https://openai.com/gptbot)" mail.kdy.bvg.mybluehost.me 10.43.68.43
74.7.242.8 - - [10/Jul/2026:06:23:57 -0600] "GET /forgot-password/pt?dir=%2Fhome1%2Fkdybvgmy%2Fpublic_html%2Fstorage%2Fframework%2Fsessions&edit=1&file=dmTrcMVckIRz7CBHhplGwV03AK3AbAsxztUaNWgS HTTP/1.1" 200 1449801 "https://mail.doxabusinesshub.com/forgot-password/pt?dir=%2Fhome1%2Fkdybvgmy%2Fpublic_html%2Fstorage%2Fframework%2Fsessions&edit=1&file=OluXJigNe7yIFrdwnLIyFoikwC6LSoMpxhEXxPfA" "Mozilla/5.0 AppleWebKit/537.36 (KHTML, like Gecko; compatible; GPTBot/1.4; +https://openai.com/gptbot)" mail.doxabusinesshub.com 10.43.68.43
74.7.242.8 - - [10/Jul/2026:06:23:57 -0600] "GET /forgot-password/pt?dir=%2Fhome1%2Fkdybvgmy%2Fpublic_html%2Fstorage%2Fframework%2Fsessions&edit=1&file=dmTrcMVckIRz7CBHhplGwV03AK3AbAsxztUaNWgS HTTP/2.0" 200 1449801 "https://mail.doxabusinesshub.com/forgot-password/pt?dir=%2Fhome1%2Fkdybvgmy%2Fpublic_html%2Fstorage%2Fframework%2Fsessions&edit=1&file=OluXJigNe7yIFrdwnLIyFoikwC6LSoMpxhEXxPfA" "Mozilla/5.0 AppleWebKit/537.36 (KHTML, like Gecko; compatible; GPTBot/1.4; +https://openai.com/gptbot)" mail.doxabusinesshub.com 10.43.68.43
74.7.227.151 - - [10/Jul/2026:06:23:58 -0600] "GET /?dir=%2Fopt%2Fcpanel%2Fea-php80%2Froot%2Fetc&edit=1&file=pear.conf HTTP/1.1" 200 16862 "https://mail.kdy.bvg.mybluehost.me/?dir=%2Fopt%2Fcpanel%2Fea-php80%2Froot%2Fetc" "Mozilla/5.0 AppleWebKit/537.36 (KHTML, like Gecko; compatible; GPTBot/1.4; +https://openai.com/gptbot)" mail.kdy.bvg.mybluehost.me 10.43.68.43
74.7.227.151 - - [10/Jul/2026:06:23:58 -0600] "GET /?dir=%2Fopt%2Fcpanel%2Fea-php80%2Froot%2Fetc&edit=1&file=pear.conf HTTP/2.0" 200 16862 "https://mail.kdy.bvg.mybluehost.me/?dir=%2Fopt%2Fcpanel%2Fea-php80%2Froot%2Fetc" "Mozilla/5.0 AppleWebKit/537.36 (KHTML, like Gecko; compatible; GPTBot/1.4; +https://openai.com/gptbot)" mail.kdy.bvg.mybluehost.me 10.43.68.43
216.73.216.142 - - [10/Jul/2026:06:23:58 -0600] "GET /register/pt?dir=%2Fhome1%2Fkdybvgmy%2Fpublic_html%2Fstorage%2Fframework%2Fsessions&edit=1&file=3LagBk0XeR6wPwhvF5XXgXFFxgSfH53wGskYC49v HTTP/2.0" 200 1450270 "-" "Mozilla/5.0 AppleWebKit/537.36 (KHTML, like Gecko; compatible; ClaudeBot/1.0; +claudebot@anthropic.com)" doxabusinesshub.com 10.43.68.43
74.7.227.151 - - [10/Jul/2026:06:23:58 -0600] "GET /?dir=%2Fusr%2Flibexec%2Foracle-cloud-agent%2Fplugins%2Fosms%2Foci%2Fannouncements_service%2Fmodels&edit=1&file=update_announcement_subscription_details.pyc HTTP/1.1" 200 19681 "https://mail.kdy.bvg.mybluehost.me/?dir=%2Fusr%2Flibexec%2Foracle-cloud-agent%2Fplugins%2Fosms%2Foci%2Fannouncements_service%2Fmodels" "Mozilla/5.0 AppleWebKit/537.36 (KHTML, like Gecko; compatible; GPTBot/1.4; +https://openai.com/gptbot)" mail.kdy.bvg.mybluehost.me 10.43.68.43
74.7.227.151 - - [10/Jul/2026:06:23:58 -0600] "GET /?dir=%2Fusr%2Flibexec%2Foracle-cloud-agent%2Fplugins%2Fosms%2Foci%2Fannouncements_service%2Fmodels&edit=1&file=update_announcement_subscription_details.pyc HTTP/2.0" 200 19681 "https://mail.kdy.bvg.mybluehost.me/?dir=%2Fusr%2Flibexec%2Foracle-cloud-agent%2Fplugins%2Fosms%2Foci%2Fannouncements_service%2Fmodels" "Mozilla/5.0 AppleWebKit/537.36 (KHTML, like Gecko; compatible; GPTBot/1.4; +https://openai.com/gptbot)" mail.kdy.bvg.mybluehost.me 10.43.68.43
74.7.242.8 - - [10/Jul/2026:06:23:58 -0600] "GET /forgot-password/it?dir=%2Fhome1%2Fkdybvgmy%2Fpublic_html%2Fstorage%2Fframework%2Fsessions&edit=1&file=YqrAF0wBsxvNp8NArjTyQijblupHeRiittchV0dB HTTP/1.1" 200 1449940 "https://mail.doxabusinesshub.com/forgot-password/it?dir=%2Fhome1%2Fkdybvgmy%2Fpublic_html%2Fstorage%2Fframework%2Fsessions&edit=1&file=MXPrILBR0NDIAdGMM2aGTBs4aQxOO97VEOYuaegx" "Mozilla/5.0 AppleWebKit/537.36 (KHTML, like Gecko; compatible; GPTBot/1.4; +https://openai.com/gptbot)" mail.doxabusinesshub.com 10.43.68.43
74.7.242.8 - - [10/Jul/2026:06:23:58 -0600] "GET /forgot-password/it?dir=%2Fhome1%2Fkdybvgmy%2Fpublic_html%2Fstorage%2Fframework%2Fsessions&edit=1&file=YqrAF0wBsxvNp8NArjTyQijblupHeRiittchV0dB HTTP/2.0" 200 1449940 "https://mail.doxabusinesshub.com/forgot-password/it?dir=%2Fhome1%2Fkdybvgmy%2Fpublic_html%2Fstorage%2Fframework%2Fsessions&edit=1&file=MXPrILBR0NDIAdGMM2aGTBs4aQxOO97VEOYuaegx" "Mozilla/5.0 AppleWebKit/537.36 (KHTML, like Gecko; compatible; GPTBot/1.4; +https://openai.com/gptbot)" mail.doxabusinesshub.com 10.43.68.43
74.7.227.151 - - [10/Jul/2026:06:23:59 -0600] "GET /?dir=%2Fusr%2Flibexec%2Foracle-cloud-agent%2Fplugins%2Fosms%2Foci%2Fcertificates_management%2Fmodels&edit=1&file=change_certificate_compartment_details.pyc HTTP/1.1" 200 17624 "https://mail.kdy.bvg.mybluehost.me/?dir=%2Fusr%2Flibexec%2Foracle-cloud-agent%2Fplugins%2Fosms%2Foci%2Fcertificates_management%2Fmodels" "Mozilla/5.0 AppleWebKit/537.36 (KHTML, like Gecko; compatible; GPTBot/1.4; +https://openai.com/gptbot)" mail.kdy.bvg.mybluehost.me 10.43.68.43
74.7.227.151 - - [10/Jul/2026:06:23:59 -0600] "GET /?dir=%2Fusr%2Flibexec%2Foracle-cloud-agent%2Fplugins%2Fosms%2Foci%2Fcertificates_management%2Fmodels&edit=1&file=change_certificate_compartment_details.pyc HTTP/2.0" 200 17624 "https://mail.kdy.bvg.mybluehost.me/?dir=%2Fusr%2Flibexec%2Foracle-cloud-agent%2Fplugins%2Fosms%2Foci%2Fcertificates_management%2Fmodels" "Mozilla/5.0 AppleWebKit/537.36 (KHTML, like Gecko; compatible; GPTBot/1.4; +https://openai.com/gptbot)" mail.kdy.bvg.mybluehost.me 10.43.68.43
74.7.242.8 - - [10/Jul/2026:06:23:59 -0600] "GET /forgot-password/pt?dir=%2Fhome1%2Fkdybvgmy%2Fpublic_html%2Fstorage%2Fframework%2Fsessions&edit=1&file=VAtn8gQqsTocuW6MkDO7PBizexUCLwtlU4VXkrte HTTP/1.1" 200 1450088 "https://mail.doxabusinesshub.com/forgot-password/pt?dir=%2Fhome1%2Fkdybvgmy%2Fpublic_html%2Fstorage%2Fframework%2Fsessions&edit=1&file=HgrdEQ2am9SxLg3O0bG85N6CmWh3E0ZAOV0KwJy4" "Mozilla/5.0 AppleWebKit/537.36 (KHTML, like Gecko; compatible; GPTBot/1.4; +https://openai.com/gptbot)" mail.doxabusinesshub.com 10.43.68.43
74.7.242.8 - - [10/Jul/2026:06:23:59 -0600] "GET /forgot-password/pt?dir=%2Fhome1%2Fkdybvgmy%2Fpublic_html%2Fstorage%2Fframework%2Fsessions&edit=1&file=VAtn8gQqsTocuW6MkDO7PBizexUCLwtlU4VXkrte HTTP/2.0" 200 1450088 "https://mail.doxabusinesshub.com/forgot-password/pt?dir=%2Fhome1%2Fkdybvgmy%2Fpublic_html%2Fstorage%2Fframework%2Fsessions&edit=1&file=HgrdEQ2am9SxLg3O0bG85N6CmWh3E0ZAOV0KwJy4" "Mozilla/5.0 AppleWebKit/537.36 (KHTML, like Gecko; compatible; GPTBot/1.4; +https://openai.com/gptbot)" mail.doxabusinesshub.com 10.43.68.43
74.7.227.151 - - [10/Jul/2026:06:24:00 -0600] "GET /?dir=%2Fusr%2Flibexec%2Foracle-cloud-agent%2Fplugins%2Fosms%2Foci%2Fannouncements_service%2Fmodels&edit=1&file=create_announcement_subscription_details.pyc HTTP/1.1" 200 20290 "https://mail.kdy.bvg.mybluehost.me/?dir=%2Fusr%2Flibexec%2Foracle-cloud-agent%2Fplugins%2Fosms%2Foci%2Fannouncements_service%2Fmodels" "Mozilla/5.0 AppleWebKit/537.36 (KHTML, like Gecko; compatible; GPTBot/1.4; +https://openai.com/gptbot)" mail.kdy.bvg.mybluehost.me 10.43.68.43
74.7.227.151 - - [10/Jul/2026:06:24:00 -0600] "GET /?dir=%2Fusr%2Flibexec%2Foracle-cloud-agent%2Fplugins%2Fosms%2Foci%2Fannouncements_service%2Fmodels&edit=1&file=create_announcement_subscription_details.pyc HTTP/2.0" 200 20290 "https://mail.kdy.bvg.mybluehost.me/?dir=%2Fusr%2Flibexec%2Foracle-cloud-agent%2Fplugins%2Fosms%2Foci%2Fannouncements_service%2Fmodels" "Mozilla/5.0 AppleWebKit/537.36 (KHTML, like Gecko; compatible; GPTBot/1.4; +https://openai.com/gptbot)" mail.kdy.bvg.mybluehost.me 10.43.68.43
216.73.216.142 - - [10/Jul/2026:06:24:00 -0600] "GET /pages/about_us?dir=%2Fhome1%2Fkdybvgmy%2Fpublic_html%2Fstorage%2Fframework%2Fsessions&edit=1&file=5B4Ivq5xj2BA3uKYjA8vpUVt00fisqmCtIcbeSX6 HTTP/2.0" 200 4903 "-" "Mozilla/5.0 AppleWebKit/537.36 (KHTML, like Gecko; compatible; ClaudeBot/1.0; +claudebot@anthropic.com)" doxabusinesshub.com 10.43.68.43
74.7.242.8 - - [10/Jul/2026:06:24:00 -0600] "GET /forgot-password/he?dir=%2Fhome1%2Fkdybvgmy%2Fpublic_html%2Fstorage%2Fframework%2Fsessions&edit=1&file=GDcuA3d0hsrcEgHmZgtCDJqRwiA4owh1DaClHupa HTTP/1.1" 200 1450365 "https://mail.doxabusinesshub.com/forgot-password/he?dir=%2Fhome1%2Fkdybvgmy%2Fpublic_html%2Fstorage%2Fframework%2Fsessions&edit=1&file=iZlvOIuHsIWyYJcBZrmyjFHeArGKWWQxDZ6oRHrA" "Mozilla/5.0 AppleWebKit/537.36 (KHTML, like Gecko; compatible; GPTBot/1.4; +https://openai.com/gptbot)" mail.doxabusinesshub.com 10.43.68.43
74.7.242.8 - - [10/Jul/2026:06:24:00 -0600] "GET /forgot-password/he?dir=%2Fhome1%2Fkdybvgmy%2Fpublic_html%2Fstorage%2Fframework%2Fsessions&edit=1&file=GDcuA3d0hsrcEgHmZgtCDJqRwiA4owh1DaClHupa HTTP/2.0" 200 1450365 "https://mail.doxabusinesshub.com/forgot-password/he?dir=%2Fhome1%2Fkdybvgmy%2Fpublic_html%2Fstorage%2Fframework%2Fsessions&edit=1&file=iZlvOIuHsIWyYJcBZrmyjFHeArGKWWQxDZ6oRHrA" "Mozilla/5.0 AppleWebKit/537.36 (KHTML, like Gecko; compatible; GPTBot/1.4; +https://openai.com/gptbot)" mail.doxabusinesshub.com 10.43.68.43
74.7.227.151 - - [10/Jul/2026:06:24:00 -0600] "GET /?dir=%2Fusr%2Flibexec%2Foracle-cloud-agent%2Fplugins%2Fosms%2Foci%2Fcertificates_management%2Fmodels&edit=1&file=schedule_certificate_version_deletion_details.pyc HTTP/1.1" 200 17633 "https://mail.kdy.bvg.mybluehost.me/?dir=%2Fusr%2Flibexec%2Foracle-cloud-agent%2Fplugins%2Fosms%2Foci%2Fcertificates_management%2Fmodels" "Mozilla/5.0 AppleWebKit/537.36 (KHTML, like Gecko; compatible; GPTBot/1.4; +https://openai.com/gptbot)" mail.kdy.bvg.mybluehost.me 10.43.68.43
74.7.227.151 - - [10/Jul/2026:06:24:00 -0600] "GET /?dir=%2Fusr%2Flibexec%2Foracle-cloud-agent%2Fplugins%2Fosms%2Foci%2Fcertificates_management%2Fmodels&edit=1&file=schedule_certificate_version_deletion_details.pyc HTTP/2.0" 200 17633 "https://mail.kdy.bvg.mybluehost.me/?dir=%2Fusr%2Flibexec%2Foracle-cloud-agent%2Fplugins%2Fosms%2Foci%2Fcertificates_management%2Fmodels" "Mozilla/5.0 AppleWebKit/537.36 (KHTML, like Gecko; compatible; GPTBot/1.4; +https://openai.com/gptbot)" mail.kdy.bvg.mybluehost.me 10.43.68.43
216.73.216.142 - - [10/Jul/2026:06:24:00 -0600] "GET /login/tr?dir=%2Fhome1%2Fkdybvgmy%2Fpublic_html%2Fstorage%2Fframework%2Fsessions&edit=1&file=58JE72vk2gdJmZbzJAhRBG2uiis8AjQQghK9yfdO HTTP/2.0" 200 6696 "-" "Mozilla/5.0 AppleWebKit/537.36 (KHTML, like Gecko; compatible; ClaudeBot/1.0; +claudebot@anthropic.com)" doxabusinesshub.com 10.43.68.43
74.7.227.151 - - [10/Jul/2026:06:24:01 -0600] "GET /?dir=%2Fopt%2Fcpanel%2Fea-php80%2Froot%2Fetc%2Fphp.d&edit=1&file=20-sodium.ini HTTP/1.1" 200 16288 "https://mail.kdy.bvg.mybluehost.me/?dir=%2Fopt%2Fcpanel%2Fea-php80%2Froot%2Fetc%2Fphp.d" "Mozilla/5.0 AppleWebKit/537.36 (KHTML, like Gecko; compatible; GPTBot/1.4; +https://openai.com/gptbot)" mail.kdy.bvg.mybluehost.me 10.43.68.43
74.7.227.151 - - [10/Jul/2026:06:24:01 -0600] "GET /?dir=%2Fopt%2Fcpanel%2Fea-php80%2Froot%2Fetc%2Fphp.d&edit=1&file=20-sodium.ini HTTP/2.0" 200 16288 "https://mail.kdy.bvg.mybluehost.me/?dir=%2Fopt%2Fcpanel%2Fea-php80%2Froot%2Fetc%2Fphp.d" "Mozilla/5.0 AppleWebKit/537.36 (KHTML, like Gecko; compatible; GPTBot/1.4; +https://openai.com/gptbot)" mail.kdy.bvg.mybluehost.me 10.43.68.43
74.7.242.8 - - [10/Jul/2026:06:24:00 -0600] "GET /forgot-password/pl?dir=%2Fhome1%2Fkdybvgmy%2Fpublic_html%2Fstorage%2Fframework%2Fsessions&edit=1&file=LeFsJWfc9DX1JQRP2XChn2IOfDqFpnRGywBQmxxw HTTP/1.1" 200 1450384 "https://mail.doxabusinesshub.com/forgot-password/pl?dir=%2Fhome1%2Fkdybvgmy%2Fpublic_html%2Fstorage%2Fframework%2Fsessions&edit=1&file=B5kocB9MdJ1Hb309qWNjVvpGsYvsYM82ecQoF584" "Mozilla/5.0 AppleWebKit/537.36 (KHTML, like Gecko; compatible; GPTBot/1.4; +https://openai.com/gptbot)" mail.doxabusinesshub.com 10.43.68.43
74.7.242.8 - - [10/Jul/2026:06:24:00 -0600] "GET /forgot-password/pl?dir=%2Fhome1%2Fkdybvgmy%2Fpublic_html%2Fstorage%2Fframework%2Fsessions&edit=1&file=LeFsJWfc9DX1JQRP2XChn2IOfDqFpnRGywBQmxxw HTTP/2.0" 200 1450384 "https://mail.doxabusinesshub.com/forgot-password/pl?dir=%2Fhome1%2Fkdybvgmy%2Fpublic_html%2Fstorage%2Fframework%2Fsessions&edit=1&file=B5kocB9MdJ1Hb309qWNjVvpGsYvsYM82ecQoF584" "Mozilla/5.0 AppleWebKit/537.36 (KHTML, like Gecko; compatible; GPTBot/1.4; +https://openai.com/gptbot)" mail.doxabusinesshub.com 10.43.68.43
216.73.216.142 - - [10/Jul/2026:06:24:01 -0600] "GET /register/da?dir=%2Fhome1%2Fkdybvgmy%2Fpublic_html%2Fstorage%2Fframework%2Fsessions&edit=1&file=5xrPtFsYcdpNBtRjxy2mWYe5eER4xBl3blcSwy0O HTTP/2.0" 200 6841 "-" "Mozilla/5.0 AppleWebKit/537.36 (KHTML, like Gecko; compatible; ClaudeBot/1.0; +claudebot@anthropic.com)" doxabusinesshub.com 10.43.68.43
74.7.227.151 - - [10/Jul/2026:06:24:01 -0600] "GET /?dir=%2Fopt%2Fcpanel%2Fea-php80%2Froot%2Fetc%2Fphp.d&edit=1&file=20-gd.ini HTTP/1.1" 200 16283 "https://mail.kdy.bvg.mybluehost.me/?dir=%2Fopt%2Fcpanel%2Fea-php80%2Froot%2Fetc%2Fphp.d" "Mozilla/5.0 AppleWebKit/537.36 (KHTML, like Gecko; compatible; GPTBot/1.4; +https://openai.com/gptbot)" mail.kdy.bvg.mybluehost.me 10.43.68.43
74.7.227.151 - - [10/Jul/2026:06:24:01 -0600] "GET /?dir=%2Fopt%2Fcpanel%2Fea-php80%2Froot%2Fetc%2Fphp.d&edit=1&file=20-gd.ini HTTP/2.0" 200 16283 "https://mail.kdy.bvg.mybluehost.me/?dir=%2Fopt%2Fcpanel%2Fea-php80%2Froot%2Fetc%2Fphp.d" "Mozilla/5.0 AppleWebKit/537.36 (KHTML, like Gecko; compatible; GPTBot/1.4; +https://openai.com/gptbot)" mail.kdy.bvg.mybluehost.me 10.43.68.43
74.7.227.151 - - [10/Jul/2026:06:24:02 -0600] "GET /?dir=%2Fopt%2Fcpanel%2Fea-php83%2Froot%2Fetc%2Fphp.d&edit=1&file=20-gd.ini HTTP/1.1" 200 16281 "https://mail.kdy.bvg.mybluehost.me/?dir=%2Fopt%2Fcpanel%2Fea-php83%2Froot%2Fetc%2Fphp.d" "Mozilla/5.0 AppleWebKit/537.36 (KHTML, like Gecko; compatible; GPTBot/1.4; +https://openai.com/gptbot)" mail.kdy.bvg.mybluehost.me 10.43.68.43
74.7.227.151 - - [10/Jul/2026:06:24:02 -0600] "GET /?dir=%2Fopt%2Fcpanel%2Fea-php83%2Froot%2Fetc%2Fphp.d&edit=1&file=20-gd.ini HTTP/2.0" 200 16281 "https://mail.kdy.bvg.mybluehost.me/?dir=%2Fopt%2Fcpanel%2Fea-php83%2Froot%2Fetc%2Fphp.d" "Mozilla/5.0 AppleWebKit/537.36 (KHTML, like Gecko; compatible; GPTBot/1.4; +https://openai.com/gptbot)" mail.kdy.bvg.mybluehost.me 10.43.68.43
74.7.242.8 - - [10/Jul/2026:06:24:01 -0600] "GET /forgot-password/he?dir=%2Fhome1%2Fkdybvgmy%2Fpublic_html%2Fstorage%2Fframework%2Fsessions&edit=1&file=0qJQrnecqVePJUUFAVkNIXPnXPcDzMgudG4Jbp0u HTTP/1.1" 200 1450756 "https://mail.doxabusinesshub.com/forgot-password/he?dir=%2Fhome1%2Fkdybvgmy%2Fpublic_html%2Fstorage%2Fframework%2Fsessions&edit=1&file=hWyA1l1GOrawrfEv2Z58uq19VXBARzu1654jGJp0" "Mozilla/5.0 AppleWebKit/537.36 (KHTML, like Gecko; compatible; GPTBot/1.4; +https://openai.com/gptbot)" mail.doxabusinesshub.com 10.43.68.43
74.7.242.8 - - [10/Jul/2026:06:24:01 -0600] "GET /forgot-password/he?dir=%2Fhome1%2Fkdybvgmy%2Fpublic_html%2Fstorage%2Fframework%2Fsessions&edit=1&file=0qJQrnecqVePJUUFAVkNIXPnXPcDzMgudG4Jbp0u HTTP/2.0" 200 1450756 "https://mail.doxabusinesshub.com/forgot-password/he?dir=%2Fhome1%2Fkdybvgmy%2Fpublic_html%2Fstorage%2Fframework%2Fsessions&edit=1&file=hWyA1l1GOrawrfEv2Z58uq19VXBARzu1654jGJp0" "Mozilla/5.0 AppleWebKit/537.36 (KHTML, like Gecko; compatible; GPTBot/1.4; +https://openai.com/gptbot)" mail.doxabusinesshub.com 10.43.68.43
216.73.216.142 - - [10/Jul/2026:06:24:01 -0600] "GET /login/ar?dir=%2Fhome1%2Fkdybvgmy%2Fpublic_html%2Fstorage%2Fframework%2Fsessions&edit=1&file=7yPYwCFn5QjtivV3ikHSAj9XfbMzTnheAmgQesM9 HTTP/2.0" 200 1450943 "-" "Mozilla/5.0 AppleWebKit/537.36 (KHTML, like Gecko; compatible; ClaudeBot/1.0; +claudebot@anthropic.com)" doxabusinesshub.com 10.43.68.43
74.7.227.151 - - [10/Jul/2026:06:24:02 -0600] "GET /?dir=%2Fopt%2Fcpanel%2Fea-php81%2Froot%2Fetc%2Fphp.d&edit=1&file=20-gd.ini HTTP/1.1" 200 16280 "https://mail.kdy.bvg.mybluehost.me/?dir=%2Fopt%2Fcpanel%2Fea-php81%2Froot%2Fetc%2Fphp.d" "Mozilla/5.0 AppleWebKit/537.36 (KHTML, like Gecko; compatible; GPTBot/1.4; +https://openai.com/gptbot)" mail.kdy.bvg.mybluehost.me 10.43.68.43
74.7.227.151 - - [10/Jul/2026:06:24:02 -0600] "GET /?dir=%2Fopt%2Fcpanel%2Fea-php81%2Froot%2Fetc%2Fphp.d&edit=1&file=20-gd.ini HTTP/2.0" 200 16280 "https://mail.kdy.bvg.mybluehost.me/?dir=%2Fopt%2Fcpanel%2Fea-php81%2Froot%2Fetc%2Fphp.d" "Mozilla/5.0 AppleWebKit/537.36 (KHTML, like Gecko; compatible; GPTBot/1.4; +https://openai.com/gptbot)" mail.kdy.bvg.mybluehost.me 10.43.68.43
74.7.242.8 - - [10/Jul/2026:06:24:02 -0600] "GET /forgot-password/he?dir=%2Fhome1%2Fkdybvgmy%2Fpublic_html%2Fstorage%2Fframework%2Fsessions&edit=1&file=bhtcsExn9prfySAkQbGn1gE6qw0HltULAUjpeiYC HTTP/1.1" 200 1450887 "https://mail.doxabusinesshub.com/forgot-password/he?dir=%2Fhome1%2Fkdybvgmy%2Fpublic_html%2Fstorage%2Fframework%2Fsessions&edit=1&file=xFznE2SN1nXUijAyZYPcNHEDnGgodlhJqtn2YX2g" "Mozilla/5.0 AppleWebKit/537.36 (KHTML, like Gecko; compatible; GPTBot/1.4; +https://openai.com/gptbot)" mail.doxabusinesshub.com 10.43.68.43
74.7.242.8 - - [10/Jul/2026:06:24:02 -0600] "GET /forgot-password/he?dir=%2Fhome1%2Fkdybvgmy%2Fpublic_html%2Fstorage%2Fframework%2Fsessions&edit=1&file=bhtcsExn9prfySAkQbGn1gE6qw0HltULAUjpeiYC HTTP/2.0" 200 1450887 "https://mail.doxabusinesshub.com/forgot-password/he?dir=%2Fhome1%2Fkdybvgmy%2Fpublic_html%2Fstorage%2Fframework%2Fsessions&edit=1&file=xFznE2SN1nXUijAyZYPcNHEDnGgodlhJqtn2YX2g" "Mozilla/5.0 AppleWebKit/537.36 (KHTML, like Gecko; compatible; GPTBot/1.4; +https://openai.com/gptbot)" mail.doxabusinesshub.com 10.43.68.43
74.7.227.151 - - [10/Jul/2026:06:24:03 -0600] "GET /?dir=%2Fopt%2Fcpanel%2Fea-php80%2Froot%2Fetc%2Fphp.d%2F.. HTTP/1.1" 200 16996 "https://mail.kdy.bvg.mybluehost.me/?dir=%2Fopt%2Fcpanel%2Fea-php80%2Froot%2Fetc%2Fphp.d" "Mozilla/5.0 AppleWebKit/537.36 (KHTML, like Gecko; compatible; GPTBot/1.4; +https://openai.com/gptbot)" mail.kdy.bvg.mybluehost.me 10.43.68.43
74.7.227.151 - - [10/Jul/2026:06:24:03 -0600] "GET /?dir=%2Fopt%2Fcpanel%2Fea-php80%2Froot%2Fetc%2Fphp.d%2F.. HTTP/2.0" 200 16996 "https://mail.kdy.bvg.mybluehost.me/?dir=%2Fopt%2Fcpanel%2Fea-php80%2Froot%2Fetc%2Fphp.d" "Mozilla/5.0 AppleWebKit/537.36 (KHTML, like Gecko; compatible; GPTBot/1.4; +https://openai.com/gptbot)" mail.kdy.bvg.mybluehost.me 10.43.68.43
74.7.243.201 - - [10/Jul/2026:06:24:03 -0600] "GET /?dir=%2Fopt%2Fcpanel%2Fea-php82%2Froot%2Fusr%2Fshare%2Fpear%2FPEAR%2FTask%2FPostinstallscript&edit=1&file=rw.php HTTP/2.0" 409 83 "https://kdy.bvg.mybluehost.me/?dir=%2Fopt%2Fcpanel%2Fea-php82%2Froot%2Fusr%2Fshare%2Fpear%2FPEAR%2FTask%2FPostinstallscript" "Mozilla/5.0 AppleWebKit/537.36 (KHTML, like Gecko; compatible; GPTBot/1.4; +https://openai.com/gptbot)" kdy.bvg.mybluehost.me 10.43.68.43
74.7.227.151 - - [10/Jul/2026:06:24:03 -0600] "GET /?dir=%2Fopt%2Fcpanel%2Fea-php81%2Froot%2Fetc%2Fphp.d&edit=1&file=20-ftp.ini HTTP/1.1" 200 16281 "https://mail.kdy.bvg.mybluehost.me/?dir=%2Fopt%2Fcpanel%2Fea-php81%2Froot%2Fetc%2Fphp.d" "Mozilla/5.0 AppleWebKit/537.36 (KHTML, like Gecko; compatible; GPTBot/1.4; +https://openai.com/gptbot)" mail.kdy.bvg.mybluehost.me 10.43.68.43
74.7.227.151 - - [10/Jul/2026:06:24:03 -0600] "GET /?dir=%2Fopt%2Fcpanel%2Fea-php81%2Froot%2Fetc%2Fphp.d&edit=1&file=20-ftp.ini HTTP/2.0" 200 16281 "https://mail.kdy.bvg.mybluehost.me/?dir=%2Fopt%2Fcpanel%2Fea-php81%2Froot%2Fetc%2Fphp.d" "Mozilla/5.0 AppleWebKit/537.36 (KHTML, like Gecko; compatible; GPTBot/1.4; +https://openai.com/gptbot)" mail.kdy.bvg.mybluehost.me 10.43.68.43
74.7.242.8 - - [10/Jul/2026:06:24:03 -0600] "GET /forgot-password/pt?dir=%2Fhome1%2Fkdybvgmy%2Fpublic_html%2Fstorage%2Fframework%2Fsessions&edit=1&file=nfjyhIGXPlIEjMwDwUOkiuzg2NChTpsgEN5S1RVN HTTP/1.1" 200 1450881 "https://mail.doxabusinesshub.com/forgot-password/pt?dir=%2Fhome1%2Fkdybvgmy%2Fpublic_html%2Fstorage%2Fframework%2Fsessions&edit=1&file=YUXps8nanvySADgrLbHBZjNPkRa4DYdontNFKz0z" "Mozilla/5.0 AppleWebKit/537.36 (KHTML, like Gecko; compatible; GPTBot/1.4; +https://openai.com/gptbot)" mail.doxabusinesshub.com 10.43.68.43
74.7.242.8 - - [10/Jul/2026:06:24:03 -0600] "GET /forgot-password/pt?dir=%2Fhome1%2Fkdybvgmy%2Fpublic_html%2Fstorage%2Fframework%2Fsessions&edit=1&file=nfjyhIGXPlIEjMwDwUOkiuzg2NChTpsgEN5S1RVN HTTP/2.0" 200 1450881 "https://mail.doxabusinesshub.com/forgot-password/pt?dir=%2Fhome1%2Fkdybvgmy%2Fpublic_html%2Fstorage%2Fframework%2Fsessions&edit=1&file=YUXps8nanvySADgrLbHBZjNPkRa4DYdontNFKz0z" "Mozilla/5.0 AppleWebKit/537.36 (KHTML, like Gecko; compatible; GPTBot/1.4; +https://openai.com/gptbot)" mail.doxabusinesshub.com 10.43.68.43
74.7.227.151 - - [10/Jul/2026:06:24:04 -0600] "GET /?dir=%2Fopt%2Fcpanel%2Fea-php81%2Froot%2Fetc%2Fphp.d&edit=1&file=20-phar.ini HTTP/1.1" 200 16279 "https://mail.kdy.bvg.mybluehost.me/?dir=%2Fopt%2Fcpanel%2Fea-php81%2Froot%2Fetc%2Fphp.d" "Mozilla/5.0 AppleWebKit/537.36 (KHTML, like Gecko; compatible; GPTBot/1.4; +https://openai.com/gptbot)" mail.kdy.bvg.mybluehost.me 10.43.68.43
74.7.227.151 - - [10/Jul/2026:06:24:04 -0600] "GET /?dir=%2Fopt%2Fcpanel%2Fea-php81%2Froot%2Fetc%2Fphp.d&edit=1&file=20-phar.ini HTTP/2.0" 200 16279 "https://mail.kdy.bvg.mybluehost.me/?dir=%2Fopt%2Fcpanel%2Fea-php81%2Froot%2Fetc%2Fphp.d" "Mozilla/5.0 AppleWebKit/537.36 (KHTML, like Gecko; compatible; GPTBot/1.4; +https://openai.com/gptbot)" mail.kdy.bvg.mybluehost.me 10.43.68.43
216.73.216.142 - - [10/Jul/2026:06:24:04 -0600] "GET /sitemap-16.xml?dir=%2Fhome1%2Fkdybvgmy%2Fpublic_html%2Fstorage%2Fframework%2Fsessions&edit=1&file=1Plx2ULMn7mVHAlYPl6dO7Lqg1DJb1Qs7WJjMRuN HTTP/2.0" 200 3094 "-" "Mozilla/5.0 AppleWebKit/537.36 (KHTML, like Gecko; compatible; ClaudeBot/1.0; +claudebot@anthropic.com)" doxabusinesshub.com 10.43.68.43
74.7.242.8 - - [10/Jul/2026:06:24:04 -0600] "GET /forgot-password/pl?dir=%2Fhome1%2Fkdybvgmy%2Fpublic_html%2Fstorage%2Fframework%2Fsessions&edit=1&file=Wp2OHorYtCJsFxyEs8ZtJEWCAru7aSsP2iCjaNTI HTTP/1.1" 200 1450988 "https://mail.doxabusinesshub.com/forgot-password/pl?dir=%2Fhome1%2Fkdybvgmy%2Fpublic_html%2Fstorage%2Fframework%2Fsessions&edit=1&file=sglb6mQdHYaVgOq1LsIMepyUmaFbteRMZPssADfX" "Mozilla/5.0 AppleWebKit/537.36 (KHTML, like Gecko; compatible; GPTBot/1.4; +https://openai.com/gptbot)" mail.doxabusinesshub.com 10.43.68.43
74.7.242.8 - - [10/Jul/2026:06:24:04 -0600] "GET /forgot-password/pl?dir=%2Fhome1%2Fkdybvgmy%2Fpublic_html%2Fstorage%2Fframework%2Fsessions&edit=1&file=Wp2OHorYtCJsFxyEs8ZtJEWCAru7aSsP2iCjaNTI HTTP/2.0" 200 1450988 "https://mail.doxabusinesshub.com/forgot-password/pl?dir=%2Fhome1%2Fkdybvgmy%2Fpublic_html%2Fstorage%2Fframework%2Fsessions&edit=1&file=sglb6mQdHYaVgOq1LsIMepyUmaFbteRMZPssADfX" "Mozilla/5.0 AppleWebKit/537.36 (KHTML, like Gecko; compatible; GPTBot/1.4; +https://openai.com/gptbot)" mail.doxabusinesshub.com 10.43.68.43
74.7.227.151 - - [10/Jul/2026:06:24:04 -0600] "GET /?dir=%2Fopt%2Fcpanel%2Fea-php81%2Froot%2Fetc%2Fphp.d&edit=1&file=20-intl.ini HTTP/1.1" 200 16286 "https://mail.kdy.bvg.mybluehost.me/?dir=%2Fopt%2Fcpanel%2Fea-php81%2Froot%2Fetc%2Fphp.d" "Mozilla/5.0 AppleWebKit/537.36 (KHTML, like Gecko; compatible; GPTBot/1.4; +https://openai.com/gptbot)" mail.kdy.bvg.mybluehost.me 10.43.68.43
74.7.227.151 - - [10/Jul/2026:06:24:04 -0600] "GET /?dir=%2Fopt%2Fcpanel%2Fea-php81%2Froot%2Fetc%2Fphp.d&edit=1&file=20-intl.ini HTTP/2.0" 200 16286 "https://mail.kdy.bvg.mybluehost.me/?dir=%2Fopt%2Fcpanel%2Fea-php81%2Froot%2Fetc%2Fphp.d" "Mozilla/5.0 AppleWebKit/537.36 (KHTML, like Gecko; compatible; GPTBot/1.4; +https://openai.com/gptbot)" mail.kdy.bvg.mybluehost.me 10.43.68.43
216.73.216.142 - - [10/Jul/2026:06:24:05 -0600] "GET /pages/about_us?dir=%2Fhome1%2Fkdybvgmy%2Fpublic_html%2Fstorage%2Fframework%2Fsessions&edit=1&file=1Z0RezP9LFEZoQ1vI4N0b5Xt9nJAp01J5Skd7qsY HTTP/2.0" 200 4873 "-" "Mozilla/5.0 AppleWebKit/537.36 (KHTML, like Gecko; compatible; ClaudeBot/1.0; +claudebot@anthropic.com)" doxabusinesshub.com 10.43.68.43
74.7.227.151 - - [10/Jul/2026:06:24:05 -0600] "GET /?dir=%2Fopt%2Fcpanel%2Fea-php81%2Froot%2Fetc%2Fphp.d&edit=1&file=20-pdo.ini HTTP/1.1" 200 16282 "https://mail.kdy.bvg.mybluehost.me/?dir=%2Fopt%2Fcpanel%2Fea-php81%2Froot%2Fetc%2Fphp.d" "Mozilla/5.0 AppleWebKit/537.36 (KHTML, like Gecko; compatible; GPTBot/1.4; +https://openai.com/gptbot)" mail.kdy.bvg.mybluehost.me 10.43.68.43
74.7.227.151 - - [10/Jul/2026:06:24:05 -0600] "GET /?dir=%2Fopt%2Fcpanel%2Fea-php81%2Froot%2Fetc%2Fphp.d&edit=1&file=20-pdo.ini HTTP/2.0" 200 16282 "https://mail.kdy.bvg.mybluehost.me/?dir=%2Fopt%2Fcpanel%2Fea-php81%2Froot%2Fetc%2Fphp.d" "Mozilla/5.0 AppleWebKit/537.36 (KHTML, like Gecko; compatible; GPTBot/1.4; +https://openai.com/gptbot)" mail.kdy.bvg.mybluehost.me 10.43.68.43
74.7.242.8 - - [10/Jul/2026:06:24:04 -0600] "GET /forgot-password/he?dir=%2Fhome1%2Fkdybvgmy%2Fpublic_html%2Fstorage%2Fframework%2Fsessions&edit=1&file=1daz8gZZ7JOJuMKCeArKNZfBdL5VulEWObodIVdE HTTP/1.1" 200 1451261 "https://mail.doxabusinesshub.com/forgot-password/he?dir=%2Fhome1%2Fkdybvgmy%2Fpublic_html%2Fstorage%2Fframework%2Fsessions&edit=1&file=lWVxlSKNdn9XJYzed0VpZPUYjnVsBQhRqITEXgdY" "Mozilla/5.0 AppleWebKit/537.36 (KHTML, like Gecko; compatible; GPTBot/1.4; +https://openai.com/gptbot)" mail.doxabusinesshub.com 10.43.68.43
74.7.242.8 - - [10/Jul/2026:06:24:04 -0600] "GET /forgot-password/he?dir=%2Fhome1%2Fkdybvgmy%2Fpublic_html%2Fstorage%2Fframework%2Fsessions&edit=1&file=1daz8gZZ7JOJuMKCeArKNZfBdL5VulEWObodIVdE HTTP/2.0" 200 1451261 "https://mail.doxabusinesshub.com/forgot-password/he?dir=%2Fhome1%2Fkdybvgmy%2Fpublic_html%2Fstorage%2Fframework%2Fsessions&edit=1&file=lWVxlSKNdn9XJYzed0VpZPUYjnVsBQhRqITEXgdY" "Mozilla/5.0 AppleWebKit/537.36 (KHTML, like Gecko; compatible; GPTBot/1.4; +https://openai.com/gptbot)" mail.doxabusinesshub.com 10.43.68.43
74.7.227.151 - - [10/Jul/2026:06:24:05 -0600] "GET /?dir=%2Fopt%2Fcpanel%2Fea-php80%2Froot%2Fetc%2Fphp.d&edit=1&file=20-intl.ini HTTP/1.1" 200 16281 "https://mail.kdy.bvg.mybluehost.me/?dir=%2Fopt%2Fcpanel%2Fea-php80%2Froot%2Fetc%2Fphp.d" "Mozilla/5.0 AppleWebKit/537.36 (KHTML, like Gecko; compatible; GPTBot/1.4; +https://openai.com/gptbot)" mail.kdy.bvg.mybluehost.me 10.43.68.43
74.7.227.151 - - [10/Jul/2026:06:24:05 -0600] "GET /?dir=%2Fopt%2Fcpanel%2Fea-php80%2Froot%2Fetc%2Fphp.d&edit=1&file=20-intl.ini HTTP/2.0" 200 16281 "https://mail.kdy.bvg.mybluehost.me/?dir=%2Fopt%2Fcpanel%2Fea-php80%2Froot%2Fetc%2Fphp.d" "Mozilla/5.0 AppleWebKit/537.36 (KHTML, like Gecko; compatible; GPTBot/1.4; +https://openai.com/gptbot)" mail.kdy.bvg.mybluehost.me 10.43.68.43
216.73.216.142 - - [10/Jul/2026:06:24:05 -0600] "GET /pages/about_us?dir=%2Fhome1%2Fkdybvgmy%2Fpublic_html%2Fstorage%2Fframework%2Fsessions&edit=1&file=88XUZTFe2sl3vWKYv4VMTkka29k0cZzbOrpDYd0G HTTP/2.0" 200 1449405 "-" "Mozilla/5.0 AppleWebKit/537.36 (KHTML, like Gecko; compatible; ClaudeBot/1.0; +claudebot@anthropic.com)" doxabusinesshub.com 10.43.68.43
74.7.242.8 - - [10/Jul/2026:06:24:05 -0600] "GET /forgot-password/pt?dir=%2Fhome1%2Fkdybvgmy%2Fpublic_html%2Fstorage%2Fframework%2Fsessions&edit=1&file=ri4nUnxrxBWrc1PLddubWu0qMvfnspYzyVfWY7hB HTTP/1.1" 200 1451243 "https://mail.doxabusinesshub.com/forgot-password/pt?dir=%2Fhome1%2Fkdybvgmy%2Fpublic_html%2Fstorage%2Fframework%2Fsessions&edit=1&file=ahUpbeDA4WMNHn7ziMH3fMzpvqJsPJ9igVamxnzg" "Mozilla/5.0 AppleWebKit/537.36 (KHTML, like Gecko; compatible; GPTBot/1.4; +https://openai.com/gptbot)" mail.doxabusinesshub.com 10.43.68.43
74.7.242.8 - - [10/Jul/2026:06:24:05 -0600] "GET /forgot-password/pt?dir=%2Fhome1%2Fkdybvgmy%2Fpublic_html%2Fstorage%2Fframework%2Fsessions&edit=1&file=ri4nUnxrxBWrc1PLddubWu0qMvfnspYzyVfWY7hB HTTP/2.0" 200 1451243 "https://mail.doxabusinesshub.com/forgot-password/pt?dir=%2Fhome1%2Fkdybvgmy%2Fpublic_html%2Fstorage%2Fframework%2Fsessions&edit=1&file=ahUpbeDA4WMNHn7ziMH3fMzpvqJsPJ9igVamxnzg" "Mozilla/5.0 AppleWebKit/537.36 (KHTML, like Gecko; compatible; GPTBot/1.4; +https://openai.com/gptbot)" mail.doxabusinesshub.com 10.43.68.43
74.7.227.151 - - [10/Jul/2026:06:24:06 -0600] "GET /?dir=%2Fopt%2Fcpanel%2Fea-php80%2Froot%2Fetc%2Fphp.d&edit=1&file=20-ftp.ini HTTP/1.1" 200 16283 "https://mail.kdy.bvg.mybluehost.me/?dir=%2Fopt%2Fcpanel%2Fea-php80%2Froot%2Fetc%2Fphp.d" "Mozilla/5.0 AppleWebKit/537.36 (KHTML, like Gecko; compatible; GPTBot/1.4; +https://openai.com/gptbot)" mail.kdy.bvg.mybluehost.me 10.43.68.43
74.7.227.151 - - [10/Jul/2026:06:24:06 -0600] "GET /?dir=%2Fopt%2Fcpanel%2Fea-php80%2Froot%2Fetc%2Fphp.d&edit=1&file=20-ftp.ini HTTP/2.0" 200 16283 "https://mail.kdy.bvg.mybluehost.me/?dir=%2Fopt%2Fcpanel%2Fea-php80%2Froot%2Fetc%2Fphp.d" "Mozilla/5.0 AppleWebKit/537.36 (KHTML, like Gecko; compatible; GPTBot/1.4; +https://openai.com/gptbot)" mail.kdy.bvg.mybluehost.me 10.43.68.43
74.7.242.8 - - [10/Jul/2026:06:24:06 -0600] "GET /forgot-password/it?dir=%2Fhome1%2Fkdybvgmy%2Fpublic_html%2Fstorage%2Fframework%2Fsessions&edit=1&file=YFpI9wodvKknAZlNbHNeTsKpF8eSVLRc8nGsexVI HTTP/1.1" 200 1451383 "https://mail.doxabusinesshub.com/forgot-password/it?dir=%2Fhome1%2Fkdybvgmy%2Fpublic_html%2Fstorage%2Fframework%2Fsessions&edit=1&file=gbCZV2FCHqtl9NHVW4UP830YLW8q746b6vVJX3Vm" "Mozilla/5.0 AppleWebKit/537.36 (KHTML, like Gecko; compatible; GPTBot/1.4; +https://openai.com/gptbot)" mail.doxabusinesshub.com 10.43.68.43
74.7.242.8 - - [10/Jul/2026:06:24:06 -0600] "GET /forgot-password/it?dir=%2Fhome1%2Fkdybvgmy%2Fpublic_html%2Fstorage%2Fframework%2Fsessions&edit=1&file=YFpI9wodvKknAZlNbHNeTsKpF8eSVLRc8nGsexVI HTTP/2.0" 200 1451383 "https://mail.doxabusinesshub.com/forgot-password/it?dir=%2Fhome1%2Fkdybvgmy%2Fpublic_html%2Fstorage%2Fframework%2Fsessions&edit=1&file=gbCZV2FCHqtl9NHVW4UP830YLW8q746b6vVJX3Vm" "Mozilla/5.0 AppleWebKit/537.36 (KHTML, like Gecko; compatible; GPTBot/1.4; +https://openai.com/gptbot)" mail.doxabusinesshub.com 10.43.68.43
74.7.227.151 - - [10/Jul/2026:06:24:06 -0600] "GET /?dir=%2Fopt%2Fcpanel%2Fea-php80%2Froot%2Fetc%2Fphp.d&edit=1&file=20-pdo.ini HTTP/1.1" 200 16284 "https://mail.kdy.bvg.mybluehost.me/?dir=%2Fopt%2Fcpanel%2Fea-php80%2Froot%2Fetc%2Fphp.d" "Mozilla/5.0 AppleWebKit/537.36 (KHTML, like Gecko; compatible; GPTBot/1.4; +https://openai.com/gptbot)" mail.kdy.bvg.mybluehost.me 10.43.68.43
74.7.227.151 - - [10/Jul/2026:06:24:06 -0600] "GET /?dir=%2Fopt%2Fcpanel%2Fea-php80%2Froot%2Fetc%2Fphp.d&edit=1&file=20-pdo.ini HTTP/2.0" 200 16284 "https://mail.kdy.bvg.mybluehost.me/?dir=%2Fopt%2Fcpanel%2Fea-php80%2Froot%2Fetc%2Fphp.d" "Mozilla/5.0 AppleWebKit/537.36 (KHTML, like Gecko; compatible; GPTBot/1.4; +https://openai.com/gptbot)" mail.kdy.bvg.mybluehost.me 10.43.68.43
74.7.227.151 - - [10/Jul/2026:06:24:07 -0600] "GET /?dir=%2Fopt%2Fcpanel%2Fea-php80%2Froot%2Fetc%2Fphp.d&edit=1&file=20-posix.ini HTTP/1.1" 200 16286 "https://mail.kdy.bvg.mybluehost.me/?dir=%2Fopt%2Fcpanel%2Fea-php80%2Froot%2Fetc%2Fphp.d" "Mozilla/5.0 AppleWebKit/537.36 (KHTML, like Gecko; compatible; GPTBot/1.4; +https://openai.com/gptbot)" mail.kdy.bvg.mybluehost.me 10.43.68.43
74.7.227.151 - - [10/Jul/2026:06:24:07 -0600] "GET /?dir=%2Fopt%2Fcpanel%2Fea-php80%2Froot%2Fetc%2Fphp.d&edit=1&file=20-posix.ini HTTP/2.0" 200 16286 "https://mail.kdy.bvg.mybluehost.me/?dir=%2Fopt%2Fcpanel%2Fea-php80%2Froot%2Fetc%2Fphp.d" "Mozilla/5.0 AppleWebKit/537.36 (KHTML, like Gecko; compatible; GPTBot/1.4; +https://openai.com/gptbot)" mail.kdy.bvg.mybluehost.me 10.43.68.43
74.7.227.13 - - [10/Jul/2026:06:24:07 -0600] "GET /?dir=%2Fhome1%2Fkdybvgmy%2Fpublic_html%2Fstorage%2Fframework%2Fviews HTTP/1.1" 200 21188 "https://www.kdy.bvg.mybluehost.me/?dir=%2Fhome1%2Fkdybvgmy%2Fpublic_html%2Fstorage%2Fframework" "Mozilla/5.0 AppleWebKit/537.36 (KHTML, like Gecko; compatible; GPTBot/1.4; +https://openai.com/gptbot)" www.kdy.bvg.mybluehost.me 10.43.68.43
74.7.227.13 - - [10/Jul/2026:06:24:07 -0600] "GET /?dir=%2Fhome1%2Fkdybvgmy%2Fpublic_html%2Fstorage%2Fframework%2Fviews HTTP/2.0" 200 21188 "https://www.kdy.bvg.mybluehost.me/?dir=%2Fhome1%2Fkdybvgmy%2Fpublic_html%2Fstorage%2Fframework" "Mozilla/5.0 AppleWebKit/537.36 (KHTML, like Gecko; compatible; GPTBot/1.4; +https://openai.com/gptbot)" www.kdy.bvg.mybluehost.me 10.43.68.43
216.73.216.142 - - [10/Jul/2026:06:24:07 -0600] "GET /register/da?dir=%2Fhome1%2Fkdybvgmy%2Fpublic_html%2Fstorage%2Fframework%2Fsessions&edit=1&file=3bQ6OnhFXjNMHGWrzaTn4ZJP28uvjLSGMQDtNegr HTTP/2.0" 200 6820 "-" "Mozilla/5.0 AppleWebKit/537.36 (KHTML, like Gecko; compatible; ClaudeBot/1.0; +claudebot@anthropic.com)" doxabusinesshub.com 10.43.68.43
74.7.242.8 - - [10/Jul/2026:06:24:07 -0600] "GET /forgot-password/he?dir=%2Fhome1%2Fkdybvgmy%2Fpublic_html%2Fstorage%2Fframework%2Fsessions&edit=1&file=GZNMMZgVsJN2jSfhQBLAnC0lszRzrGvVqwjni2GQ HTTP/1.1" 200 1451661 "https://mail.doxabusinesshub.com/forgot-password/he?dir=%2Fhome1%2Fkdybvgmy%2Fpublic_html%2Fstorage%2Fframework%2Fsessions&edit=1&file=iZlvOIuHsIWyYJcBZrmyjFHeArGKWWQxDZ6oRHrA" "Mozilla/5.0 AppleWebKit/537.36 (KHTML, like Gecko; compatible; GPTBot/1.4; +https://openai.com/gptbot)" mail.doxabusinesshub.com 10.43.68.43
74.7.242.8 - - [10/Jul/2026:06:24:07 -0600] "GET /forgot-password/he?dir=%2Fhome1%2Fkdybvgmy%2Fpublic_html%2Fstorage%2Fframework%2Fsessions&edit=1&file=GZNMMZgVsJN2jSfhQBLAnC0lszRzrGvVqwjni2GQ HTTP/2.0" 200 1451661 "https://mail.doxabusinesshub.com/forgot-password/he?dir=%2Fhome1%2Fkdybvgmy%2Fpublic_html%2Fstorage%2Fframework%2Fsessions&edit=1&file=iZlvOIuHsIWyYJcBZrmyjFHeArGKWWQxDZ6oRHrA" "Mozilla/5.0 AppleWebKit/537.36 (KHTML, like Gecko; compatible; GPTBot/1.4; +https://openai.com/gptbot)" mail.doxabusinesshub.com 10.43.68.43
74.7.227.151 - - [10/Jul/2026:06:24:07 -0600] "GET /?dir=%2Fopt%2Fcpanel%2Fea-php80%2Froot%2Fetc%2Fphp.d&edit=1&file=20-tidy.ini HTTP/1.1" 200 16284 "https://mail.kdy.bvg.mybluehost.me/?dir=%2Fopt%2Fcpanel%2Fea-php80%2Froot%2Fetc%2Fphp.d" "Mozilla/5.0 AppleWebKit/537.36 (KHTML, like Gecko; compatible; GPTBot/1.4; +https://openai.com/gptbot)" mail.kdy.bvg.mybluehost.me 10.43.68.43
74.7.227.151 - - [10/Jul/2026:06:24:07 -0600] "GET /?dir=%2Fopt%2Fcpanel%2Fea-php80%2Froot%2Fetc%2Fphp.d&edit=1&file=20-tidy.ini HTTP/2.0" 200 16284 "https://mail.kdy.bvg.mybluehost.me/?dir=%2Fopt%2Fcpanel%2Fea-php80%2Froot%2Fetc%2Fphp.d" "Mozilla/5.0 AppleWebKit/537.36 (KHTML, like Gecko; compatible; GPTBot/1.4; +https://openai.com/gptbot)" mail.kdy.bvg.mybluehost.me 10.43.68.43
74.7.227.151 - - [10/Jul/2026:06:24:08 -0600] "GET /?dir=%2Fopt%2Fcpanel%2Fea-php81%2Froot%2Fetc%2Fphp.d&edit=1&file=20-tidy.ini HTTP/1.1" 200 16281 "https://mail.kdy.bvg.mybluehost.me/?dir=%2Fopt%2Fcpanel%2Fea-php81%2Froot%2Fetc%2Fphp.d" "Mozilla/5.0 AppleWebKit/537.36 (KHTML, like Gecko; compatible; GPTBot/1.4; +https://openai.com/gptbot)" mail.kdy.bvg.mybluehost.me 10.43.68.43
74.7.227.151 - - [10/Jul/2026:06:24:08 -0600] "GET /?dir=%2Fopt%2Fcpanel%2Fea-php81%2Froot%2Fetc%2Fphp.d&edit=1&file=20-tidy.ini HTTP/2.0" 200 16281 "https://mail.kdy.bvg.mybluehost.me/?dir=%2Fopt%2Fcpanel%2Fea-php81%2Froot%2Fetc%2Fphp.d" "Mozilla/5.0 AppleWebKit/537.36 (KHTML, like Gecko; compatible; GPTBot/1.4; +https://openai.com/gptbot)" mail.kdy.bvg.mybluehost.me 10.43.68.43
74.7.242.8 - - [10/Jul/2026:06:24:08 -0600] "GET /forgot-password/pl?dir=%2Fhome1%2Fkdybvgmy%2Fpublic_html%2Fstorage%2Fframework%2Fsessions&edit=1&file=BvEZvvTNHSrnjIGhwb8XymMuMVEUWMNXHt0I1Z9a HTTP/1.1" 200 1451715 "https://mail.doxabusinesshub.com/forgot-password/pl?dir=%2Fhome1%2Fkdybvgmy%2Fpublic_html%2Fstorage%2Fframework%2Fsessions&edit=1&file=9cSgtHgJ1DPT77lQTjixxxl19eCudc71ssQ6SKqu" "Mozilla/5.0 AppleWebKit/537.36 (KHTML, like Gecko; compatible; GPTBot/1.4; +https://openai.com/gptbot)" mail.doxabusinesshub.com 10.43.68.43
74.7.242.8 - - [10/Jul/2026:06:24:07 -0600] "GET /forgot-password/pl?dir=%2Fhome1%2Fkdybvgmy%2Fpublic_html%2Fstorage%2Fframework%2Fsessions&edit=1&file=BvEZvvTNHSrnjIGhwb8XymMuMVEUWMNXHt0I1Z9a HTTP/2.0" 200 1451715 "https://mail.doxabusinesshub.com/forgot-password/pl?dir=%2Fhome1%2Fkdybvgmy%2Fpublic_html%2Fstorage%2Fframework%2Fsessions&edit=1&file=9cSgtHgJ1DPT77lQTjixxxl19eCudc71ssQ6SKqu" "Mozilla/5.0 AppleWebKit/537.36 (KHTML, like Gecko; compatible; GPTBot/1.4; +https://openai.com/gptbot)" mail.doxabusinesshub.com 10.43.68.43
216.73.216.142 - - [10/Jul/2026:06:24:08 -0600] "GET /pages/about_us?dir=%2Fhome1%2Fkdybvgmy%2Fpublic_html%2Fstorage%2Fframework%2Fsessions&edit=1&file=8j0bJpCcu7sQVROsqL8II9Yk0EcH6uVKbfWg6mjO HTTP/2.0" 200 1449920 "-" "Mozilla/5.0 AppleWebKit/537.36 (KHTML, like Gecko; compatible; ClaudeBot/1.0; +claudebot@anthropic.com)" doxabusinesshub.com 10.43.68.43
74.7.242.8 - - [10/Jul/2026:06:24:08 -0600] "GET /forgot-password/pt?dir=%2Fhome1%2Fkdybvgmy%2Fpublic_html%2Fstorage%2Fframework%2Fsessions&edit=1&file=mO5GNbcydmDskqfr2WTGadPbIaxuOVJbYt7H3Eoe HTTP/1.1" 200 1451885 "https://mail.doxabusinesshub.com/forgot-password/pt?dir=%2Fhome1%2Fkdybvgmy%2Fpublic_html%2Fstorage%2Fframework%2Fsessions&edit=1&file=iRxHjQ9coV89XXC01RH2Ej14qi7SOH2Wq1lRXKfV" "Mozilla/5.0 AppleWebKit/537.36 (KHTML, like Gecko; compatible; GPTBot/1.4; +https://openai.com/gptbot)" mail.doxabusinesshub.com 10.43.68.43
74.7.242.8 - - [10/Jul/2026:06:24:08 -0600] "GET /forgot-password/pt?dir=%2Fhome1%2Fkdybvgmy%2Fpublic_html%2Fstorage%2Fframework%2Fsessions&edit=1&file=mO5GNbcydmDskqfr2WTGadPbIaxuOVJbYt7H3Eoe HTTP/2.0" 200 1451885 "https://mail.doxabusinesshub.com/forgot-password/pt?dir=%2Fhome1%2Fkdybvgmy%2Fpublic_html%2Fstorage%2Fframework%2Fsessions&edit=1&file=iRxHjQ9coV89XXC01RH2Ej14qi7SOH2Wq1lRXKfV" "Mozilla/5.0 AppleWebKit/537.36 (KHTML, like Gecko; compatible; GPTBot/1.4; +https://openai.com/gptbot)" mail.doxabusinesshub.com 10.43.68.43
74.7.227.151 - - [10/Jul/2026:06:24:09 -0600] "GET /?dir=%2Fopt%2Fcpanel%2Fea-php81%2Froot%2Fetc%2Fphp.d&edit=1&file=20-xsl.ini HTTP/1.1" 200 16283 "https://mail.kdy.bvg.mybluehost.me/?dir=%2Fopt%2Fcpanel%2Fea-php81%2Froot%2Fetc%2Fphp.d" "Mozilla/5.0 AppleWebKit/537.36 (KHTML, like Gecko; compatible; GPTBot/1.4; +https://openai.com/gptbot)" mail.kdy.bvg.mybluehost.me 10.43.68.43
74.7.227.151 - - [10/Jul/2026:06:24:09 -0600] "GET /?dir=%2Fopt%2Fcpanel%2Fea-php81%2Froot%2Fetc%2Fphp.d&edit=1&file=20-xsl.ini HTTP/2.0" 200 16283 "https://mail.kdy.bvg.mybluehost.me/?dir=%2Fopt%2Fcpanel%2Fea-php81%2Froot%2Fetc%2Fphp.d" "Mozilla/5.0 AppleWebKit/537.36 (KHTML, like Gecko; compatible; GPTBot/1.4; +https://openai.com/gptbot)" mail.kdy.bvg.mybluehost.me 10.43.68.43
74.7.227.151 - - [10/Jul/2026:06:24:09 -0600] "GET /?dir=%2Fopt%2Fcpanel%2Fea-php83%2Froot%2Fetc%2Fphp.d&edit=1&file=20-gmp.ini HTTP/1.1" 200 16282 "https://mail.kdy.bvg.mybluehost.me/?dir=%2Fopt%2Fcpanel%2Fea-php83%2Froot%2Fetc%2Fphp.d" "Mozilla/5.0 AppleWebKit/537.36 (KHTML, like Gecko; compatible; GPTBot/1.4; +https://openai.com/gptbot)" mail.kdy.bvg.mybluehost.me 10.43.68.43
74.7.227.151 - - [10/Jul/2026:06:24:09 -0600] "GET /?dir=%2Fopt%2Fcpanel%2Fea-php83%2Froot%2Fetc%2Fphp.d&edit=1&file=20-gmp.ini HTTP/2.0" 200 16282 "https://mail.kdy.bvg.mybluehost.me/?dir=%2Fopt%2Fcpanel%2Fea-php83%2Froot%2Fetc%2Fphp.d" "Mozilla/5.0 AppleWebKit/537.36 (KHTML, like Gecko; compatible; GPTBot/1.4; +https://openai.com/gptbot)" mail.kdy.bvg.mybluehost.me 10.43.68.43
74.7.242.8 - - [10/Jul/2026:06:24:09 -0600] "GET /forgot-password/pl?dir=%2Fhome1%2Fkdybvgmy%2Fpublic_html%2Fstorage%2Fframework%2Fsessions&edit=1&file=pvEhNGJBTYJSsme2Ub4wOuyMe7eXSErynGt9WEcB HTTP/1.1" 200 1451992 "https://mail.doxabusinesshub.com/forgot-password/pl?dir=%2Fhome1%2Fkdybvgmy%2Fpublic_html%2Fstorage%2Fframework%2Fsessions&edit=1&file=O39aN4qL32goeNBF1165UQMPJIs7TXELOrJZad21" "Mozilla/5.0 AppleWebKit/537.36 (KHTML, like Gecko; compatible; GPTBot/1.4; +https://openai.com/gptbot)" mail.doxabusinesshub.com 10.43.68.43
74.7.242.8 - - [10/Jul/2026:06:24:09 -0600] "GET /forgot-password/pl?dir=%2Fhome1%2Fkdybvgmy%2Fpublic_html%2Fstorage%2Fframework%2Fsessions&edit=1&file=pvEhNGJBTYJSsme2Ub4wOuyMe7eXSErynGt9WEcB HTTP/2.0" 200 1451992 "https://mail.doxabusinesshub.com/forgot-password/pl?dir=%2Fhome1%2Fkdybvgmy%2Fpublic_html%2Fstorage%2Fframework%2Fsessions&edit=1&file=O39aN4qL32goeNBF1165UQMPJIs7TXELOrJZad21" "Mozilla/5.0 AppleWebKit/537.36 (KHTML, like Gecko; compatible; GPTBot/1.4; +https://openai.com/gptbot)" mail.doxabusinesshub.com 10.43.68.43
74.7.227.151 - - [10/Jul/2026:06:24:10 -0600] "GET /?dir=%2Fopt%2Fcpanel%2Fea-php81%2Froot%2Fetc%2Fphp.d&edit=1&file=20-exif.ini HTTP/1.1" 200 16285 "https://mail.kdy.bvg.mybluehost.me/?dir=%2Fopt%2Fcpanel%2Fea-php81%2Froot%2Fetc%2Fphp.d" "Mozilla/5.0 AppleWebKit/537.36 (KHTML, like Gecko; compatible; GPTBot/1.4; +https://openai.com/gptbot)" mail.kdy.bvg.mybluehost.me 10.43.68.43
74.7.227.151 - - [10/Jul/2026:06:24:10 -0600] "GET /?dir=%2Fopt%2Fcpanel%2Fea-php81%2Froot%2Fetc%2Fphp.d&edit=1&file=20-exif.ini HTTP/2.0" 200 16285 "https://mail.kdy.bvg.mybluehost.me/?dir=%2Fopt%2Fcpanel%2Fea-php81%2Froot%2Fetc%2Fphp.d" "Mozilla/5.0 AppleWebKit/537.36 (KHTML, like Gecko; compatible; GPTBot/1.4; +https://openai.com/gptbot)" mail.kdy.bvg.mybluehost.me 10.43.68.43
74.7.242.8 - - [10/Jul/2026:06:24:10 -0600] "GET /forgot-password/it?dir=%2Fhome1%2Fkdybvgmy%2Fpublic_html%2Fstorage%2Fframework%2Fsessions&edit=1&file=EFvEm0hfcJD7fdibsDhuZ5ZPjpXGegHuDpkDOXmF HTTP/1.1" 200 1452092 "https://mail.doxabusinesshub.com/forgot-password/it?dir=%2Fhome1%2Fkdybvgmy%2Fpublic_html%2Fstorage%2Fframework%2Fsessions&edit=1&file=gbCZV2FCHqtl9NHVW4UP830YLW8q746b6vVJX3Vm" "Mozilla/5.0 AppleWebKit/537.36 (KHTML, like Gecko; compatible; GPTBot/1.4; +https://openai.com/gptbot)" mail.doxabusinesshub.com 10.43.68.43
74.7.242.8 - - [10/Jul/2026:06:24:10 -0600] "GET /forgot-password/it?dir=%2Fhome1%2Fkdybvgmy%2Fpublic_html%2Fstorage%2Fframework%2Fsessions&edit=1&file=EFvEm0hfcJD7fdibsDhuZ5ZPjpXGegHuDpkDOXmF HTTP/2.0" 200 1452092 "https://mail.doxabusinesshub.com/forgot-password/it?dir=%2Fhome1%2Fkdybvgmy%2Fpublic_html%2Fstorage%2Fframework%2Fsessions&edit=1&file=gbCZV2FCHqtl9NHVW4UP830YLW8q746b6vVJX3Vm" "Mozilla/5.0 AppleWebKit/537.36 (KHTML, like Gecko; compatible; GPTBot/1.4; +https://openai.com/gptbot)" mail.doxabusinesshub.com 10.43.68.43
74.7.227.151 - - [10/Jul/2026:06:24:10 -0600] "GET /?dir=%2Fopt%2Fcpanel%2Fea-php83%2Froot%2Fetc%2Fphp.d&edit=1&file=20-tidy.ini HTTP/1.1" 200 16284 "https://mail.kdy.bvg.mybluehost.me/?dir=%2Fopt%2Fcpanel%2Fea-php83%2Froot%2Fetc%2Fphp.d" "Mozilla/5.0 AppleWebKit/537.36 (KHTML, like Gecko; compatible; GPTBot/1.4; +https://openai.com/gptbot)" mail.kdy.bvg.mybluehost.me 10.43.68.43
74.7.227.151 - - [10/Jul/2026:06:24:10 -0600] "GET /?dir=%2Fopt%2Fcpanel%2Fea-php83%2Froot%2Fetc%2Fphp.d&edit=1&file=20-tidy.ini HTTP/2.0" 200 16284 "https://mail.kdy.bvg.mybluehost.me/?dir=%2Fopt%2Fcpanel%2Fea-php83%2Froot%2Fetc%2Fphp.d" "Mozilla/5.0 AppleWebKit/537.36 (KHTML, like Gecko; compatible; GPTBot/1.4; +https://openai.com/gptbot)" mail.kdy.bvg.mybluehost.me 10.43.68.43
74.7.227.151 - - [10/Jul/2026:06:24:11 -0600] "GET /?dir=%2Fopt%2Fcpanel%2Fea-php83%2Froot%2Fetc%2Fphp.d&edit=1&file=20-dom.ini HTTP/1.1" 200 16282 "https://mail.kdy.bvg.mybluehost.me/?dir=%2Fopt%2Fcpanel%2Fea-php83%2Froot%2Fetc%2Fphp.d" "Mozilla/5.0 AppleWebKit/537.36 (KHTML, like Gecko; compatible; GPTBot/1.4; +https://openai.com/gptbot)" mail.kdy.bvg.mybluehost.me 10.43.68.43
74.7.227.151 - - [10/Jul/2026:06:24:11 -0600] "GET /?dir=%2Fopt%2Fcpanel%2Fea-php83%2Froot%2Fetc%2Fphp.d&edit=1&file=20-dom.ini HTTP/2.0" 200 16282 "https://mail.kdy.bvg.mybluehost.me/?dir=%2Fopt%2Fcpanel%2Fea-php83%2Froot%2Fetc%2Fphp.d" "Mozilla/5.0 AppleWebKit/537.36 (KHTML, like Gecko; compatible; GPTBot/1.4; +https://openai.com/gptbot)" mail.kdy.bvg.mybluehost.me 10.43.68.43
74.7.242.8 - - [10/Jul/2026:06:24:10 -0600] "GET /forgot-password/it?dir=%2Fhome1%2Fkdybvgmy%2Fpublic_html%2Fstorage%2Fframework%2Fsessions&edit=1&file=3UjkJkG48VIfHBBkMnasSgFMChXwkeplAslGtKnu HTTP/1.1" 200 1452179 "https://mail.doxabusinesshub.com/forgot-password/it?dir=%2Fhome1%2Fkdybvgmy%2Fpublic_html%2Fstorage%2Fframework%2Fsessions&edit=1&file=QQFbDTf8gcZ1WYRVLhOPpLTBUWnhXCjecCNJPorj" "Mozilla/5.0 AppleWebKit/537.36 (KHTML, like Gecko; compatible; GPTBot/1.4; +https://openai.com/gptbot)" mail.doxabusinesshub.com 10.43.68.43
74.7.242.8 - - [10/Jul/2026:06:24:10 -0600] "GET /forgot-password/it?dir=%2Fhome1%2Fkdybvgmy%2Fpublic_html%2Fstorage%2Fframework%2Fsessions&edit=1&file=3UjkJkG48VIfHBBkMnasSgFMChXwkeplAslGtKnu HTTP/2.0" 200 1452179 "https://mail.doxabusinesshub.com/forgot-password/it?dir=%2Fhome1%2Fkdybvgmy%2Fpublic_html%2Fstorage%2Fframework%2Fsessions&edit=1&file=QQFbDTf8gcZ1WYRVLhOPpLTBUWnhXCjecCNJPorj" "Mozilla/5.0 AppleWebKit/537.36 (KHTML, like Gecko; compatible; GPTBot/1.4; +https://openai.com/gptbot)" mail.doxabusinesshub.com 10.43.68.43
74.7.227.151 - - [10/Jul/2026:06:24:11 -0600] "GET /?dir=%2Fopt%2Fcpanel%2Fea-php80%2Froot%2Fetc%2Fphp.d&edit=1&file=40-apcu.ini HTTP/1.1" 200 16292 "https://mail.kdy.bvg.mybluehost.me/?dir=%2Fopt%2Fcpanel%2Fea-php80%2Froot%2Fetc%2Fphp.d" "Mozilla/5.0 AppleWebKit/537.36 (KHTML, like Gecko; compatible; GPTBot/1.4; +https://openai.com/gptbot)" mail.kdy.bvg.mybluehost.me 10.43.68.43
74.7.227.151 - - [10/Jul/2026:06:24:11 -0600] "GET /?dir=%2Fopt%2Fcpanel%2Fea-php80%2Froot%2Fetc%2Fphp.d&edit=1&file=40-apcu.ini HTTP/2.0" 200 16292 "https://mail.kdy.bvg.mybluehost.me/?dir=%2Fopt%2Fcpanel%2Fea-php80%2Froot%2Fetc%2Fphp.d" "Mozilla/5.0 AppleWebKit/537.36 (KHTML, like Gecko; compatible; GPTBot/1.4; +https://openai.com/gptbot)" mail.kdy.bvg.mybluehost.me 10.43.68.43
74.7.242.8 - - [10/Jul/2026:06:24:11 -0600] "GET /forgot-password/he?dir=%2Fhome1%2Fkdybvgmy%2Fpublic_html%2Fstorage%2Fframework%2Fsessions&edit=1&file=OrdODeg3NzC4MU7iajnjXeegC4OqGVkbFneJlbAm HTTP/1.1" 200 1452403 "https://mail.doxabusinesshub.com/forgot-password/he?dir=%2Fhome1%2Fkdybvgmy%2Fpublic_html%2Fstorage%2Fframework%2Fsessions&edit=1&file=iHxjXavsOkK2IRzQkNvdDpryYHzTUj7kvvASQHf3" "Mozilla/5.0 AppleWebKit/537.36 (KHTML, like Gecko; compatible; GPTBot/1.4; +https://openai.com/gptbot)" mail.doxabusinesshub.com 10.43.68.43
74.7.227.151 - - [10/Jul/2026:06:24:12 -0600] "GET /?dir=%2Fopt%2Fcpanel%2Fea-php83%2Froot%2Fetc%2Fphp.d&edit=1&file=20-odbc.ini HTTP/1.1" 200 16281 "https://mail.kdy.bvg.mybluehost.me/?dir=%2Fopt%2Fcpanel%2Fea-php83%2Froot%2Fetc%2Fphp.d" "Mozilla/5.0 AppleWebKit/537.36 (KHTML, like Gecko; compatible; GPTBot/1.4; +https://openai.com/gptbot)" mail.kdy.bvg.mybluehost.me 10.43.68.43
74.7.242.8 - - [10/Jul/2026:06:24:11 -0600] "GET /forgot-password/he?dir=%2Fhome1%2Fkdybvgmy%2Fpublic_html%2Fstorage%2Fframework%2Fsessions&edit=1&file=OrdODeg3NzC4MU7iajnjXeegC4OqGVkbFneJlbAm HTTP/2.0" 200 1452403 "https://mail.doxabusinesshub.com/forgot-password/he?dir=%2Fhome1%2Fkdybvgmy%2Fpublic_html%2Fstorage%2Fframework%2Fsessions&edit=1&file=iHxjXavsOkK2IRzQkNvdDpryYHzTUj7kvvASQHf3" "Mozilla/5.0 AppleWebKit/537.36 (KHTML, like Gecko; compatible; GPTBot/1.4; +https://openai.com/gptbot)" mail.doxabusinesshub.com 10.43.68.43
74.7.227.151 - - [10/Jul/2026:06:24:12 -0600] "GET /?dir=%2Fopt%2Fcpanel%2Fea-php83%2Froot%2Fetc%2Fphp.d&edit=1&file=20-odbc.ini HTTP/2.0" 200 16281 "https://mail.kdy.bvg.mybluehost.me/?dir=%2Fopt%2Fcpanel%2Fea-php83%2Froot%2Fetc%2Fphp.d" "Mozilla/5.0 AppleWebKit/537.36 (KHTML, like Gecko; compatible; GPTBot/1.4; +https://openai.com/gptbot)" mail.kdy.bvg.mybluehost.me 10.43.68.43
74.7.227.151 - - [10/Jul/2026:06:24:12 -0600] "GET /?dir=%2Fopt%2Fcpanel%2Fea-php80%2Froot%2Fetc%2Fphp.d&edit=1&file=20-xsl.ini HTTP/1.1" 200 16288 "https://mail.kdy.bvg.mybluehost.me/?dir=%2Fopt%2Fcpanel%2Fea-php80%2Froot%2Fetc%2Fphp.d" "Mozilla/5.0 AppleWebKit/537.36 (KHTML, like Gecko; compatible; GPTBot/1.4; +https://openai.com/gptbot)" mail.kdy.bvg.mybluehost.me 10.43.68.43
74.7.227.151 - - [10/Jul/2026:06:24:12 -0600] "GET /?dir=%2Fopt%2Fcpanel%2Fea-php80%2Froot%2Fetc%2Fphp.d&edit=1&file=20-xsl.ini HTTP/2.0" 200 16288 "https://mail.kdy.bvg.mybluehost.me/?dir=%2Fopt%2Fcpanel%2Fea-php80%2Froot%2Fetc%2Fphp.d" "Mozilla/5.0 AppleWebKit/537.36 (KHTML, like Gecko; compatible; GPTBot/1.4; +https://openai.com/gptbot)" mail.kdy.bvg.mybluehost.me 10.43.68.43
216.73.216.142 - - [10/Jul/2026:06:24:12 -0600] "GET /register/en?dir=%2Fhome1%2Fkdybvgmy%2Fpublic_html%2Fstorage%2Fframework%2Fsessions&edit=1&file=1ymLqHMrkPpicPqoZzmjx07GnhSR68WBF2z4nkTr HTTP/2.0" 200 1452723 "-" "Mozilla/5.0 AppleWebKit/537.36 (KHTML, like Gecko; compatible; ClaudeBot/1.0; +claudebot@anthropic.com)" doxabusinesshub.com 10.43.68.43
74.7.242.8 - - [10/Jul/2026:06:24:12 -0600] "GET /forgot-password/it?dir=%2Fhome1%2Fkdybvgmy%2Fpublic_html%2Fstorage%2Fframework%2Fsessions&edit=1&file=MpawfhMODWW5I6NXfhWCjFETafv4VgbZfk1HNgAz HTTP/1.1" 200 1452394 "https://mail.doxabusinesshub.com/forgot-password/it?dir=%2Fhome1%2Fkdybvgmy%2Fpublic_html%2Fstorage%2Fframework%2Fsessions&edit=1&file=cU0kkx6orMpdNZMnvuGJIPKeIEUMviEIDb3Hce4t" "Mozilla/5.0 AppleWebKit/537.36 (KHTML, like Gecko; compatible; GPTBot/1.4; +https://openai.com/gptbot)" mail.doxabusinesshub.com 10.43.68.43
