74.7.242.8 - - [10/Jul/2026:06:24:12 -0600] "GET /forgot-password/it?dir=%2Fhome1%2Fkdybvgmy%2Fpublic_html%2Fstorage%2Fframework%2Fsessions&edit=1&file=MpawfhMODWW5I6NXfhWCjFETafv4VgbZfk1HNgAz HTTP/2.0" 200 1452394 "https://mail.doxabusinesshub.com/forgot-password/it?dir=%2Fhome1%2Fkdybvgmy%2Fpublic_html%2Fstorage%2Fframework%2Fsessions&edit=1&file=cU0kkx6orMpdNZMnvuGJIPKeIEUMviEIDb3Hce4t" "Mozilla/5.0 AppleWebKit/537.36 (KHTML, like Gecko; compatible; GPTBot/1.4; +https://openai.com/gptbot)" mail.doxabusinesshub.com 10.43.68.43
74.7.227.151 - - [10/Jul/2026:06:24:13 -0600] "GET /?dir=%2Fopt%2Fcpanel%2Fea-php81%2Froot%2Fetc%2Fphp.d&edit=1&file=20-soap.ini HTTP/1.1" 200 16284 "https://mail.kdy.bvg.mybluehost.me/?dir=%2Fopt%2Fcpanel%2Fea-php81%2Froot%2Fetc%2Fphp.d" "Mozilla/5.0 AppleWebKit/537.36 (KHTML, like Gecko; compatible; GPTBot/1.4; +https://openai.com/gptbot)" mail.kdy.bvg.mybluehost.me 10.43.68.43
74.7.227.151 - - [10/Jul/2026:06:24:13 -0600] "GET /?dir=%2Fopt%2Fcpanel%2Fea-php81%2Froot%2Fetc%2Fphp.d&edit=1&file=20-soap.ini HTTP/2.0" 200 16284 "https://mail.kdy.bvg.mybluehost.me/?dir=%2Fopt%2Fcpanel%2Fea-php81%2Froot%2Fetc%2Fphp.d" "Mozilla/5.0 AppleWebKit/537.36 (KHTML, like Gecko; compatible; GPTBot/1.4; +https://openai.com/gptbot)" mail.kdy.bvg.mybluehost.me 10.43.68.43
216.73.216.142 - - [10/Jul/2026:06:24:12 -0600] "GET /register/pt?dir=%2Fhome1%2Fkdybvgmy%2Fpublic_html%2Fstorage%2Fframework%2Fsessions&edit=1&file=2cujJRAXWq1yEgCdOtSKiPLYv10NEXu8O0mpHQUa HTTP/2.0" 200 1452837 "-" "Mozilla/5.0 AppleWebKit/537.36 (KHTML, like Gecko; compatible; ClaudeBot/1.0; +claudebot@anthropic.com)" doxabusinesshub.com 10.43.68.43
74.7.242.8 - - [10/Jul/2026:06:24:13 -0600] "GET /forgot-password/pl?dir=%2Fhome1%2Fkdybvgmy%2Fpublic_html%2Fstorage%2Fframework%2Fsessions&edit=1&file=jIPBdtC1WHGfLt7kZg8aLFzFBY6kKImiynxoHWwK HTTP/1.1" 200 1452525 "https://mail.doxabusinesshub.com/forgot-password/pl?dir=%2Fhome1%2Fkdybvgmy%2Fpublic_html%2Fstorage%2Fframework%2Fsessions&edit=1&file=hnlEFUKnG4BMIyuhVWjOchUsPZRkhErT6USqRYUd" "Mozilla/5.0 AppleWebKit/537.36 (KHTML, like Gecko; compatible; GPTBot/1.4; +https://openai.com/gptbot)" mail.doxabusinesshub.com 10.43.68.43
74.7.242.8 - - [10/Jul/2026:06:24:13 -0600] "GET /forgot-password/pl?dir=%2Fhome1%2Fkdybvgmy%2Fpublic_html%2Fstorage%2Fframework%2Fsessions&edit=1&file=jIPBdtC1WHGfLt7kZg8aLFzFBY6kKImiynxoHWwK HTTP/2.0" 200 1452525 "https://mail.doxabusinesshub.com/forgot-password/pl?dir=%2Fhome1%2Fkdybvgmy%2Fpublic_html%2Fstorage%2Fframework%2Fsessions&edit=1&file=hnlEFUKnG4BMIyuhVWjOchUsPZRkhErT6USqRYUd" "Mozilla/5.0 AppleWebKit/537.36 (KHTML, like Gecko; compatible; GPTBot/1.4; +https://openai.com/gptbot)" mail.doxabusinesshub.com 10.43.68.43
74.7.227.151 - - [10/Jul/2026:06:24:13 -0600] "GET /?dir=%2Fopt%2Fcpanel%2Fea-php81%2Froot%2Fetc%2Fphp.d&edit=1&file=20-bcmath.ini HTTP/1.1" 200 16289 "https://mail.kdy.bvg.mybluehost.me/?dir=%2Fopt%2Fcpanel%2Fea-php81%2Froot%2Fetc%2Fphp.d" "Mozilla/5.0 AppleWebKit/537.36 (KHTML, like Gecko; compatible; GPTBot/1.4; +https://openai.com/gptbot)" mail.kdy.bvg.mybluehost.me 10.43.68.43
74.7.227.151 - - [10/Jul/2026:06:24:13 -0600] "GET /?dir=%2Fopt%2Fcpanel%2Fea-php81%2Froot%2Fetc%2Fphp.d&edit=1&file=20-bcmath.ini HTTP/2.0" 200 16289 "https://mail.kdy.bvg.mybluehost.me/?dir=%2Fopt%2Fcpanel%2Fea-php81%2Froot%2Fetc%2Fphp.d" "Mozilla/5.0 AppleWebKit/537.36 (KHTML, like Gecko; compatible; GPTBot/1.4; +https://openai.com/gptbot)" mail.kdy.bvg.mybluehost.me 10.43.68.43
74.7.227.151 - - [10/Jul/2026:06:24:14 -0600] "GET /?dir=%2Fopt%2Fcpanel%2Fea-php80%2Froot%2Fetc%2Fphp.d&edit=1&file=20-curl.ini HTTP/1.1" 200 16284 "https://mail.kdy.bvg.mybluehost.me/?dir=%2Fopt%2Fcpanel%2Fea-php80%2Froot%2Fetc%2Fphp.d" "Mozilla/5.0 AppleWebKit/537.36 (KHTML, like Gecko; compatible; GPTBot/1.4; +https://openai.com/gptbot)" mail.kdy.bvg.mybluehost.me 10.43.68.43
74.7.227.151 - - [10/Jul/2026:06:24:14 -0600] "GET /?dir=%2Fopt%2Fcpanel%2Fea-php80%2Froot%2Fetc%2Fphp.d&edit=1&file=20-curl.ini HTTP/2.0" 200 16284 "https://mail.kdy.bvg.mybluehost.me/?dir=%2Fopt%2Fcpanel%2Fea-php80%2Froot%2Fetc%2Fphp.d" "Mozilla/5.0 AppleWebKit/537.36 (KHTML, like Gecko; compatible; GPTBot/1.4; +https://openai.com/gptbot)" mail.kdy.bvg.mybluehost.me 10.43.68.43
74.7.242.8 - - [10/Jul/2026:06:24:14 -0600] "GET /forgot-password/pt?dir=%2Fhome1%2Fkdybvgmy%2Fpublic_html%2Fstorage%2Fframework%2Fsessions&edit=1&file=kLfMGXVeaZGuhktu7QCOsNDGttdgXO0O5tPdQnTw HTTP/1.1" 200 1452664 "https://mail.doxabusinesshub.com/forgot-password/pt?dir=%2Fhome1%2Fkdybvgmy%2Fpublic_html%2Fstorage%2Fframework%2Fsessions&edit=1&file=ItZLjvRON1frKhfMmZCvkt4CzhDSWhDGSnxeN94Y" "Mozilla/5.0 AppleWebKit/537.36 (KHTML, like Gecko; compatible; GPTBot/1.4; +https://openai.com/gptbot)" mail.doxabusinesshub.com 10.43.68.43
74.7.242.8 - - [10/Jul/2026:06:24:13 -0600] "GET /forgot-password/pt?dir=%2Fhome1%2Fkdybvgmy%2Fpublic_html%2Fstorage%2Fframework%2Fsessions&edit=1&file=kLfMGXVeaZGuhktu7QCOsNDGttdgXO0O5tPdQnTw HTTP/2.0" 200 1452664 "https://mail.doxabusinesshub.com/forgot-password/pt?dir=%2Fhome1%2Fkdybvgmy%2Fpublic_html%2Fstorage%2Fframework%2Fsessions&edit=1&file=ItZLjvRON1frKhfMmZCvkt4CzhDSWhDGSnxeN94Y" "Mozilla/5.0 AppleWebKit/537.36 (KHTML, like Gecko; compatible; GPTBot/1.4; +https://openai.com/gptbot)" mail.doxabusinesshub.com 10.43.68.43
74.7.227.151 - - [10/Jul/2026:06:24:14 -0600] "GET /?dir=%2Fopt%2Fcpanel%2Fea-php83%2Froot%2Fetc%2Fphp.d&edit=1&file=20-soap.ini HTTP/1.1" 200 16281 "https://mail.kdy.bvg.mybluehost.me/?dir=%2Fopt%2Fcpanel%2Fea-php83%2Froot%2Fetc%2Fphp.d" "Mozilla/5.0 AppleWebKit/537.36 (KHTML, like Gecko; compatible; GPTBot/1.4; +https://openai.com/gptbot)" mail.kdy.bvg.mybluehost.me 10.43.68.43
74.7.227.151 - - [10/Jul/2026:06:24:14 -0600] "GET /?dir=%2Fopt%2Fcpanel%2Fea-php83%2Froot%2Fetc%2Fphp.d&edit=1&file=20-soap.ini HTTP/2.0" 200 16281 "https://mail.kdy.bvg.mybluehost.me/?dir=%2Fopt%2Fcpanel%2Fea-php83%2Froot%2Fetc%2Fphp.d" "Mozilla/5.0 AppleWebKit/537.36 (KHTML, like Gecko; compatible; GPTBot/1.4; +https://openai.com/gptbot)" mail.kdy.bvg.mybluehost.me 10.43.68.43
74.7.242.8 - - [10/Jul/2026:06:24:14 -0600] "GET /forgot-password/pl?dir=%2Fhome1%2Fkdybvgmy%2Fpublic_html%2Fstorage%2Fframework%2Fsessions&edit=1&file=mxgvlqjW4QG6p5hGXRDlefBuOYDKwPGKSk1tCNvK HTTP/1.1" 200 1452764 "https://mail.doxabusinesshub.com/forgot-password/pl?dir=%2Fhome1%2Fkdybvgmy%2Fpublic_html%2Fstorage%2Fframework%2Fsessions&edit=1&file=er2UGQsbEJanAKZ7YDYfSIKh9MJHHBIalNSSnXFx" "Mozilla/5.0 AppleWebKit/537.36 (KHTML, like Gecko; compatible; GPTBot/1.4; +https://openai.com/gptbot)" mail.doxabusinesshub.com 10.43.68.43
74.7.242.8 - - [10/Jul/2026:06:24:14 -0600] "GET /forgot-password/pl?dir=%2Fhome1%2Fkdybvgmy%2Fpublic_html%2Fstorage%2Fframework%2Fsessions&edit=1&file=mxgvlqjW4QG6p5hGXRDlefBuOYDKwPGKSk1tCNvK HTTP/2.0" 200 1452764 "https://mail.doxabusinesshub.com/forgot-password/pl?dir=%2Fhome1%2Fkdybvgmy%2Fpublic_html%2Fstorage%2Fframework%2Fsessions&edit=1&file=er2UGQsbEJanAKZ7YDYfSIKh9MJHHBIalNSSnXFx" "Mozilla/5.0 AppleWebKit/537.36 (KHTML, like Gecko; compatible; GPTBot/1.4; +https://openai.com/gptbot)" mail.doxabusinesshub.com 10.43.68.43
74.7.227.151 - - [10/Jul/2026:06:24:15 -0600] "GET /?dir=%2Fopt%2Fcpanel%2Fea-php81%2Froot%2Fetc%2Fphp.d&edit=1&file=20-zip.ini HTTP/1.1" 200 16283 "https://mail.kdy.bvg.mybluehost.me/?dir=%2Fopt%2Fcpanel%2Fea-php81%2Froot%2Fetc%2Fphp.d" "Mozilla/5.0 AppleWebKit/537.36 (KHTML, like Gecko; compatible; GPTBot/1.4; +https://openai.com/gptbot)" mail.kdy.bvg.mybluehost.me 10.43.68.43
74.7.227.151 - - [10/Jul/2026:06:24:15 -0600] "GET /?dir=%2Fopt%2Fcpanel%2Fea-php81%2Froot%2Fetc%2Fphp.d&edit=1&file=20-zip.ini HTTP/2.0" 200 16283 "https://mail.kdy.bvg.mybluehost.me/?dir=%2Fopt%2Fcpanel%2Fea-php81%2Froot%2Fetc%2Fphp.d" "Mozilla/5.0 AppleWebKit/537.36 (KHTML, like Gecko; compatible; GPTBot/1.4; +https://openai.com/gptbot)" mail.kdy.bvg.mybluehost.me 10.43.68.43
216.73.216.142 - - [10/Jul/2026:06:24:15 -0600] "GET /register/pt?dir=%2Fhome1%2Fkdybvgmy%2Fpublic_html%2Fstorage%2Fframework%2Fsessions&edit=1&file=H0nBv8wTjVKjOcHJMbgHqeck3nGyBTfiSRXxWdwu HTTP/2.0" 200 1453135 "-" "Mozilla/5.0 AppleWebKit/537.36 (KHTML, like Gecko; compatible; ClaudeBot/1.0; +claudebot@anthropic.com)" doxabusinesshub.com 10.43.68.43
74.7.242.8 - - [10/Jul/2026:06:24:15 -0600] "GET /forgot-password/he?dir=%2Fhome1%2Fkdybvgmy%2Fpublic_html%2Fstorage%2Fframework%2Fsessions&edit=1&file=4MRqnylwNcuY9PBIKxZpvBizkE0zML4YoikMgZRc HTTP/1.1" 200 1453004 "https://mail.doxabusinesshub.com/forgot-password/he?dir=%2Fhome1%2Fkdybvgmy%2Fpublic_html%2Fstorage%2Fframework%2Fsessions&edit=1&file=hWyA1l1GOrawrfEv2Z58uq19VXBARzu1654jGJp0" "Mozilla/5.0 AppleWebKit/537.36 (KHTML, like Gecko; compatible; GPTBot/1.4; +https://openai.com/gptbot)" mail.doxabusinesshub.com 10.43.68.43
74.7.242.8 - - [10/Jul/2026:06:24:15 -0600] "GET /forgot-password/he?dir=%2Fhome1%2Fkdybvgmy%2Fpublic_html%2Fstorage%2Fframework%2Fsessions&edit=1&file=4MRqnylwNcuY9PBIKxZpvBizkE0zML4YoikMgZRc HTTP/2.0" 200 1453004 "https://mail.doxabusinesshub.com/forgot-password/he?dir=%2Fhome1%2Fkdybvgmy%2Fpublic_html%2Fstorage%2Fframework%2Fsessions&edit=1&file=hWyA1l1GOrawrfEv2Z58uq19VXBARzu1654jGJp0" "Mozilla/5.0 AppleWebKit/537.36 (KHTML, like Gecko; compatible; GPTBot/1.4; +https://openai.com/gptbot)" mail.doxabusinesshub.com 10.43.68.43
74.7.227.151 - - [10/Jul/2026:06:24:15 -0600] "GET /?dir=%2Fopt%2Fcpanel%2Fea-php80%2Froot%2Fetc%2Fphp.d&edit=1&file=20-bcmath.ini HTTP/1.1" 200 16291 "https://mail.kdy.bvg.mybluehost.me/?dir=%2Fopt%2Fcpanel%2Fea-php80%2Froot%2Fetc%2Fphp.d" "Mozilla/5.0 AppleWebKit/537.36 (KHTML, like Gecko; compatible; GPTBot/1.4; +https://openai.com/gptbot)" mail.kdy.bvg.mybluehost.me 10.43.68.43
74.7.227.151 - - [10/Jul/2026:06:24:15 -0600] "GET /?dir=%2Fopt%2Fcpanel%2Fea-php80%2Froot%2Fetc%2Fphp.d&edit=1&file=20-bcmath.ini HTTP/2.0" 200 16291 "https://mail.kdy.bvg.mybluehost.me/?dir=%2Fopt%2Fcpanel%2Fea-php80%2Froot%2Fetc%2Fphp.d" "Mozilla/5.0 AppleWebKit/537.36 (KHTML, like Gecko; compatible; GPTBot/1.4; +https://openai.com/gptbot)" mail.kdy.bvg.mybluehost.me 10.43.68.43
216.73.216.142 - - [10/Jul/2026:06:24:15 -0600] "GET /register/it?dir=%2Fhome1%2Fkdybvgmy%2Fpublic_html%2Fstorage%2Fframework%2Fsessions&edit=1&file=0Y0eUuJb7SANJX2JI2bBRgdqxwJW36PQ8bPU8R80 HTTP/2.0" 200 1453278 "-" "Mozilla/5.0 AppleWebKit/537.36 (KHTML, like Gecko; compatible; ClaudeBot/1.0; +claudebot@anthropic.com)" doxabusinesshub.com 10.43.68.43
74.7.227.151 - - [10/Jul/2026:06:24:16 -0600] "GET /?dir=%2Fopt%2Fcpanel%2Fea-php81%2Froot%2Fetc%2Fphp.d&edit=1&file=20-odbc.ini HTTP/1.1" 200 16284 "https://mail.kdy.bvg.mybluehost.me/?dir=%2Fopt%2Fcpanel%2Fea-php81%2Froot%2Fetc%2Fphp.d" "Mozilla/5.0 AppleWebKit/537.36 (KHTML, like Gecko; compatible; GPTBot/1.4; +https://openai.com/gptbot)" mail.kdy.bvg.mybluehost.me 10.43.68.43
74.7.227.151 - - [10/Jul/2026:06:24:16 -0600] "GET /?dir=%2Fopt%2Fcpanel%2Fea-php81%2Froot%2Fetc%2Fphp.d&edit=1&file=20-odbc.ini HTTP/2.0" 200 16284 "https://mail.kdy.bvg.mybluehost.me/?dir=%2Fopt%2Fcpanel%2Fea-php81%2Froot%2Fetc%2Fphp.d" "Mozilla/5.0 AppleWebKit/537.36 (KHTML, like Gecko; compatible; GPTBot/1.4; +https://openai.com/gptbot)" mail.kdy.bvg.mybluehost.me 10.43.68.43
74.7.242.8 - - [10/Jul/2026:06:24:16 -0600] "GET /forgot-password/he?dir=%2Fhome1%2Fkdybvgmy%2Fpublic_html%2Fstorage%2Fframework%2Fsessions&edit=1&file=RnQC6cEQvVOiObi0PNHaSLuby6glFdBLsaliMhJF HTTP/1.1" 200 1453122 "https://mail.doxabusinesshub.com/forgot-password/he?dir=%2Fhome1%2Fkdybvgmy%2Fpublic_html%2Fstorage%2Fframework%2Fsessions&edit=1&file=xbriyROPojFe3gjiabnBdUXUxWxjYXRpTCwmg9QP" "Mozilla/5.0 AppleWebKit/537.36 (KHTML, like Gecko; compatible; GPTBot/1.4; +https://openai.com/gptbot)" mail.doxabusinesshub.com 10.43.68.43
74.7.242.8 - - [10/Jul/2026:06:24:16 -0600] "GET /forgot-password/he?dir=%2Fhome1%2Fkdybvgmy%2Fpublic_html%2Fstorage%2Fframework%2Fsessions&edit=1&file=RnQC6cEQvVOiObi0PNHaSLuby6glFdBLsaliMhJF HTTP/2.0" 200 1453122 "https://mail.doxabusinesshub.com/forgot-password/he?dir=%2Fhome1%2Fkdybvgmy%2Fpublic_html%2Fstorage%2Fframework%2Fsessions&edit=1&file=xbriyROPojFe3gjiabnBdUXUxWxjYXRpTCwmg9QP" "Mozilla/5.0 AppleWebKit/537.36 (KHTML, like Gecko; compatible; GPTBot/1.4; +https://openai.com/gptbot)" mail.doxabusinesshub.com 10.43.68.43
74.7.227.151 - - [10/Jul/2026:06:24:17 -0600] "GET /?dir=%2Fopt%2Fcpanel%2Fea-php80%2Froot%2Fetc%2Fphp.d&edit=1&file=40-redis.ini HTTP/1.1" 200 16351 "https://mail.kdy.bvg.mybluehost.me/?dir=%2Fopt%2Fcpanel%2Fea-php80%2Froot%2Fetc%2Fphp.d" "Mozilla/5.0 AppleWebKit/537.36 (KHTML, like Gecko; compatible; GPTBot/1.4; +https://openai.com/gptbot)" mail.kdy.bvg.mybluehost.me 10.43.68.43
74.7.227.151 - - [10/Jul/2026:06:24:17 -0600] "GET /?dir=%2Fopt%2Fcpanel%2Fea-php80%2Froot%2Fetc%2Fphp.d&edit=1&file=40-redis.ini HTTP/2.0" 200 16351 "https://mail.kdy.bvg.mybluehost.me/?dir=%2Fopt%2Fcpanel%2Fea-php80%2Froot%2Fetc%2Fphp.d" "Mozilla/5.0 AppleWebKit/537.36 (KHTML, like Gecko; compatible; GPTBot/1.4; +https://openai.com/gptbot)" mail.kdy.bvg.mybluehost.me 10.43.68.43
74.7.242.8 - - [10/Jul/2026:06:24:17 -0600] "GET /forgot-password/it?dir=%2Fhome1%2Fkdybvgmy%2Fpublic_html%2Fstorage%2Fframework%2Fsessions&edit=1&file=hXZdCIrVGwCgoLeCIbweJfXiMwT8JI6fwJELMWp8 HTTP/1.1" 200 1453097 "https://mail.doxabusinesshub.com/forgot-password/it?dir=%2Fhome1%2Fkdybvgmy%2Fpublic_html%2Fstorage%2Fframework%2Fsessions&edit=1&file=cU0kkx6orMpdNZMnvuGJIPKeIEUMviEIDb3Hce4t" "Mozilla/5.0 AppleWebKit/537.36 (KHTML, like Gecko; compatible; GPTBot/1.4; +https://openai.com/gptbot)" mail.doxabusinesshub.com 10.43.68.43
74.7.242.8 - - [10/Jul/2026:06:24:16 -0600] "GET /forgot-password/it?dir=%2Fhome1%2Fkdybvgmy%2Fpublic_html%2Fstorage%2Fframework%2Fsessions&edit=1&file=hXZdCIrVGwCgoLeCIbweJfXiMwT8JI6fwJELMWp8 HTTP/2.0" 200 1453097 "https://mail.doxabusinesshub.com/forgot-password/it?dir=%2Fhome1%2Fkdybvgmy%2Fpublic_html%2Fstorage%2Fframework%2Fsessions&edit=1&file=cU0kkx6orMpdNZMnvuGJIPKeIEUMviEIDb3Hce4t" "Mozilla/5.0 AppleWebKit/537.36 (KHTML, like Gecko; compatible; GPTBot/1.4; +https://openai.com/gptbot)" mail.doxabusinesshub.com 10.43.68.43
74.7.227.151 - - [10/Jul/2026:06:24:17 -0600] "GET /?dir=%2Fopt%2Fcpanel%2Fea-php83%2Froot%2Fetc%2Fphp.d&edit=1&file=20-ctype.ini HTTP/1.1" 200 16283 "https://mail.kdy.bvg.mybluehost.me/?dir=%2Fopt%2Fcpanel%2Fea-php83%2Froot%2Fetc%2Fphp.d" "Mozilla/5.0 AppleWebKit/537.36 (KHTML, like Gecko; compatible; GPTBot/1.4; +https://openai.com/gptbot)" mail.kdy.bvg.mybluehost.me 10.43.68.43
74.7.227.151 - - [10/Jul/2026:06:24:17 -0600] "GET /?dir=%2Fopt%2Fcpanel%2Fea-php83%2Froot%2Fetc%2Fphp.d&edit=1&file=20-ctype.ini HTTP/2.0" 200 16283 "https://mail.kdy.bvg.mybluehost.me/?dir=%2Fopt%2Fcpanel%2Fea-php83%2Froot%2Fetc%2Fphp.d" "Mozilla/5.0 AppleWebKit/537.36 (KHTML, like Gecko; compatible; GPTBot/1.4; +https://openai.com/gptbot)" mail.kdy.bvg.mybluehost.me 10.43.68.43
216.73.216.142 - - [10/Jul/2026:06:24:18 -0600] "GET /login/tr?dir=%2Fhome1%2Fkdybvgmy%2Fpublic_html%2Fstorage%2Fframework%2Fsessions&edit=1&file=3v49glzT7i5wYtJZz9VqkaC2CZBKc86BKWDj2xfs HTTP/2.0" 200 6682 "-" "Mozilla/5.0 AppleWebKit/537.36 (KHTML, like Gecko; compatible; ClaudeBot/1.0; +claudebot@anthropic.com)" doxabusinesshub.com 10.43.68.43
74.7.227.151 - - [10/Jul/2026:06:24:18 -0600] "GET /?dir=%2Fopt%2Fcpanel%2Fea-php83%2Froot%2Fetc%2Fphp.d&edit=1&file=20-curl.ini HTTP/1.1" 200 16285 "https://mail.kdy.bvg.mybluehost.me/?dir=%2Fopt%2Fcpanel%2Fea-php83%2Froot%2Fetc%2Fphp.d" "Mozilla/5.0 AppleWebKit/537.36 (KHTML, like Gecko; compatible; GPTBot/1.4; +https://openai.com/gptbot)" mail.kdy.bvg.mybluehost.me 10.43.68.43
74.7.227.151 - - [10/Jul/2026:06:24:18 -0600] "GET /?dir=%2Fopt%2Fcpanel%2Fea-php83%2Froot%2Fetc%2Fphp.d&edit=1&file=20-curl.ini HTTP/2.0" 200 16285 "https://mail.kdy.bvg.mybluehost.me/?dir=%2Fopt%2Fcpanel%2Fea-php83%2Froot%2Fetc%2Fphp.d" "Mozilla/5.0 AppleWebKit/537.36 (KHTML, like Gecko; compatible; GPTBot/1.4; +https://openai.com/gptbot)" mail.kdy.bvg.mybluehost.me 10.43.68.43
74.7.242.8 - - [10/Jul/2026:06:24:17 -0600] "GET /forgot-password/pt?dir=%2Fhome1%2Fkdybvgmy%2Fpublic_html%2Fstorage%2Fframework%2Fsessions&edit=1&file=K1dNYxrRgjZuWLSLCCOWt88WOGWC0mtFmTQienVb HTTP/1.1" 200 1453216 "https://mail.doxabusinesshub.com/forgot-password/pt?dir=%2Fhome1%2Fkdybvgmy%2Fpublic_html%2Fstorage%2Fframework%2Fsessions&edit=1&file=Su8YaYHYn9TOQ2ICR4rVb1QZe30R7sQr9P0DA6Ry" "Mozilla/5.0 AppleWebKit/537.36 (KHTML, like Gecko; compatible; GPTBot/1.4; +https://openai.com/gptbot)" mail.doxabusinesshub.com 10.43.68.43
74.7.242.8 - - [10/Jul/2026:06:24:17 -0600] "GET /forgot-password/pt?dir=%2Fhome1%2Fkdybvgmy%2Fpublic_html%2Fstorage%2Fframework%2Fsessions&edit=1&file=K1dNYxrRgjZuWLSLCCOWt88WOGWC0mtFmTQienVb HTTP/2.0" 200 1453216 "https://mail.doxabusinesshub.com/forgot-password/pt?dir=%2Fhome1%2Fkdybvgmy%2Fpublic_html%2Fstorage%2Fframework%2Fsessions&edit=1&file=Su8YaYHYn9TOQ2ICR4rVb1QZe30R7sQr9P0DA6Ry" "Mozilla/5.0 AppleWebKit/537.36 (KHTML, like Gecko; compatible; GPTBot/1.4; +https://openai.com/gptbot)" mail.doxabusinesshub.com 10.43.68.43
216.73.216.142 - - [10/Jul/2026:06:24:18 -0600] "GET /register/da?dir=%2Fhome1%2Fkdybvgmy%2Fpublic_html%2Fstorage%2Fframework%2Fsessions&edit=1&file=1lvHXRyr2xwALAZv1h0XE1SvWzRYg9R9JEoNsAoS HTTP/2.0" 200 6824 "-" "Mozilla/5.0 AppleWebKit/537.36 (KHTML, like Gecko; compatible; ClaudeBot/1.0; +claudebot@anthropic.com)" doxabusinesshub.com 10.43.68.43
74.7.227.151 - - [10/Jul/2026:06:24:18 -0600] "GET /?dir=%2Fopt%2Fcpanel%2Fea-php83%2Froot%2Fetc%2Fphp.d&edit=1&file=20-ftp.ini HTTP/1.1" 200 16287 "https://mail.kdy.bvg.mybluehost.me/?dir=%2Fopt%2Fcpanel%2Fea-php83%2Froot%2Fetc%2Fphp.d" "Mozilla/5.0 AppleWebKit/537.36 (KHTML, like Gecko; compatible; GPTBot/1.4; +https://openai.com/gptbot)" mail.kdy.bvg.mybluehost.me 10.43.68.43
74.7.227.151 - - [10/Jul/2026:06:24:18 -0600] "GET /?dir=%2Fopt%2Fcpanel%2Fea-php83%2Froot%2Fetc%2Fphp.d&edit=1&file=20-ftp.ini HTTP/2.0" 200 16287 "https://mail.kdy.bvg.mybluehost.me/?dir=%2Fopt%2Fcpanel%2Fea-php83%2Froot%2Fetc%2Fphp.d" "Mozilla/5.0 AppleWebKit/537.36 (KHTML, like Gecko; compatible; GPTBot/1.4; +https://openai.com/gptbot)" mail.kdy.bvg.mybluehost.me 10.43.68.43
74.7.242.8 - - [10/Jul/2026:06:24:18 -0600] "GET /forgot-password/pl?dir=%2Fhome1%2Fkdybvgmy%2Fpublic_html%2Fstorage%2Fframework%2Fsessions&edit=1&file=D6CxY2CI8bicFxqmlZxKHdQ0tbdgqPSWpoRhRAFw HTTP/1.1" 200 1453343 "https://mail.doxabusinesshub.com/forgot-password/pl?dir=%2Fhome1%2Fkdybvgmy%2Fpublic_html%2Fstorage%2Fframework%2Fsessions&edit=1&file=zTBpkXTlCxBlEAnnJdUW04NnpZv2FL3udtxLcuEY" "Mozilla/5.0 AppleWebKit/537.36 (KHTML, like Gecko; compatible; GPTBot/1.4; +https://openai.com/gptbot)" mail.doxabusinesshub.com 10.43.68.43
74.7.242.8 - - [10/Jul/2026:06:24:18 -0600] "GET /forgot-password/pl?dir=%2Fhome1%2Fkdybvgmy%2Fpublic_html%2Fstorage%2Fframework%2Fsessions&edit=1&file=D6CxY2CI8bicFxqmlZxKHdQ0tbdgqPSWpoRhRAFw HTTP/2.0" 200 1453343 "https://mail.doxabusinesshub.com/forgot-password/pl?dir=%2Fhome1%2Fkdybvgmy%2Fpublic_html%2Fstorage%2Fframework%2Fsessions&edit=1&file=zTBpkXTlCxBlEAnnJdUW04NnpZv2FL3udtxLcuEY" "Mozilla/5.0 AppleWebKit/537.36 (KHTML, like Gecko; compatible; GPTBot/1.4; +https://openai.com/gptbot)" mail.doxabusinesshub.com 10.43.68.43
74.7.227.151 - - [10/Jul/2026:06:24:19 -0600] "GET /?dir=%2Fopt%2Fcpanel%2Fea-php81%2Froot%2Fetc%2Fphp.d&edit=1&file=20-gmp.ini HTTP/1.1" 200 16284 "https://mail.kdy.bvg.mybluehost.me/?dir=%2Fopt%2Fcpanel%2Fea-php81%2Froot%2Fetc%2Fphp.d" "Mozilla/5.0 AppleWebKit/537.36 (KHTML, like Gecko; compatible; GPTBot/1.4; +https://openai.com/gptbot)" mail.kdy.bvg.mybluehost.me 10.43.68.43
74.7.227.151 - - [10/Jul/2026:06:24:19 -0600] "GET /?dir=%2Fopt%2Fcpanel%2Fea-php81%2Froot%2Fetc%2Fphp.d&edit=1&file=20-gmp.ini HTTP/2.0" 200 16284 "https://mail.kdy.bvg.mybluehost.me/?dir=%2Fopt%2Fcpanel%2Fea-php81%2Froot%2Fetc%2Fphp.d" "Mozilla/5.0 AppleWebKit/537.36 (KHTML, like Gecko; compatible; GPTBot/1.4; +https://openai.com/gptbot)" mail.kdy.bvg.mybluehost.me 10.43.68.43
216.73.216.142 - - [10/Jul/2026:06:24:19 -0600] "GET /login/he?dir=%2Fhome1%2Fkdybvgmy%2Fpublic_html%2Fstorage%2Fframework%2Fsessions&edit=1&file=5uD7Zncqv67ZOzHnTsRCTLFHAuKoNnPm1otHhMdG HTTP/2.0" 200 1453811 "-" "Mozilla/5.0 AppleWebKit/537.36 (KHTML, like Gecko; compatible; ClaudeBot/1.0; +claudebot@anthropic.com)" doxabusinesshub.com 10.43.68.43
74.7.242.8 - - [10/Jul/2026:06:24:19 -0600] "GET /forgot-password/it?dir=%2Fhome1%2Fkdybvgmy%2Fpublic_html%2Fstorage%2Fframework%2Fsessions&edit=1&file=yjAUCFqor1owzBgcayatuHacpv7neJRLX8lyzNWY HTTP/1.1" 200 1453467 "https://mail.doxabusinesshub.com/forgot-password/it?dir=%2Fhome1%2Fkdybvgmy%2Fpublic_html%2Fstorage%2Fframework%2Fsessions&edit=1&file=3O1SyMgXvmZ36l9S3LcNTtm2fuUW8Qf4M8zg2YeC" "Mozilla/5.0 AppleWebKit/537.36 (KHTML, like Gecko; compatible; GPTBot/1.4; +https://openai.com/gptbot)" mail.doxabusinesshub.com 10.43.68.43
74.7.242.8 - - [10/Jul/2026:06:24:19 -0600] "GET /forgot-password/it?dir=%2Fhome1%2Fkdybvgmy%2Fpublic_html%2Fstorage%2Fframework%2Fsessions&edit=1&file=yjAUCFqor1owzBgcayatuHacpv7neJRLX8lyzNWY HTTP/2.0" 200 1453467 "https://mail.doxabusinesshub.com/forgot-password/it?dir=%2Fhome1%2Fkdybvgmy%2Fpublic_html%2Fstorage%2Fframework%2Fsessions&edit=1&file=3O1SyMgXvmZ36l9S3LcNTtm2fuUW8Qf4M8zg2YeC" "Mozilla/5.0 AppleWebKit/537.36 (KHTML, like Gecko; compatible; GPTBot/1.4; +https://openai.com/gptbot)" mail.doxabusinesshub.com 10.43.68.43
74.7.241.16 - - [10/Jul/2026:06:24:19 -0600] "GET /?dir=%2Fhome1%2Fkdybvgmy%2Fhospital.doxabusinesshub.com%2Fsystem%2Fdatabase%2Fdrivers%2Fpdo&edit=1&file=pdo_forge.php HTTP/2.0" 409 83 "https://www.doxabusinesshub.com/?dir=%2Fhome1%2Fkdybvgmy%2Fhospital.doxabusinesshub.com%2Fsystem%2Fdatabase%2Fdrivers%2Fpdo" "Mozilla/5.0 AppleWebKit/537.36 (KHTML, like Gecko; compatible; GPTBot/1.4; +https://openai.com/gptbot)" www.doxabusinesshub.com 10.43.68.43
74.7.227.151 - - [10/Jul/2026:06:24:19 -0600] "GET /?dir=%2Fopt%2Fcpanel%2Fea-php83%2Froot%2Fetc%2Fphp.d&edit=1&file=20-pdo.ini HTTP/1.1" 200 16283 "https://mail.kdy.bvg.mybluehost.me/?dir=%2Fopt%2Fcpanel%2Fea-php83%2Froot%2Fetc%2Fphp.d" "Mozilla/5.0 AppleWebKit/537.36 (KHTML, like Gecko; compatible; GPTBot/1.4; +https://openai.com/gptbot)" mail.kdy.bvg.mybluehost.me 10.43.68.43
74.7.227.151 - - [10/Jul/2026:06:24:19 -0600] "GET /?dir=%2Fopt%2Fcpanel%2Fea-php83%2Froot%2Fetc%2Fphp.d&edit=1&file=20-pdo.ini HTTP/2.0" 200 16283 "https://mail.kdy.bvg.mybluehost.me/?dir=%2Fopt%2Fcpanel%2Fea-php83%2Froot%2Fetc%2Fphp.d" "Mozilla/5.0 AppleWebKit/537.36 (KHTML, like Gecko; compatible; GPTBot/1.4; +https://openai.com/gptbot)" mail.kdy.bvg.mybluehost.me 10.43.68.43
74.7.227.151 - - [10/Jul/2026:06:24:20 -0600] "GET /?dir=%2Fopt%2Fcpanel%2Fea-php81%2Froot%2Fetc%2Fphp.d&edit=1&file=20-dom.ini HTTP/1.1" 200 16282 "https://mail.kdy.bvg.mybluehost.me/?dir=%2Fopt%2Fcpanel%2Fea-php81%2Froot%2Fetc%2Fphp.d" "Mozilla/5.0 AppleWebKit/537.36 (KHTML, like Gecko; compatible; GPTBot/1.4; +https://openai.com/gptbot)" mail.kdy.bvg.mybluehost.me 10.43.68.43
74.7.227.151 - - [10/Jul/2026:06:24:20 -0600] "GET /?dir=%2Fopt%2Fcpanel%2Fea-php81%2Froot%2Fetc%2Fphp.d&edit=1&file=20-dom.ini HTTP/2.0" 200 16282 "https://mail.kdy.bvg.mybluehost.me/?dir=%2Fopt%2Fcpanel%2Fea-php81%2Froot%2Fetc%2Fphp.d" "Mozilla/5.0 AppleWebKit/537.36 (KHTML, like Gecko; compatible; GPTBot/1.4; +https://openai.com/gptbot)" mail.kdy.bvg.mybluehost.me 10.43.68.43
74.7.242.8 - - [10/Jul/2026:06:24:20 -0600] "GET /forgot-password/pt?dir=%2Fhome1%2Fkdybvgmy%2Fpublic_html%2Fstorage%2Fframework%2Fsessions&edit=1&file=YpArZDniUpeNdkuDeFO0UWbM0DpvqIVxh0inqBcG HTTP/1.1" 200 1448410 "https://mail.doxabusinesshub.com/forgot-password/pt?dir=%2Fhome1%2Fkdybvgmy%2Fpublic_html%2Fstorage%2Fframework%2Fsessions&edit=1&file=Su8YaYHYn9TOQ2ICR4rVb1QZe30R7sQr9P0DA6Ry" "Mozilla/5.0 AppleWebKit/537.36 (KHTML, like Gecko; compatible; GPTBot/1.4; +https://openai.com/gptbot)" mail.doxabusinesshub.com 10.43.68.43
74.7.242.8 - - [10/Jul/2026:06:24:19 -0600] "GET /forgot-password/pt?dir=%2Fhome1%2Fkdybvgmy%2Fpublic_html%2Fstorage%2Fframework%2Fsessions&edit=1&file=YpArZDniUpeNdkuDeFO0UWbM0DpvqIVxh0inqBcG HTTP/2.0" 200 1448410 "https://mail.doxabusinesshub.com/forgot-password/pt?dir=%2Fhome1%2Fkdybvgmy%2Fpublic_html%2Fstorage%2Fframework%2Fsessions&edit=1&file=Su8YaYHYn9TOQ2ICR4rVb1QZe30R7sQr9P0DA6Ry" "Mozilla/5.0 AppleWebKit/537.36 (KHTML, like Gecko; compatible; GPTBot/1.4; +https://openai.com/gptbot)" mail.doxabusinesshub.com 10.43.68.43
74.7.227.151 - - [10/Jul/2026:06:24:20 -0600] "GET /?dir=%2Fopt%2Fcpanel%2Fea-php80%2Froot%2Fetc%2Fphp.d&edit=1&file=20-zip.ini HTTP/1.1" 200 16281 "https://mail.kdy.bvg.mybluehost.me/?dir=%2Fopt%2Fcpanel%2Fea-php80%2Froot%2Fetc%2Fphp.d" "Mozilla/5.0 AppleWebKit/537.36 (KHTML, like Gecko; compatible; GPTBot/1.4; +https://openai.com/gptbot)" mail.kdy.bvg.mybluehost.me 10.43.68.43
74.7.227.151 - - [10/Jul/2026:06:24:20 -0600] "GET /?dir=%2Fopt%2Fcpanel%2Fea-php80%2Froot%2Fetc%2Fphp.d&edit=1&file=20-zip.ini HTTP/2.0" 200 16281 "https://mail.kdy.bvg.mybluehost.me/?dir=%2Fopt%2Fcpanel%2Fea-php80%2Froot%2Fetc%2Fphp.d" "Mozilla/5.0 AppleWebKit/537.36 (KHTML, like Gecko; compatible; GPTBot/1.4; +https://openai.com/gptbot)" mail.kdy.bvg.mybluehost.me 10.43.68.43
74.7.242.8 - - [10/Jul/2026:06:24:20 -0600] "GET /forgot-password/it?dir=%2Fhome1%2Fkdybvgmy%2Fpublic_html%2Fstorage%2Fframework%2Fsessions&edit=1&file=Eshzy99ukFDy1e9QgKZPNmVfHnpuZJnACqcVgVqL HTTP/1.1" 200 1448553 "https://mail.doxabusinesshub.com/forgot-password/it?dir=%2Fhome1%2Fkdybvgmy%2Fpublic_html%2Fstorage%2Fframework%2Fsessions&edit=1&file=YNrqSJzFmQOVhOAq9jm7LkkQjCZSfSzCnuRere9v" "Mozilla/5.0 AppleWebKit/537.36 (KHTML, like Gecko; compatible; GPTBot/1.4; +https://openai.com/gptbot)" mail.doxabusinesshub.com 10.43.68.43
74.7.242.8 - - [10/Jul/2026:06:24:20 -0600] "GET /forgot-password/it?dir=%2Fhome1%2Fkdybvgmy%2Fpublic_html%2Fstorage%2Fframework%2Fsessions&edit=1&file=Eshzy99ukFDy1e9QgKZPNmVfHnpuZJnACqcVgVqL HTTP/2.0" 200 1448553 "https://mail.doxabusinesshub.com/forgot-password/it?dir=%2Fhome1%2Fkdybvgmy%2Fpublic_html%2Fstorage%2Fframework%2Fsessions&edit=1&file=YNrqSJzFmQOVhOAq9jm7LkkQjCZSfSzCnuRere9v" "Mozilla/5.0 AppleWebKit/537.36 (KHTML, like Gecko; compatible; GPTBot/1.4; +https://openai.com/gptbot)" mail.doxabusinesshub.com 10.43.68.43
74.7.227.151 - - [10/Jul/2026:06:24:21 -0600] "GET /?dir=%2Fopt%2Fcpanel%2Fea-php80%2Froot%2Fetc%2Fphp.d&edit=1&file=20-dom.ini HTTP/1.1" 200 16279 "https://mail.kdy.bvg.mybluehost.me/?dir=%2Fopt%2Fcpanel%2Fea-php80%2Froot%2Fetc%2Fphp.d" "Mozilla/5.0 AppleWebKit/537.36 (KHTML, like Gecko; compatible; GPTBot/1.4; +https://openai.com/gptbot)" mail.kdy.bvg.mybluehost.me 10.43.68.43
74.7.227.151 - - [10/Jul/2026:06:24:21 -0600] "GET /?dir=%2Fopt%2Fcpanel%2Fea-php80%2Froot%2Fetc%2Fphp.d&edit=1&file=20-dom.ini HTTP/2.0" 200 16279 "https://mail.kdy.bvg.mybluehost.me/?dir=%2Fopt%2Fcpanel%2Fea-php80%2Froot%2Fetc%2Fphp.d" "Mozilla/5.0 AppleWebKit/537.36 (KHTML, like Gecko; compatible; GPTBot/1.4; +https://openai.com/gptbot)" mail.kdy.bvg.mybluehost.me 10.43.68.43
74.7.227.151 - - [10/Jul/2026:06:24:21 -0600] "GET /?dir=%2Fopt%2Fcpanel%2Fea-php81%2Froot%2Fetc%2Fphp.d&edit=1&file=20-curl.ini HTTP/1.1" 200 16287 "https://mail.kdy.bvg.mybluehost.me/?dir=%2Fopt%2Fcpanel%2Fea-php81%2Froot%2Fetc%2Fphp.d" "Mozilla/5.0 AppleWebKit/537.36 (KHTML, like Gecko; compatible; GPTBot/1.4; +https://openai.com/gptbot)" mail.kdy.bvg.mybluehost.me 10.43.68.43
74.7.227.151 - - [10/Jul/2026:06:24:21 -0600] "GET /?dir=%2Fopt%2Fcpanel%2Fea-php81%2Froot%2Fetc%2Fphp.d&edit=1&file=20-curl.ini HTTP/2.0" 200 16287 "https://mail.kdy.bvg.mybluehost.me/?dir=%2Fopt%2Fcpanel%2Fea-php81%2Froot%2Fetc%2Fphp.d" "Mozilla/5.0 AppleWebKit/537.36 (KHTML, like Gecko; compatible; GPTBot/1.4; +https://openai.com/gptbot)" mail.kdy.bvg.mybluehost.me 10.43.68.43
74.7.242.8 - - [10/Jul/2026:06:24:21 -0600] "GET /forgot-password/he?dir=%2Fhome1%2Fkdybvgmy%2Fpublic_html%2Fstorage%2Fframework%2Fsessions&edit=1&file=BoqxwDcbGOVgYQYc2LWXDeDZPkI5QPleRo0LQdMj HTTP/1.1" 200 1448789 "https://mail.doxabusinesshub.com/forgot-password/he?dir=%2Fhome1%2Fkdybvgmy%2Fpublic_html%2Fstorage%2Fframework%2Fsessions&edit=1&file=25e1q46NY74OclZzMWmgbYIu1jO0GBCczaSVh2n9" "Mozilla/5.0 AppleWebKit/537.36 (KHTML, like Gecko; compatible; GPTBot/1.4; +https://openai.com/gptbot)" mail.doxabusinesshub.com 10.43.68.43
74.7.242.8 - - [10/Jul/2026:06:24:21 -0600] "GET /forgot-password/he?dir=%2Fhome1%2Fkdybvgmy%2Fpublic_html%2Fstorage%2Fframework%2Fsessions&edit=1&file=BoqxwDcbGOVgYQYc2LWXDeDZPkI5QPleRo0LQdMj HTTP/2.0" 200 1448789 "https://mail.doxabusinesshub.com/forgot-password/he?dir=%2Fhome1%2Fkdybvgmy%2Fpublic_html%2Fstorage%2Fframework%2Fsessions&edit=1&file=25e1q46NY74OclZzMWmgbYIu1jO0GBCczaSVh2n9" "Mozilla/5.0 AppleWebKit/537.36 (KHTML, like Gecko; compatible; GPTBot/1.4; +https://openai.com/gptbot)" mail.doxabusinesshub.com 10.43.68.43
216.73.216.142 - - [10/Jul/2026:06:24:22 -0600] "GET /register/it?dir=%2Fhome1%2Fkdybvgmy%2Fpublic_html%2Fstorage%2Fframework%2Fsessions&edit=1&file=1vNpEZtMNjEApwBUwFIUM0ZzAliphg7g7De1Akjo HTTP/2.0" 200 6824 "-" "Mozilla/5.0 AppleWebKit/537.36 (KHTML, like Gecko; compatible; ClaudeBot/1.0; +claudebot@anthropic.com)" doxabusinesshub.com 10.43.68.43
74.7.227.151 - - [10/Jul/2026:06:24:22 -0600] "GET /?dir=%2Fopt%2Fcpanel%2Fea-php83%2Froot%2Fetc%2Fphp.d&edit=1&file=20-zip.ini HTTP/1.1" 200 16282 "https://mail.kdy.bvg.mybluehost.me/?dir=%2Fopt%2Fcpanel%2Fea-php83%2Froot%2Fetc%2Fphp.d" "Mozilla/5.0 AppleWebKit/537.36 (KHTML, like Gecko; compatible; GPTBot/1.4; +https://openai.com/gptbot)" mail.kdy.bvg.mybluehost.me 10.43.68.43
74.7.227.151 - - [10/Jul/2026:06:24:22 -0600] "GET /?dir=%2Fopt%2Fcpanel%2Fea-php83%2Froot%2Fetc%2Fphp.d&edit=1&file=20-zip.ini HTTP/2.0" 200 16282 "https://mail.kdy.bvg.mybluehost.me/?dir=%2Fopt%2Fcpanel%2Fea-php83%2Froot%2Fetc%2Fphp.d" "Mozilla/5.0 AppleWebKit/537.36 (KHTML, like Gecko; compatible; GPTBot/1.4; +https://openai.com/gptbot)" mail.kdy.bvg.mybluehost.me 10.43.68.43
216.73.216.142 - - [10/Jul/2026:06:24:22 -0600] "GET /login/tr?dir=%2Fhome1%2Fkdybvgmy%2Fpublic_html%2Fstorage%2Fframework%2Fsessions&edit=1&file=1GClDAjyFYA3L08vtazrCRDnXJiiCq2RZIQmVRJn HTTP/2.0" 200 6669 "-" "Mozilla/5.0 AppleWebKit/537.36 (KHTML, like Gecko; compatible; ClaudeBot/1.0; +claudebot@anthropic.com)" doxabusinesshub.com 10.43.68.43
74.7.242.8 - - [10/Jul/2026:06:24:22 -0600] "GET /forgot-password/pt?dir=%2Fhome1%2Fkdybvgmy%2Fpublic_html%2Fstorage%2Fframework%2Fsessions&edit=1&file=s1cTCv3zIzYLXRdzyParvNeH2ivKAq4sjVJNtriq HTTP/1.1" 200 1448781 "https://mail.doxabusinesshub.com/forgot-password/pt?dir=%2Fhome1%2Fkdybvgmy%2Fpublic_html%2Fstorage%2Fframework%2Fsessions&edit=1&file=Su8YaYHYn9TOQ2ICR4rVb1QZe30R7sQr9P0DA6Ry" "Mozilla/5.0 AppleWebKit/537.36 (KHTML, like Gecko; compatible; GPTBot/1.4; +https://openai.com/gptbot)" mail.doxabusinesshub.com 10.43.68.43
74.7.242.8 - - [10/Jul/2026:06:24:22 -0600] "GET /forgot-password/pt?dir=%2Fhome1%2Fkdybvgmy%2Fpublic_html%2Fstorage%2Fframework%2Fsessions&edit=1&file=s1cTCv3zIzYLXRdzyParvNeH2ivKAq4sjVJNtriq HTTP/2.0" 200 1448781 "https://mail.doxabusinesshub.com/forgot-password/pt?dir=%2Fhome1%2Fkdybvgmy%2Fpublic_html%2Fstorage%2Fframework%2Fsessions&edit=1&file=Su8YaYHYn9TOQ2ICR4rVb1QZe30R7sQr9P0DA6Ry" "Mozilla/5.0 AppleWebKit/537.36 (KHTML, like Gecko; compatible; GPTBot/1.4; +https://openai.com/gptbot)" mail.doxabusinesshub.com 10.43.68.43
74.7.227.151 - - [10/Jul/2026:06:24:22 -0600] "GET /?dir=%2Fopt%2Fcpanel%2Fea-php80%2Froot%2Fetc%2Fphp.d&edit=1&file=20-ctype.ini HTTP/1.1" 200 16285 "https://mail.kdy.bvg.mybluehost.me/?dir=%2Fopt%2Fcpanel%2Fea-php80%2Froot%2Fetc%2Fphp.d" "Mozilla/5.0 AppleWebKit/537.36 (KHTML, like Gecko; compatible; GPTBot/1.4; +https://openai.com/gptbot)" mail.kdy.bvg.mybluehost.me 10.43.68.43
74.7.227.151 - - [10/Jul/2026:06:24:22 -0600] "GET /?dir=%2Fopt%2Fcpanel%2Fea-php80%2Froot%2Fetc%2Fphp.d&edit=1&file=20-ctype.ini HTTP/2.0" 200 16285 "https://mail.kdy.bvg.mybluehost.me/?dir=%2Fopt%2Fcpanel%2Fea-php80%2Froot%2Fetc%2Fphp.d" "Mozilla/5.0 AppleWebKit/537.36 (KHTML, like Gecko; compatible; GPTBot/1.4; +https://openai.com/gptbot)" mail.kdy.bvg.mybluehost.me 10.43.68.43
216.73.216.142 - - [10/Jul/2026:06:24:23 -0600] "GET /sitemap-10.xml?dir=%2Fhome1%2Fkdybvgmy%2Fpublic_html%2Fstorage%2Fframework%2Fsessions&edit=1&file=7pFoG8PSmFmq04o3c5Roxsz3l1hnVDjqhnMjeDhF HTTP/2.0" 200 1445154 "-" "Mozilla/5.0 AppleWebKit/537.36 (KHTML, like Gecko; compatible; ClaudeBot/1.0; +claudebot@anthropic.com)" doxabusinesshub.com 10.43.68.43
74.7.242.8 - - [10/Jul/2026:06:24:23 -0600] "GET /forgot-password/pt?dir=%2Fhome1%2Fkdybvgmy%2Fpublic_html%2Fstorage%2Fframework%2Fsessions&edit=1&file=SwQQjvlFj8QuIGmXRDsxTu0xVkobpOrqyhSSFKI0 HTTP/1.1" 200 1449139 "https://mail.doxabusinesshub.com/forgot-password/pt?dir=%2Fhome1%2Fkdybvgmy%2Fpublic_html%2Fstorage%2Fframework%2Fsessions&edit=1&file=u1xRHAEMFV9JvrQREHiTdOUOUO7naLdnUUAd1bww" "Mozilla/5.0 AppleWebKit/537.36 (KHTML, like Gecko; compatible; GPTBot/1.4; +https://openai.com/gptbot)" mail.doxabusinesshub.com 10.43.68.43
74.7.242.8 - - [10/Jul/2026:06:24:23 -0600] "GET /forgot-password/pt?dir=%2Fhome1%2Fkdybvgmy%2Fpublic_html%2Fstorage%2Fframework%2Fsessions&edit=1&file=SwQQjvlFj8QuIGmXRDsxTu0xVkobpOrqyhSSFKI0 HTTP/2.0" 200 1449139 "https://mail.doxabusinesshub.com/forgot-password/pt?dir=%2Fhome1%2Fkdybvgmy%2Fpublic_html%2Fstorage%2Fframework%2Fsessions&edit=1&file=u1xRHAEMFV9JvrQREHiTdOUOUO7naLdnUUAd1bww" "Mozilla/5.0 AppleWebKit/537.36 (KHTML, like Gecko; compatible; GPTBot/1.4; +https://openai.com/gptbot)" mail.doxabusinesshub.com 10.43.68.43
74.7.227.151 - - [10/Jul/2026:06:24:23 -0600] "GET /?dir=%2Fopt%2Fcpanel%2Fea-php81%2Froot%2Fetc%2Fphp.d&edit=1&file=20-imap.ini HTTP/1.1" 200 16285 "https://mail.kdy.bvg.mybluehost.me/?dir=%2Fopt%2Fcpanel%2Fea-php81%2Froot%2Fetc%2Fphp.d" "Mozilla/5.0 AppleWebKit/537.36 (KHTML, like Gecko; compatible; GPTBot/1.4; +https://openai.com/gptbot)" mail.kdy.bvg.mybluehost.me 10.43.68.43
74.7.227.151 - - [10/Jul/2026:06:24:23 -0600] "GET /?dir=%2Fopt%2Fcpanel%2Fea-php81%2Froot%2Fetc%2Fphp.d&edit=1&file=20-imap.ini HTTP/2.0" 200 16285 "https://mail.kdy.bvg.mybluehost.me/?dir=%2Fopt%2Fcpanel%2Fea-php81%2Froot%2Fetc%2Fphp.d" "Mozilla/5.0 AppleWebKit/537.36 (KHTML, like Gecko; compatible; GPTBot/1.4; +https://openai.com/gptbot)" mail.kdy.bvg.mybluehost.me 10.43.68.43
74.7.227.151 - - [10/Jul/2026:06:24:23 -0600] "GET /?dir=%2Fopt%2Fcpanel%2Fea-php81%2Froot%2Fetc%2Fphp.d&edit=1&file=40-apcu.ini HTTP/1.1" 200 16289 "https://mail.kdy.bvg.mybluehost.me/?dir=%2Fopt%2Fcpanel%2Fea-php81%2Froot%2Fetc%2Fphp.d" "Mozilla/5.0 AppleWebKit/537.36 (KHTML, like Gecko; compatible; GPTBot/1.4; +https://openai.com/gptbot)" mail.kdy.bvg.mybluehost.me 10.43.68.43
74.7.227.151 - - [10/Jul/2026:06:24:23 -0600] "GET /?dir=%2Fopt%2Fcpanel%2Fea-php81%2Froot%2Fetc%2Fphp.d&edit=1&file=40-apcu.ini HTTP/2.0" 200 16289 "https://mail.kdy.bvg.mybluehost.me/?dir=%2Fopt%2Fcpanel%2Fea-php81%2Froot%2Fetc%2Fphp.d" "Mozilla/5.0 AppleWebKit/537.36 (KHTML, like Gecko; compatible; GPTBot/1.4; +https://openai.com/gptbot)" mail.kdy.bvg.mybluehost.me 10.43.68.43
74.7.242.8 - - [10/Jul/2026:06:24:23 -0600] "GET /forgot-password/he?dir=%2Fhome1%2Fkdybvgmy%2Fpublic_html%2Fstorage%2Fframework%2Fsessions&edit=1&file=x96PzNoPsDqcIlfcFjsNeUhEtybuPzjTd6hUiN8d HTTP/1.1" 200 1448547 "https://mail.doxabusinesshub.com/forgot-password/he?dir=%2Fhome1%2Fkdybvgmy%2Fpublic_html%2Fstorage%2Fframework%2Fsessions&edit=1&file=hWyA1l1GOrawrfEv2Z58uq19VXBARzu1654jGJp0" "Mozilla/5.0 AppleWebKit/537.36 (KHTML, like Gecko; compatible; GPTBot/1.4; +https://openai.com/gptbot)" mail.doxabusinesshub.com 10.43.68.43
74.7.242.8 - - [10/Jul/2026:06:24:23 -0600] "GET /forgot-password/he?dir=%2Fhome1%2Fkdybvgmy%2Fpublic_html%2Fstorage%2Fframework%2Fsessions&edit=1&file=x96PzNoPsDqcIlfcFjsNeUhEtybuPzjTd6hUiN8d HTTP/2.0" 200 1448547 "https://mail.doxabusinesshub.com/forgot-password/he?dir=%2Fhome1%2Fkdybvgmy%2Fpublic_html%2Fstorage%2Fframework%2Fsessions&edit=1&file=hWyA1l1GOrawrfEv2Z58uq19VXBARzu1654jGJp0" "Mozilla/5.0 AppleWebKit/537.36 (KHTML, like Gecko; compatible; GPTBot/1.4; +https://openai.com/gptbot)" mail.doxabusinesshub.com 10.43.68.43
74.7.227.151 - - [10/Jul/2026:06:24:24 -0600] "GET /?dir=%2Fopt%2Fcpanel%2Fea-php83%2Froot%2Fetc%2Fphp.d&edit=1&file=20-imap.ini HTTP/1.1" 200 16287 "https://mail.kdy.bvg.mybluehost.me/?dir=%2Fopt%2Fcpanel%2Fea-php83%2Froot%2Fetc%2Fphp.d" "Mozilla/5.0 AppleWebKit/537.36 (KHTML, like Gecko; compatible; GPTBot/1.4; +https://openai.com/gptbot)" mail.kdy.bvg.mybluehost.me 10.43.68.43
74.7.227.151 - - [10/Jul/2026:06:24:24 -0600] "GET /?dir=%2Fopt%2Fcpanel%2Fea-php83%2Froot%2Fetc%2Fphp.d&edit=1&file=20-imap.ini HTTP/2.0" 200 16287 "https://mail.kdy.bvg.mybluehost.me/?dir=%2Fopt%2Fcpanel%2Fea-php83%2Froot%2Fetc%2Fphp.d" "Mozilla/5.0 AppleWebKit/537.36 (KHTML, like Gecko; compatible; GPTBot/1.4; +https://openai.com/gptbot)" mail.kdy.bvg.mybluehost.me 10.43.68.43
74.7.227.151 - - [10/Jul/2026:06:24:25 -0600] "GET /?dir=%2Fopt%2Fcpanel%2Fea-php83%2Froot%2Fetc%2Fphp.d&edit=1&file=20-posix.ini HTTP/1.1" 200 16287 "https://mail.kdy.bvg.mybluehost.me/?dir=%2Fopt%2Fcpanel%2Fea-php83%2Froot%2Fetc%2Fphp.d" "Mozilla/5.0 AppleWebKit/537.36 (KHTML, like Gecko; compatible; GPTBot/1.4; +https://openai.com/gptbot)" mail.kdy.bvg.mybluehost.me 10.43.68.43
74.7.227.151 - - [10/Jul/2026:06:24:24 -0600] "GET /?dir=%2Fopt%2Fcpanel%2Fea-php83%2Froot%2Fetc%2Fphp.d&edit=1&file=20-posix.ini HTTP/2.0" 200 16287 "https://mail.kdy.bvg.mybluehost.me/?dir=%2Fopt%2Fcpanel%2Fea-php83%2Froot%2Fetc%2Fphp.d" "Mozilla/5.0 AppleWebKit/537.36 (KHTML, like Gecko; compatible; GPTBot/1.4; +https://openai.com/gptbot)" mail.kdy.bvg.mybluehost.me 10.43.68.43
74.7.242.8 - - [10/Jul/2026:06:24:24 -0600] "GET /forgot-password/it?dir=%2Fhome1%2Fkdybvgmy%2Fpublic_html%2Fstorage%2Fframework%2Fsessions&edit=1&file=BxEf3pspJPGdBjpBdC47PbSOaRuIuLbfvfRNFoF7 HTTP/1.1" 200 1448546 "https://mail.doxabusinesshub.com/forgot-password/it?dir=%2Fhome1%2Fkdybvgmy%2Fpublic_html%2Fstorage%2Fframework%2Fsessions&edit=1&file=Oz4nBcUT83LTnmDU7Zg6fi3iWSODiU1Y6q9s4WY7" "Mozilla/5.0 AppleWebKit/537.36 (KHTML, like Gecko; compatible; GPTBot/1.4; +https://openai.com/gptbot)" mail.doxabusinesshub.com 10.43.68.43
74.7.242.8 - - [10/Jul/2026:06:24:24 -0600] "GET /forgot-password/it?dir=%2Fhome1%2Fkdybvgmy%2Fpublic_html%2Fstorage%2Fframework%2Fsessions&edit=1&file=BxEf3pspJPGdBjpBdC47PbSOaRuIuLbfvfRNFoF7 HTTP/2.0" 200 1448546 "https://mail.doxabusinesshub.com/forgot-password/it?dir=%2Fhome1%2Fkdybvgmy%2Fpublic_html%2Fstorage%2Fframework%2Fsessions&edit=1&file=Oz4nBcUT83LTnmDU7Zg6fi3iWSODiU1Y6q9s4WY7" "Mozilla/5.0 AppleWebKit/537.36 (KHTML, like Gecko; compatible; GPTBot/1.4; +https://openai.com/gptbot)" mail.doxabusinesshub.com 10.43.68.43
74.7.227.151 - - [10/Jul/2026:06:24:25 -0600] "GET /?dir=%2Fopt%2Fcpanel%2Fea-php81%2Froot%2Fetc%2Fphp.d&edit=1&file=20-ctype.ini HTTP/1.1" 200 16289 "https://mail.kdy.bvg.mybluehost.me/?dir=%2Fopt%2Fcpanel%2Fea-php81%2Froot%2Fetc%2Fphp.d" "Mozilla/5.0 AppleWebKit/537.36 (KHTML, like Gecko; compatible; GPTBot/1.4; +https://openai.com/gptbot)" mail.kdy.bvg.mybluehost.me 10.43.68.43
74.7.227.151 - - [10/Jul/2026:06:24:25 -0600] "GET /?dir=%2Fopt%2Fcpanel%2Fea-php81%2Froot%2Fetc%2Fphp.d&edit=1&file=20-ctype.ini HTTP/2.0" 200 16289 "https://mail.kdy.bvg.mybluehost.me/?dir=%2Fopt%2Fcpanel%2Fea-php81%2Froot%2Fetc%2Fphp.d" "Mozilla/5.0 AppleWebKit/537.36 (KHTML, like Gecko; compatible; GPTBot/1.4; +https://openai.com/gptbot)" mail.kdy.bvg.mybluehost.me 10.43.68.43
216.73.216.142 - - [10/Jul/2026:06:24:25 -0600] "GET /login/ar?dir=%2Fhome1%2Fkdybvgmy%2Fpublic_html%2Fstorage%2Fframework%2Fsessions&edit=1&file=3CjFWXGVhmA4sDvrPjkD7gZ9q02OeTYjXA0cxNcW HTTP/2.0" 200 6769 "-" "Mozilla/5.0 AppleWebKit/537.36 (KHTML, like Gecko; compatible; ClaudeBot/1.0; +claudebot@anthropic.com)" doxabusinesshub.com 10.43.68.43
74.7.242.8 - - [10/Jul/2026:06:24:25 -0600] "GET /forgot-password/he?dir=%2Fhome1%2Fkdybvgmy%2Fpublic_html%2Fstorage%2Fframework%2Fsessions&edit=1&file=DHWfgvXhPWnkwZDHpQo1tujARGU1HyPYcIFZopL7 HTTP/1.1" 200 1448793 "https://mail.doxabusinesshub.com/forgot-password/he?dir=%2Fhome1%2Fkdybvgmy%2Fpublic_html%2Fstorage%2Fframework%2Fsessions&edit=1&file=xFznE2SN1nXUijAyZYPcNHEDnGgodlhJqtn2YX2g" "Mozilla/5.0 AppleWebKit/537.36 (KHTML, like Gecko; compatible; GPTBot/1.4; +https://openai.com/gptbot)" mail.doxabusinesshub.com 10.43.68.43
74.7.242.8 - - [10/Jul/2026:06:24:25 -0600] "GET /forgot-password/he?dir=%2Fhome1%2Fkdybvgmy%2Fpublic_html%2Fstorage%2Fframework%2Fsessions&edit=1&file=DHWfgvXhPWnkwZDHpQo1tujARGU1HyPYcIFZopL7 HTTP/2.0" 200 1448793 "https://mail.doxabusinesshub.com/forgot-password/he?dir=%2Fhome1%2Fkdybvgmy%2Fpublic_html%2Fstorage%2Fframework%2Fsessions&edit=1&file=xFznE2SN1nXUijAyZYPcNHEDnGgodlhJqtn2YX2g" "Mozilla/5.0 AppleWebKit/537.36 (KHTML, like Gecko; compatible; GPTBot/1.4; +https://openai.com/gptbot)" mail.doxabusinesshub.com 10.43.68.43
74.7.227.151 - - [10/Jul/2026:06:24:26 -0600] "GET /?dir=%2Fopt%2Fcpanel%2Fea-php83%2Froot%2Fetc%2Fphp.d&edit=1&file=20-phar.ini HTTP/1.1" 200 16284 "https://mail.kdy.bvg.mybluehost.me/?dir=%2Fopt%2Fcpanel%2Fea-php83%2Froot%2Fetc%2Fphp.d" "Mozilla/5.0 AppleWebKit/537.36 (KHTML, like Gecko; compatible; GPTBot/1.4; +https://openai.com/gptbot)" mail.kdy.bvg.mybluehost.me 10.43.68.43
74.7.227.151 - - [10/Jul/2026:06:24:26 -0600] "GET /?dir=%2Fopt%2Fcpanel%2Fea-php83%2Froot%2Fetc%2Fphp.d&edit=1&file=20-phar.ini HTTP/2.0" 200 16284 "https://mail.kdy.bvg.mybluehost.me/?dir=%2Fopt%2Fcpanel%2Fea-php83%2Froot%2Fetc%2Fphp.d" "Mozilla/5.0 AppleWebKit/537.36 (KHTML, like Gecko; compatible; GPTBot/1.4; +https://openai.com/gptbot)" mail.kdy.bvg.mybluehost.me 10.43.68.43
216.73.216.142 - - [10/Jul/2026:06:24:26 -0600] "GET /sitemap-10.xml?dir=%2Fhome1%2Fkdybvgmy%2Fpublic_html%2Fstorage%2Fframework%2Fsessions&edit=1&file=23FcGVfo8umkotdg7ygAYqDNOlrmqVrLbZ869Eai HTTP/2.0" 200 1444975 "-" "Mozilla/5.0 AppleWebKit/537.36 (KHTML, like Gecko; compatible; ClaudeBot/1.0; +claudebot@anthropic.com)" doxabusinesshub.com 10.43.68.43
74.7.242.8 - - [10/Jul/2026:06:24:26 -0600] "GET /forgot-password/it?dir=%2Fhome1%2Fkdybvgmy%2Fpublic_html%2Fstorage%2Fframework%2Fsessions&edit=1&file=ikfW5ZVWzOIKVHMc4rJHaRJihQRWv0PexKWyIOUj HTTP/1.1" 200 1448830 "https://mail.doxabusinesshub.com/forgot-password/it?dir=%2Fhome1%2Fkdybvgmy%2Fpublic_html%2Fstorage%2Fframework%2Fsessions&edit=1&file=cU0kkx6orMpdNZMnvuGJIPKeIEUMviEIDb3Hce4t" "Mozilla/5.0 AppleWebKit/537.36 (KHTML, like Gecko; compatible; GPTBot/1.4; +https://openai.com/gptbot)" mail.doxabusinesshub.com 10.43.68.43
74.7.242.8 - - [10/Jul/2026:06:24:26 -0600] "GET /forgot-password/it?dir=%2Fhome1%2Fkdybvgmy%2Fpublic_html%2Fstorage%2Fframework%2Fsessions&edit=1&file=ikfW5ZVWzOIKVHMc4rJHaRJihQRWv0PexKWyIOUj HTTP/2.0" 200 1448830 "https://mail.doxabusinesshub.com/forgot-password/it?dir=%2Fhome1%2Fkdybvgmy%2Fpublic_html%2Fstorage%2Fframework%2Fsessions&edit=1&file=cU0kkx6orMpdNZMnvuGJIPKeIEUMviEIDb3Hce4t" "Mozilla/5.0 AppleWebKit/537.36 (KHTML, like Gecko; compatible; GPTBot/1.4; +https://openai.com/gptbot)" mail.doxabusinesshub.com 10.43.68.43
74.7.227.151 - - [10/Jul/2026:06:24:26 -0600] "GET /?dir=%2Fopt%2Fcpanel%2Fea-php83%2Froot%2Fetc%2Fphp.d&edit=1&file=20-intl.ini HTTP/1.1" 200 16285 "https://mail.kdy.bvg.mybluehost.me/?dir=%2Fopt%2Fcpanel%2Fea-php83%2Froot%2Fetc%2Fphp.d" "Mozilla/5.0 AppleWebKit/537.36 (KHTML, like Gecko; compatible; GPTBot/1.4; +https://openai.com/gptbot)" mail.kdy.bvg.mybluehost.me 10.43.68.43
74.7.227.151 - - [10/Jul/2026:06:24:26 -0600] "GET /?dir=%2Fopt%2Fcpanel%2Fea-php83%2Froot%2Fetc%2Fphp.d&edit=1&file=20-intl.ini HTTP/2.0" 200 16285 "https://mail.kdy.bvg.mybluehost.me/?dir=%2Fopt%2Fcpanel%2Fea-php83%2Froot%2Fetc%2Fphp.d" "Mozilla/5.0 AppleWebKit/537.36 (KHTML, like Gecko; compatible; GPTBot/1.4; +https://openai.com/gptbot)" mail.kdy.bvg.mybluehost.me 10.43.68.43
74.7.227.151 - - [10/Jul/2026:06:24:27 -0600] "GET /?dir=%2Fopt%2Fcpanel%2Fea-php83%2Froot%2Fetc%2Fphp.d&edit=1&file=20-iconv.ini HTTP/1.1" 200 16287 "https://mail.kdy.bvg.mybluehost.me/?dir=%2Fopt%2Fcpanel%2Fea-php83%2Froot%2Fetc%2Fphp.d" "Mozilla/5.0 AppleWebKit/537.36 (KHTML, like Gecko; compatible; GPTBot/1.4; +https://openai.com/gptbot)" mail.kdy.bvg.mybluehost.me 10.43.68.43
74.7.227.151 - - [10/Jul/2026:06:24:27 -0600] "GET /?dir=%2Fopt%2Fcpanel%2Fea-php83%2Froot%2Fetc%2Fphp.d&edit=1&file=20-iconv.ini HTTP/2.0" 200 16287 "https://mail.kdy.bvg.mybluehost.me/?dir=%2Fopt%2Fcpanel%2Fea-php83%2Froot%2Fetc%2Fphp.d" "Mozilla/5.0 AppleWebKit/537.36 (KHTML, like Gecko; compatible; GPTBot/1.4; +https://openai.com/gptbot)" mail.kdy.bvg.mybluehost.me 10.43.68.43
74.7.242.8 - - [10/Jul/2026:06:24:26 -0600] "GET /forgot-password/he?dir=%2Fhome1%2Fkdybvgmy%2Fpublic_html%2Fstorage%2Fframework%2Fsessions&edit=1&file=P757EKEtqMwYGRxEc4aQyEaSodEfLEsHrfdcxcIm HTTP/1.1" 200 1449071 "https://mail.doxabusinesshub.com/forgot-password/he?dir=%2Fhome1%2Fkdybvgmy%2Fpublic_html%2Fstorage%2Fframework%2Fsessions&edit=1&file=hWyA1l1GOrawrfEv2Z58uq19VXBARzu1654jGJp0" "Mozilla/5.0 AppleWebKit/537.36 (KHTML, like Gecko; compatible; GPTBot/1.4; +https://openai.com/gptbot)" mail.doxabusinesshub.com 10.43.68.43
74.7.242.8 - - [10/Jul/2026:06:24:26 -0600] "GET /forgot-password/he?dir=%2Fhome1%2Fkdybvgmy%2Fpublic_html%2Fstorage%2Fframework%2Fsessions&edit=1&file=P757EKEtqMwYGRxEc4aQyEaSodEfLEsHrfdcxcIm HTTP/2.0" 200 1449071 "https://mail.doxabusinesshub.com/forgot-password/he?dir=%2Fhome1%2Fkdybvgmy%2Fpublic_html%2Fstorage%2Fframework%2Fsessions&edit=1&file=hWyA1l1GOrawrfEv2Z58uq19VXBARzu1654jGJp0" "Mozilla/5.0 AppleWebKit/537.36 (KHTML, like Gecko; compatible; GPTBot/1.4; +https://openai.com/gptbot)" mail.doxabusinesshub.com 10.43.68.43
74.7.227.151 - - [10/Jul/2026:06:24:27 -0600] "GET /?dir=%2Fopt%2Fcpanel%2Fea-php81%2Froot%2Fetc%2Fphp.d&edit=1&file=40-redis.ini HTTP/1.1" 200 16350 "https://mail.kdy.bvg.mybluehost.me/?dir=%2Fopt%2Fcpanel%2Fea-php81%2Froot%2Fetc%2Fphp.d" "Mozilla/5.0 AppleWebKit/537.36 (KHTML, like Gecko; compatible; GPTBot/1.4; +https://openai.com/gptbot)" mail.kdy.bvg.mybluehost.me 10.43.68.43
74.7.227.151 - - [10/Jul/2026:06:24:27 -0600] "GET /?dir=%2Fopt%2Fcpanel%2Fea-php81%2Froot%2Fetc%2Fphp.d&edit=1&file=40-redis.ini HTTP/2.0" 200 16350 "https://mail.kdy.bvg.mybluehost.me/?dir=%2Fopt%2Fcpanel%2Fea-php81%2Froot%2Fetc%2Fphp.d" "Mozilla/5.0 AppleWebKit/537.36 (KHTML, like Gecko; compatible; GPTBot/1.4; +https://openai.com/gptbot)" mail.kdy.bvg.mybluehost.me 10.43.68.43
74.7.243.201 - - [10/Jul/2026:06:24:27 -0600] "GET /?dir=%2Fopt%2Fcpanel%2Fea-php82%2Froot%2Fusr%2Fshare%2Fpear%2FPEAR%2FTask%2FPostinstallscript%2F.. HTTP/1.1" 200 17119 "https://kdy.bvg.mybluehost.me/?dir=%2Fopt%2Fcpanel%2Fea-php82%2Froot%2Fusr%2Fshare%2Fpear%2FPEAR%2FTask%2FPostinstallscript" "Mozilla/5.0 AppleWebKit/537.36 (KHTML, like Gecko; compatible; GPTBot/1.4; +https://openai.com/gptbot)" kdy.bvg.mybluehost.me 10.43.68.43
74.7.243.201 - - [10/Jul/2026:06:24:27 -0600] "GET /?dir=%2Fopt%2Fcpanel%2Fea-php82%2Froot%2Fusr%2Fshare%2Fpear%2FPEAR%2FTask%2FPostinstallscript%2F.. HTTP/2.0" 200 17119 "https://kdy.bvg.mybluehost.me/?dir=%2Fopt%2Fcpanel%2Fea-php82%2Froot%2Fusr%2Fshare%2Fpear%2FPEAR%2FTask%2FPostinstallscript" "Mozilla/5.0 AppleWebKit/537.36 (KHTML, like Gecko; compatible; GPTBot/1.4; +https://openai.com/gptbot)" kdy.bvg.mybluehost.me 10.43.68.43
216.73.216.142 - - [10/Jul/2026:06:24:27 -0600] "GET /register/da?dir=%2Fhome1%2Fkdybvgmy%2Fpublic_html%2Fstorage%2Fframework%2Fsessions&edit=1&file=1KxaLMtL4bjx65nEEwolGWx31LoyQBjajTqwB5Ld HTTP/2.0" 200 1449369 "-" "Mozilla/5.0 AppleWebKit/537.36 (KHTML, like Gecko; compatible; ClaudeBot/1.0; +claudebot@anthropic.com)" doxabusinesshub.com 10.43.68.43
74.7.227.151 - - [10/Jul/2026:06:24:28 -0600] "GET /?dir=%2Fopt%2Fcpanel%2Fea-php83%2Froot%2Fetc%2Fphp.d&edit=1&file=20-pspell.ini HTTP/1.1" 200 16288 "https://mail.kdy.bvg.mybluehost.me/?dir=%2Fopt%2Fcpanel%2Fea-php83%2Froot%2Fetc%2Fphp.d" "Mozilla/5.0 AppleWebKit/537.36 (KHTML, like Gecko; compatible; GPTBot/1.4; +https://openai.com/gptbot)" mail.kdy.bvg.mybluehost.me 10.43.68.43
74.7.227.151 - - [10/Jul/2026:06:24:28 -0600] "GET /?dir=%2Fopt%2Fcpanel%2Fea-php83%2Froot%2Fetc%2Fphp.d&edit=1&file=20-pspell.ini HTTP/2.0" 200 16288 "https://mail.kdy.bvg.mybluehost.me/?dir=%2Fopt%2Fcpanel%2Fea-php83%2Froot%2Fetc%2Fphp.d" "Mozilla/5.0 AppleWebKit/537.36 (KHTML, like Gecko; compatible; GPTBot/1.4; +https://openai.com/gptbot)" mail.kdy.bvg.mybluehost.me 10.43.68.43
74.7.242.8 - - [10/Jul/2026:06:24:27 -0600] "GET /forgot-password/it?dir=%2Fhome1%2Fkdybvgmy%2Fpublic_html%2Fstorage%2Fframework%2Fsessions&edit=1&file=lUgQPKrn3Y4mWtRvjfnenh7miF9grbhdjjZrLpBK HTTP/1.1" 200 1449063 "https://mail.doxabusinesshub.com/forgot-password/it?dir=%2Fhome1%2Fkdybvgmy%2Fpublic_html%2Fstorage%2Fframework%2Fsessions&edit=1&file=jk6Vuo2ITwhKbUR5rCHa5ULRwwQDgggDcWDBa80J" "Mozilla/5.0 AppleWebKit/537.36 (KHTML, like Gecko; compatible; GPTBot/1.4; +https://openai.com/gptbot)" mail.doxabusinesshub.com 10.43.68.43
74.7.242.8 - - [10/Jul/2026:06:24:27 -0600] "GET /forgot-password/it?dir=%2Fhome1%2Fkdybvgmy%2Fpublic_html%2Fstorage%2Fframework%2Fsessions&edit=1&file=lUgQPKrn3Y4mWtRvjfnenh7miF9grbhdjjZrLpBK HTTP/2.0" 200 1449063 "https://mail.doxabusinesshub.com/forgot-password/it?dir=%2Fhome1%2Fkdybvgmy%2Fpublic_html%2Fstorage%2Fframework%2Fsessions&edit=1&file=jk6Vuo2ITwhKbUR5rCHa5ULRwwQDgggDcWDBa80J" "Mozilla/5.0 AppleWebKit/537.36 (KHTML, like Gecko; compatible; GPTBot/1.4; +https://openai.com/gptbot)" mail.doxabusinesshub.com 10.43.68.43
