74.7.242.8 - - [10/Jul/2026:06:26:03 -0600] "GET /forgot-password/pl?dir=%2Fhome1%2Fkdybvgmy%2Fpublic_html%2Fstorage%2Fframework%2Fsessions&edit=1&file=MCjMIyWGxMLQRIrj1zZsoI7habauLwWcuLcXTp8U HTTP/2.0" 200 1449324 "https://mail.doxabusinesshub.com/forgot-password/pl?dir=%2Fhome1%2Fkdybvgmy%2Fpublic_html%2Fstorage%2Fframework%2Fsessions&edit=1&file=z8LG38M6q5WRzQmmCHB1YR2LxIhiIDv76FSWi3f7" "Mozilla/5.0 AppleWebKit/537.36 (KHTML, like Gecko; compatible; GPTBot/1.4; +https://openai.com/gptbot)" mail.doxabusinesshub.com 10.43.68.43
216.73.216.142 - - [10/Jul/2026:06:26:03 -0600] "GET /register/en?dir=%2Fhome1%2Fkdybvgmy%2Fpublic_html%2Fstorage%2Fframework%2Fsessions&edit=1&file=6SH0J2U0DeNjEQEQhyq6elnaWuPazJhubP7LJP1Y HTTP/2.0" 200 6788 "-" "Mozilla/5.0 AppleWebKit/537.36 (KHTML, like Gecko; compatible; ClaudeBot/1.0; +claudebot@anthropic.com)" doxabusinesshub.com 10.43.68.43
74.7.227.151 - - [10/Jul/2026:06:26:04 -0600] "GET /?dir=%2Fusr%2Flibexec%2Foracle-cloud-agent%2Fplugins%2Fosms%2Foci%2Fcontainer_instances&edit=1&file=container_instance_client.pyc HTTP/1.1" 200 47355 "https://mail.kdy.bvg.mybluehost.me/?dir=%2Fusr%2Flibexec%2Foracle-cloud-agent%2Fplugins%2Fosms%2Foci%2Fcontainer_instances" "Mozilla/5.0 AppleWebKit/537.36 (KHTML, like Gecko; compatible; GPTBot/1.4; +https://openai.com/gptbot)" mail.kdy.bvg.mybluehost.me 10.43.68.43
74.7.227.151 - - [10/Jul/2026:06:26:04 -0600] "GET /?dir=%2Fusr%2Flibexec%2Foracle-cloud-agent%2Fplugins%2Fosms%2Foci%2Fcontainer_instances&edit=1&file=container_instance_client.pyc HTTP/2.0" 200 47355 "https://mail.kdy.bvg.mybluehost.me/?dir=%2Fusr%2Flibexec%2Foracle-cloud-agent%2Fplugins%2Fosms%2Foci%2Fcontainer_instances" "Mozilla/5.0 AppleWebKit/537.36 (KHTML, like Gecko; compatible; GPTBot/1.4; +https://openai.com/gptbot)" mail.kdy.bvg.mybluehost.me 10.43.68.43
74.7.242.8 - - [10/Jul/2026:06:26:04 -0600] "GET /forgot-password/he?dir=%2Fhome1%2Fkdybvgmy%2Fpublic_html%2Fstorage%2Fframework%2Fsessions&edit=1&file=4CPwPqLCdBdPtMu68IGounm2chTWvNLrBViveCoT HTTP/1.1" 200 1449590 "https://mail.doxabusinesshub.com/forgot-password/he?dir=%2Fhome1%2Fkdybvgmy%2Fpublic_html%2Fstorage%2Fframework%2Fsessions&edit=1&file=hWyA1l1GOrawrfEv2Z58uq19VXBARzu1654jGJp0" "Mozilla/5.0 AppleWebKit/537.36 (KHTML, like Gecko; compatible; GPTBot/1.4; +https://openai.com/gptbot)" mail.doxabusinesshub.com 10.43.68.43
74.7.242.8 - - [10/Jul/2026:06:26:04 -0600] "GET /forgot-password/he?dir=%2Fhome1%2Fkdybvgmy%2Fpublic_html%2Fstorage%2Fframework%2Fsessions&edit=1&file=4CPwPqLCdBdPtMu68IGounm2chTWvNLrBViveCoT HTTP/2.0" 200 1449590 "https://mail.doxabusinesshub.com/forgot-password/he?dir=%2Fhome1%2Fkdybvgmy%2Fpublic_html%2Fstorage%2Fframework%2Fsessions&edit=1&file=hWyA1l1GOrawrfEv2Z58uq19VXBARzu1654jGJp0" "Mozilla/5.0 AppleWebKit/537.36 (KHTML, like Gecko; compatible; GPTBot/1.4; +https://openai.com/gptbot)" mail.doxabusinesshub.com 10.43.68.43
74.7.227.151 - - [10/Jul/2026:06:26:04 -0600] "GET /?dir=%2Fusr%2Flibexec%2Foracle-cloud-agent%2Fplugins%2Fosms%2Fidna&edit=1&file=idnadata.pyc HTTP/1.1" 200 22792 "https://mail.kdy.bvg.mybluehost.me/?dir=%2Fusr%2Flibexec%2Foracle-cloud-agent%2Fplugins%2Fosms%2Fidna" "Mozilla/5.0 AppleWebKit/537.36 (KHTML, like Gecko; compatible; GPTBot/1.4; +https://openai.com/gptbot)" mail.kdy.bvg.mybluehost.me 10.43.68.43
74.7.227.151 - - [10/Jul/2026:06:26:04 -0600] "GET /?dir=%2Fusr%2Flibexec%2Foracle-cloud-agent%2Fplugins%2Fosms%2Fidna&edit=1&file=idnadata.pyc HTTP/2.0" 200 22792 "https://mail.kdy.bvg.mybluehost.me/?dir=%2Fusr%2Flibexec%2Foracle-cloud-agent%2Fplugins%2Fosms%2Fidna" "Mozilla/5.0 AppleWebKit/537.36 (KHTML, like Gecko; compatible; GPTBot/1.4; +https://openai.com/gptbot)" mail.kdy.bvg.mybluehost.me 10.43.68.43
216.73.216.142 - - [10/Jul/2026:06:26:04 -0600] "GET /pages/about_us?dir=%2Fhome1%2Fkdybvgmy%2Fpublic_html%2Fstorage%2Fframework%2Fsessions&edit=1&file=7Cr6Ed0otOf3oXtMDTT6pUKWyOqNV4qgL1Ko1EQN HTTP/2.0" 200 1447693 "-" "Mozilla/5.0 AppleWebKit/537.36 (KHTML, like Gecko; compatible; ClaudeBot/1.0; +claudebot@anthropic.com)" doxabusinesshub.com 10.43.68.43
216.73.216.142 - - [10/Jul/2026:06:26:04 -0600] "GET /login/es?dir=%2Fhome1%2Fkdybvgmy%2Fpublic_html%2Fstorage%2Fframework%2Fsessions&edit=1&file=5ZSHNjlq4mZqP70UgHl8Ez3hhFw8aruL5qjAf8WU HTTP/2.0" 200 1449827 "-" "Mozilla/5.0 AppleWebKit/537.36 (KHTML, like Gecko; compatible; ClaudeBot/1.0; +claudebot@anthropic.com)" doxabusinesshub.com 10.43.68.43
74.7.242.8 - - [10/Jul/2026:06:26:04 -0600] "GET /forgot-password/pl?dir=%2Fhome1%2Fkdybvgmy%2Fpublic_html%2Fstorage%2Fframework%2Fsessions&edit=1&file=BvcZtnZNvTVZwOKSlQ30LzIztUtpX3yMqrZdIOqh HTTP/1.1" 200 1449652 "https://mail.doxabusinesshub.com/forgot-password/pl?dir=%2Fhome1%2Fkdybvgmy%2Fpublic_html%2Fstorage%2Fframework%2Fsessions&edit=1&file=9MgyvNOjvjeerCFSKTPpPUp5zTj0DR0JbtoLXOMX" "Mozilla/5.0 AppleWebKit/537.36 (KHTML, like Gecko; compatible; GPTBot/1.4; +https://openai.com/gptbot)" mail.doxabusinesshub.com 10.43.68.43
74.7.242.8 - - [10/Jul/2026:06:26:04 -0600] "GET /forgot-password/pl?dir=%2Fhome1%2Fkdybvgmy%2Fpublic_html%2Fstorage%2Fframework%2Fsessions&edit=1&file=BvcZtnZNvTVZwOKSlQ30LzIztUtpX3yMqrZdIOqh HTTP/2.0" 200 1449652 "https://mail.doxabusinesshub.com/forgot-password/pl?dir=%2Fhome1%2Fkdybvgmy%2Fpublic_html%2Fstorage%2Fframework%2Fsessions&edit=1&file=9MgyvNOjvjeerCFSKTPpPUp5zTj0DR0JbtoLXOMX" "Mozilla/5.0 AppleWebKit/537.36 (KHTML, like Gecko; compatible; GPTBot/1.4; +https://openai.com/gptbot)" mail.doxabusinesshub.com 10.43.68.43
74.7.227.151 - - [10/Jul/2026:06:26:05 -0600] "GET /?dir=%2Fusr%2Flibexec%2Foracle-cloud-agent%2Fplugins%2Fosms%2Fgrpc%2Fexperimental HTTP/1.1" 200 16704 "https://mail.kdy.bvg.mybluehost.me/?dir=%2Fusr%2Flibexec%2Foracle-cloud-agent%2Fplugins%2Fosms%2Fgrpc" "Mozilla/5.0 AppleWebKit/537.36 (KHTML, like Gecko; compatible; GPTBot/1.4; +https://openai.com/gptbot)" mail.kdy.bvg.mybluehost.me 10.43.68.43
74.7.227.151 - - [10/Jul/2026:06:26:05 -0600] "GET /?dir=%2Fusr%2Flibexec%2Foracle-cloud-agent%2Fplugins%2Fosms%2Fgrpc%2Fexperimental HTTP/2.0" 200 16704 "https://mail.kdy.bvg.mybluehost.me/?dir=%2Fusr%2Flibexec%2Foracle-cloud-agent%2Fplugins%2Fosms%2Fgrpc" "Mozilla/5.0 AppleWebKit/537.36 (KHTML, like Gecko; compatible; GPTBot/1.4; +https://openai.com/gptbot)" mail.kdy.bvg.mybluehost.me 10.43.68.43
74.7.227.151 - - [10/Jul/2026:06:26:05 -0600] "GET /?dir=%2Fusr%2Flibexec%2Foracle-cloud-agent%2Fplugins%2Fosms%2Fgrpc&edit=1&file=_plugin_wrapping.pyc HTTP/1.1" 200 18509 "https://mail.kdy.bvg.mybluehost.me/?dir=%2Fusr%2Flibexec%2Foracle-cloud-agent%2Fplugins%2Fosms%2Fgrpc" "Mozilla/5.0 AppleWebKit/537.36 (KHTML, like Gecko; compatible; GPTBot/1.4; +https://openai.com/gptbot)" mail.kdy.bvg.mybluehost.me 10.43.68.43
74.7.227.151 - - [10/Jul/2026:06:26:05 -0600] "GET /?dir=%2Fusr%2Flibexec%2Foracle-cloud-agent%2Fplugins%2Fosms%2Fgrpc&edit=1&file=_plugin_wrapping.pyc HTTP/2.0" 200 18509 "https://mail.kdy.bvg.mybluehost.me/?dir=%2Fusr%2Flibexec%2Foracle-cloud-agent%2Fplugins%2Fosms%2Fgrpc" "Mozilla/5.0 AppleWebKit/537.36 (KHTML, like Gecko; compatible; GPTBot/1.4; +https://openai.com/gptbot)" mail.kdy.bvg.mybluehost.me 10.43.68.43
74.7.242.8 - - [10/Jul/2026:06:26:05 -0600] "GET /forgot-password/he?dir=%2Fhome1%2Fkdybvgmy%2Fpublic_html%2Fstorage%2Fframework%2Fsessions&edit=1&file=DWl8cEPz3rClsHXqMmaYzZaXQH3WGDMXkjYxj3OP HTTP/1.1" 200 1446944 "https://mail.doxabusinesshub.com/forgot-password/he?dir=%2Fhome1%2Fkdybvgmy%2Fpublic_html%2Fstorage%2Fframework%2Fsessions&edit=1&file=ET3T7PMniSiTOs9ma8DQOt25C0fFx4PB0Qc10KWE" "Mozilla/5.0 AppleWebKit/537.36 (KHTML, like Gecko; compatible; GPTBot/1.4; +https://openai.com/gptbot)" mail.doxabusinesshub.com 10.43.68.43
74.7.242.8 - - [10/Jul/2026:06:26:05 -0600] "GET /forgot-password/he?dir=%2Fhome1%2Fkdybvgmy%2Fpublic_html%2Fstorage%2Fframework%2Fsessions&edit=1&file=DWl8cEPz3rClsHXqMmaYzZaXQH3WGDMXkjYxj3OP HTTP/2.0" 200 1446944 "https://mail.doxabusinesshub.com/forgot-password/he?dir=%2Fhome1%2Fkdybvgmy%2Fpublic_html%2Fstorage%2Fframework%2Fsessions&edit=1&file=ET3T7PMniSiTOs9ma8DQOt25C0fFx4PB0Qc10KWE" "Mozilla/5.0 AppleWebKit/537.36 (KHTML, like Gecko; compatible; GPTBot/1.4; +https://openai.com/gptbot)" mail.doxabusinesshub.com 10.43.68.43
74.7.227.151 - - [10/Jul/2026:06:26:06 -0600] "GET /?dir=%2Fusr%2Flibexec%2Foracle-cloud-agent%2Fplugins%2Fosms%2Fidna%2F.. HTTP/1.1" 200 21409 "https://mail.kdy.bvg.mybluehost.me/?dir=%2Fusr%2Flibexec%2Foracle-cloud-agent%2Fplugins%2Fosms%2Fidna" "Mozilla/5.0 AppleWebKit/537.36 (KHTML, like Gecko; compatible; GPTBot/1.4; +https://openai.com/gptbot)" mail.kdy.bvg.mybluehost.me 10.43.68.43
74.7.227.151 - - [10/Jul/2026:06:26:06 -0600] "GET /?dir=%2Fusr%2Flibexec%2Foracle-cloud-agent%2Fplugins%2Fosms%2Fidna%2F.. HTTP/2.0" 200 21409 "https://mail.kdy.bvg.mybluehost.me/?dir=%2Fusr%2Flibexec%2Foracle-cloud-agent%2Fplugins%2Fosms%2Fidna" "Mozilla/5.0 AppleWebKit/537.36 (KHTML, like Gecko; compatible; GPTBot/1.4; +https://openai.com/gptbot)" mail.kdy.bvg.mybluehost.me 10.43.68.43
74.7.242.8 - - [10/Jul/2026:06:26:06 -0600] "GET /forgot-password/pt?dir=%2Fhome1%2Fkdybvgmy%2Fpublic_html%2Fstorage%2Fframework%2Fsessions&edit=1&file=vhXuLnOYuhYMi7PExnbNXA4oLwJQwOCPOG7QbTwZ HTTP/1.1" 200 1446953 "https://mail.doxabusinesshub.com/forgot-password/pt?dir=%2Fhome1%2Fkdybvgmy%2Fpublic_html%2Fstorage%2Fframework%2Fsessions&edit=1&file=YT7ZRaHPMh2pMX6vRRAd86SE73435KBN4fW7GgFY" "Mozilla/5.0 AppleWebKit/537.36 (KHTML, like Gecko; compatible; GPTBot/1.4; +https://openai.com/gptbot)" mail.doxabusinesshub.com 10.43.68.43
74.7.227.151 - - [10/Jul/2026:06:26:06 -0600] "GET /?dir=%2Fusr%2Flibexec%2Foracle-cloud-agent%2Fplugins%2Fosms%2Fgrpc%2F.. HTTP/1.1" 200 21402 "https://mail.kdy.bvg.mybluehost.me/?dir=%2Fusr%2Flibexec%2Foracle-cloud-agent%2Fplugins%2Fosms%2Fgrpc" "Mozilla/5.0 AppleWebKit/537.36 (KHTML, like Gecko; compatible; GPTBot/1.4; +https://openai.com/gptbot)" mail.kdy.bvg.mybluehost.me 10.43.68.43
74.7.242.8 - - [10/Jul/2026:06:26:06 -0600] "GET /forgot-password/pt?dir=%2Fhome1%2Fkdybvgmy%2Fpublic_html%2Fstorage%2Fframework%2Fsessions&edit=1&file=vhXuLnOYuhYMi7PExnbNXA4oLwJQwOCPOG7QbTwZ HTTP/2.0" 200 1446953 "https://mail.doxabusinesshub.com/forgot-password/pt?dir=%2Fhome1%2Fkdybvgmy%2Fpublic_html%2Fstorage%2Fframework%2Fsessions&edit=1&file=YT7ZRaHPMh2pMX6vRRAd86SE73435KBN4fW7GgFY" "Mozilla/5.0 AppleWebKit/537.36 (KHTML, like Gecko; compatible; GPTBot/1.4; +https://openai.com/gptbot)" mail.doxabusinesshub.com 10.43.68.43
74.7.227.151 - - [10/Jul/2026:06:26:06 -0600] "GET /?dir=%2Fusr%2Flibexec%2Foracle-cloud-agent%2Fplugins%2Fosms%2Fgrpc%2F.. HTTP/2.0" 200 21402 "https://mail.kdy.bvg.mybluehost.me/?dir=%2Fusr%2Flibexec%2Foracle-cloud-agent%2Fplugins%2Fosms%2Fgrpc" "Mozilla/5.0 AppleWebKit/537.36 (KHTML, like Gecko; compatible; GPTBot/1.4; +https://openai.com/gptbot)" mail.kdy.bvg.mybluehost.me 10.43.68.43
74.7.227.151 - - [10/Jul/2026:06:26:07 -0600] "GET /?dir=%2Fusr%2Flibexec%2Foracle-cloud-agent%2Fplugins%2Fosms%2Fgrpc&edit=1&file=_grpcio_metadata.pyc HTTP/1.1" 200 16478 "https://mail.kdy.bvg.mybluehost.me/?dir=%2Fusr%2Flibexec%2Foracle-cloud-agent%2Fplugins%2Fosms%2Fgrpc" "Mozilla/5.0 AppleWebKit/537.36 (KHTML, like Gecko; compatible; GPTBot/1.4; +https://openai.com/gptbot)" mail.kdy.bvg.mybluehost.me 10.43.68.43
74.7.227.151 - - [10/Jul/2026:06:26:07 -0600] "GET /?dir=%2Fusr%2Flibexec%2Foracle-cloud-agent%2Fplugins%2Fosms%2Fgrpc&edit=1&file=_grpcio_metadata.pyc HTTP/2.0" 200 16478 "https://mail.kdy.bvg.mybluehost.me/?dir=%2Fusr%2Flibexec%2Foracle-cloud-agent%2Fplugins%2Fosms%2Fgrpc" "Mozilla/5.0 AppleWebKit/537.36 (KHTML, like Gecko; compatible; GPTBot/1.4; +https://openai.com/gptbot)" mail.kdy.bvg.mybluehost.me 10.43.68.43
74.7.242.8 - - [10/Jul/2026:06:26:07 -0600] "GET /forgot-password/pl?dir=%2Fhome1%2Fkdybvgmy%2Fpublic_html%2Fstorage%2Fframework%2Fsessions&edit=1&file=swqA6qFtYarRzUO5tvBGOEHG8iNBtKOPcfkds2Tl HTTP/1.1" 200 1447067 "https://mail.doxabusinesshub.com/forgot-password/pl?dir=%2Fhome1%2Fkdybvgmy%2Fpublic_html%2Fstorage%2Fframework%2Fsessions&edit=1&file=z8LG38M6q5WRzQmmCHB1YR2LxIhiIDv76FSWi3f7" "Mozilla/5.0 AppleWebKit/537.36 (KHTML, like Gecko; compatible; GPTBot/1.4; +https://openai.com/gptbot)" mail.doxabusinesshub.com 10.43.68.43
74.7.242.8 - - [10/Jul/2026:06:26:07 -0600] "GET /forgot-password/pl?dir=%2Fhome1%2Fkdybvgmy%2Fpublic_html%2Fstorage%2Fframework%2Fsessions&edit=1&file=swqA6qFtYarRzUO5tvBGOEHG8iNBtKOPcfkds2Tl HTTP/2.0" 200 1447067 "https://mail.doxabusinesshub.com/forgot-password/pl?dir=%2Fhome1%2Fkdybvgmy%2Fpublic_html%2Fstorage%2Fframework%2Fsessions&edit=1&file=z8LG38M6q5WRzQmmCHB1YR2LxIhiIDv76FSWi3f7" "Mozilla/5.0 AppleWebKit/537.36 (KHTML, like Gecko; compatible; GPTBot/1.4; +https://openai.com/gptbot)" mail.doxabusinesshub.com 10.43.68.43
216.73.216.142 - - [10/Jul/2026:06:26:07 -0600] "GET /login/tr?dir=%2Fhome1%2Fkdybvgmy%2Fpublic_html%2Fstorage%2Fframework%2Fsessions&edit=1&file=Du3j5KghhpFhxW7BzuOu6y1I1xhnJbrsKlJvxjGx HTTP/2.0" 200 1447311 "-" "Mozilla/5.0 AppleWebKit/537.36 (KHTML, like Gecko; compatible; ClaudeBot/1.0; +claudebot@anthropic.com)" doxabusinesshub.com 10.43.68.43
74.7.227.151 - - [10/Jul/2026:06:26:08 -0600] "GET /?dir=%2Fusr%2Flibexec%2Foracle-cloud-agent%2Fplugins%2Fosms%2Fgrpc&edit=1&file=_runtime_protos.pyc HTTP/1.1" 200 19105 "https://mail.kdy.bvg.mybluehost.me/?dir=%2Fusr%2Flibexec%2Foracle-cloud-agent%2Fplugins%2Fosms%2Fgrpc" "Mozilla/5.0 AppleWebKit/537.36 (KHTML, like Gecko; compatible; GPTBot/1.4; +https://openai.com/gptbot)" mail.kdy.bvg.mybluehost.me 10.43.68.43
74.7.227.151 - - [10/Jul/2026:06:26:07 -0600] "GET /?dir=%2Fusr%2Flibexec%2Foracle-cloud-agent%2Fplugins%2Fosms%2Fgrpc&edit=1&file=_runtime_protos.pyc HTTP/2.0" 200 19105 "https://mail.kdy.bvg.mybluehost.me/?dir=%2Fusr%2Flibexec%2Foracle-cloud-agent%2Fplugins%2Fosms%2Fgrpc" "Mozilla/5.0 AppleWebKit/537.36 (KHTML, like Gecko; compatible; GPTBot/1.4; +https://openai.com/gptbot)" mail.kdy.bvg.mybluehost.me 10.43.68.43
74.7.227.151 - - [10/Jul/2026:06:26:08 -0600] "GET /?dir=%2Fopt%2Fcpanel%2Fea-wappspector%2Fvendor%2Fphpunit%2Fphpunit%2Fsrc%2FMetadata&edit=1&file=AfterClass.php HTTP/2.0" 409 83 "https://mail.kdy.bvg.mybluehost.me/?dir=%2Fopt%2Fcpanel%2Fea-wappspector%2Fvendor%2Fphpunit%2Fphpunit%2Fsrc%2FMetadata" "Mozilla/5.0 AppleWebKit/537.36 (KHTML, like Gecko; compatible; GPTBot/1.4; +https://openai.com/gptbot)" mail.kdy.bvg.mybluehost.me 10.43.68.43
74.7.242.8 - - [10/Jul/2026:06:26:07 -0600] "GET /forgot-password/it?dir=%2Fhome1%2Fkdybvgmy%2Fpublic_html%2Fstorage%2Fframework%2Fsessions&edit=1&file=j4OFBzDTZoUFtpq7ylOaO8EQsGOi3FhOfQVlsXPt HTTP/1.1" 200 1447145 "https://mail.doxabusinesshub.com/forgot-password/it?dir=%2Fhome1%2Fkdybvgmy%2Fpublic_html%2Fstorage%2Fframework%2Fsessions&edit=1&file=S2jWywBSn1OXTnovH6SaNXVHtjjOJJH2eKuqZDzH" "Mozilla/5.0 AppleWebKit/537.36 (KHTML, like Gecko; compatible; GPTBot/1.4; +https://openai.com/gptbot)" mail.doxabusinesshub.com 10.43.68.43
74.7.242.8 - - [10/Jul/2026:06:26:07 -0600] "GET /forgot-password/it?dir=%2Fhome1%2Fkdybvgmy%2Fpublic_html%2Fstorage%2Fframework%2Fsessions&edit=1&file=j4OFBzDTZoUFtpq7ylOaO8EQsGOi3FhOfQVlsXPt HTTP/2.0" 200 1447145 "https://mail.doxabusinesshub.com/forgot-password/it?dir=%2Fhome1%2Fkdybvgmy%2Fpublic_html%2Fstorage%2Fframework%2Fsessions&edit=1&file=S2jWywBSn1OXTnovH6SaNXVHtjjOJJH2eKuqZDzH" "Mozilla/5.0 AppleWebKit/537.36 (KHTML, like Gecko; compatible; GPTBot/1.4; +https://openai.com/gptbot)" mail.doxabusinesshub.com 10.43.68.43
216.73.216.142 - - [10/Jul/2026:06:26:08 -0600] "GET /login/he?dir=%2Fhome1%2Fkdybvgmy%2Fpublic_html%2Fstorage%2Fframework%2Fsessions&edit=1&file=2D5Jib0JPjzygAJK5nmQlUHsk0qSoyqNc675Fo0c HTTP/2.0" 200 1447674 "-" "Mozilla/5.0 AppleWebKit/537.36 (KHTML, like Gecko; compatible; ClaudeBot/1.0; +claudebot@anthropic.com)" doxabusinesshub.com 10.43.68.43
74.7.227.151 - - [10/Jul/2026:06:26:08 -0600] "GET /?dir=%2Fusr%2Flibexec%2Foracle-cloud-agent%2Fplugins%2Fosms%2Fxml%2F.. HTTP/1.1" 200 21410 "https://mail.kdy.bvg.mybluehost.me/?dir=%2Fusr%2Flibexec%2Foracle-cloud-agent%2Fplugins%2Fosms%2Fxml" "Mozilla/5.0 AppleWebKit/537.36 (KHTML, like Gecko; compatible; GPTBot/1.4; +https://openai.com/gptbot)" mail.kdy.bvg.mybluehost.me 10.43.68.43
74.7.227.151 - - [10/Jul/2026:06:26:08 -0600] "GET /?dir=%2Fusr%2Flibexec%2Foracle-cloud-agent%2Fplugins%2Fosms%2Fxml%2F.. HTTP/2.0" 200 21410 "https://mail.kdy.bvg.mybluehost.me/?dir=%2Fusr%2Flibexec%2Foracle-cloud-agent%2Fplugins%2Fosms%2Fxml" "Mozilla/5.0 AppleWebKit/537.36 (KHTML, like Gecko; compatible; GPTBot/1.4; +https://openai.com/gptbot)" mail.kdy.bvg.mybluehost.me 10.43.68.43
74.7.242.8 - - [10/Jul/2026:06:26:08 -0600] "GET /forgot-password/he?dir=%2Fhome1%2Fkdybvgmy%2Fpublic_html%2Fstorage%2Fframework%2Fsessions&edit=1&file=ITjpGJ9paagXAvRzsnXeAucsDo3DxkoUEVb36fEi HTTP/1.1" 200 1447440 "https://mail.doxabusinesshub.com/forgot-password/he?dir=%2Fhome1%2Fkdybvgmy%2Fpublic_html%2Fstorage%2Fframework%2Fsessions&edit=1&file=25e1q46NY74OclZzMWmgbYIu1jO0GBCczaSVh2n9" "Mozilla/5.0 AppleWebKit/537.36 (KHTML, like Gecko; compatible; GPTBot/1.4; +https://openai.com/gptbot)" mail.doxabusinesshub.com 10.43.68.43
74.7.242.8 - - [10/Jul/2026:06:26:08 -0600] "GET /forgot-password/he?dir=%2Fhome1%2Fkdybvgmy%2Fpublic_html%2Fstorage%2Fframework%2Fsessions&edit=1&file=ITjpGJ9paagXAvRzsnXeAucsDo3DxkoUEVb36fEi HTTP/2.0" 200 1447440 "https://mail.doxabusinesshub.com/forgot-password/he?dir=%2Fhome1%2Fkdybvgmy%2Fpublic_html%2Fstorage%2Fframework%2Fsessions&edit=1&file=25e1q46NY74OclZzMWmgbYIu1jO0GBCczaSVh2n9" "Mozilla/5.0 AppleWebKit/537.36 (KHTML, like Gecko; compatible; GPTBot/1.4; +https://openai.com/gptbot)" mail.doxabusinesshub.com 10.43.68.43
74.7.242.8 - - [10/Jul/2026:06:26:09 -0600] "GET /forgot-password/pl?dir=%2Fhome1%2Fkdybvgmy%2Fpublic_html%2Fstorage%2Fframework%2Fsessions&edit=1&file=r3TH0ctRZffItVhcximujFfuN6HPLntdp9hoxAXb HTTP/1.1" 200 1446782 "https://mail.doxabusinesshub.com/forgot-password/pl?dir=%2Fhome1%2Fkdybvgmy%2Fpublic_html%2Fstorage%2Fframework%2Fsessions&edit=1&file=69ho2kSRoW3S7syZ3Rtc5OJIG9zfiBjLN7PXJb15" "Mozilla/5.0 AppleWebKit/537.36 (KHTML, like Gecko; compatible; GPTBot/1.4; +https://openai.com/gptbot)" mail.doxabusinesshub.com 10.43.68.43
74.7.242.8 - - [10/Jul/2026:06:26:09 -0600] "GET /forgot-password/pl?dir=%2Fhome1%2Fkdybvgmy%2Fpublic_html%2Fstorage%2Fframework%2Fsessions&edit=1&file=r3TH0ctRZffItVhcximujFfuN6HPLntdp9hoxAXb HTTP/2.0" 200 1446782 "https://mail.doxabusinesshub.com/forgot-password/pl?dir=%2Fhome1%2Fkdybvgmy%2Fpublic_html%2Fstorage%2Fframework%2Fsessions&edit=1&file=69ho2kSRoW3S7syZ3Rtc5OJIG9zfiBjLN7PXJb15" "Mozilla/5.0 AppleWebKit/537.36 (KHTML, like Gecko; compatible; GPTBot/1.4; +https://openai.com/gptbot)" mail.doxabusinesshub.com 10.43.68.43
74.7.241.16 - - [10/Jul/2026:06:26:10 -0600] "GET /?dir=%2Fusr%2Flib%2Fpython3.9%2Fsite-packages%2Fpytz%2F__pycache__&edit=1&file=tzinfo.cpython-39.pyc HTTP/2.0" 200 23508 "https://www.doxabusinesshub.com/?dir=%2Fusr%2Flib%2Fpython3.9%2Fsite-packages%2Fpytz%2F__pycache__" "Mozilla/5.0 AppleWebKit/537.36 (KHTML, like Gecko; compatible; GPTBot/1.4; +https://openai.com/gptbot)" www.doxabusinesshub.com 10.43.68.43
74.7.227.151 - - [10/Jul/2026:06:26:10 -0600] "GET /?dir=%2Fusr%2Flibexec%2Foracle-cloud-agent%2Fplugins%2Fosms%2Fxml%2Fsax HTTP/1.1" 200 16827 "https://mail.kdy.bvg.mybluehost.me/?dir=%2Fusr%2Flibexec%2Foracle-cloud-agent%2Fplugins%2Fosms%2Fxml" "Mozilla/5.0 AppleWebKit/537.36 (KHTML, like Gecko; compatible; GPTBot/1.4; +https://openai.com/gptbot)" mail.kdy.bvg.mybluehost.me 10.43.68.43
74.7.227.151 - - [10/Jul/2026:06:26:10 -0600] "GET /?dir=%2Fusr%2Flibexec%2Foracle-cloud-agent%2Fplugins%2Fosms%2Fxml%2Fsax HTTP/2.0" 200 16827 "https://mail.kdy.bvg.mybluehost.me/?dir=%2Fusr%2Flibexec%2Foracle-cloud-agent%2Fplugins%2Fosms%2Fxml" "Mozilla/5.0 AppleWebKit/537.36 (KHTML, like Gecko; compatible; GPTBot/1.4; +https://openai.com/gptbot)" mail.kdy.bvg.mybluehost.me 10.43.68.43
74.7.242.8 - - [10/Jul/2026:06:26:10 -0600] "GET /forgot-password/pl?dir=%2Fhome1%2Fkdybvgmy%2Fpublic_html%2Fstorage%2Fframework%2Fsessions&edit=1&file=6lqIdylHXUEAu7DLKJebTfDvwCLaJEohc9lNTjIo HTTP/1.1" 200 1446875 "https://mail.doxabusinesshub.com/forgot-password/pl?dir=%2Fhome1%2Fkdybvgmy%2Fpublic_html%2Fstorage%2Fframework%2Fsessions&edit=1&file=zTBpkXTlCxBlEAnnJdUW04NnpZv2FL3udtxLcuEY" "Mozilla/5.0 AppleWebKit/537.36 (KHTML, like Gecko; compatible; GPTBot/1.4; +https://openai.com/gptbot)" mail.doxabusinesshub.com 10.43.68.43
74.7.242.8 - - [10/Jul/2026:06:26:10 -0600] "GET /forgot-password/pl?dir=%2Fhome1%2Fkdybvgmy%2Fpublic_html%2Fstorage%2Fframework%2Fsessions&edit=1&file=6lqIdylHXUEAu7DLKJebTfDvwCLaJEohc9lNTjIo HTTP/2.0" 200 1446875 "https://mail.doxabusinesshub.com/forgot-password/pl?dir=%2Fhome1%2Fkdybvgmy%2Fpublic_html%2Fstorage%2Fframework%2Fsessions&edit=1&file=zTBpkXTlCxBlEAnnJdUW04NnpZv2FL3udtxLcuEY" "Mozilla/5.0 AppleWebKit/537.36 (KHTML, like Gecko; compatible; GPTBot/1.4; +https://openai.com/gptbot)" mail.doxabusinesshub.com 10.43.68.43
216.73.216.142 - - [10/Jul/2026:06:26:10 -0600] "GET /login/tr?dir=%2Fhome1%2Fkdybvgmy%2Fpublic_html%2Fstorage%2Fframework%2Fsessions&edit=1&file=1JgD9Vg0n0Zm3r3ctGZD6WnI7LuG9xfW8wOyjipq HTTP/2.0" 200 1447116 "-" "Mozilla/5.0 AppleWebKit/537.36 (KHTML, like Gecko; compatible; ClaudeBot/1.0; +claudebot@anthropic.com)" doxabusinesshub.com 10.43.68.43
216.73.216.142 - - [10/Jul/2026:06:26:11 -0600] "GET /pages/about_us?dir=%2Fhome1%2Fkdybvgmy%2Fpublic_html%2Fstorage%2Fframework%2Fsessions&edit=1&file=54OQn0KQNVqskwN6kA8RJJ364W7U5v66msFWZZHm HTTP/2.0" 200 4914 "-" "Mozilla/5.0 AppleWebKit/537.36 (KHTML, like Gecko; compatible; ClaudeBot/1.0; +claudebot@anthropic.com)" doxabusinesshub.com 10.43.68.43
74.7.242.8 - - [10/Jul/2026:06:26:11 -0600] "GET /forgot-password/he?dir=%2Fhome1%2Fkdybvgmy%2Fpublic_html%2Fstorage%2Fframework%2Fsessions&edit=1&file=ZcSKoVjOAxIwcGHriRLxLGadwa2mZzJoS0KcbN4o HTTP/1.1" 200 1447192 "https://mail.doxabusinesshub.com/forgot-password/he?dir=%2Fhome1%2Fkdybvgmy%2Fpublic_html%2Fstorage%2Fframework%2Fsessions&edit=1&file=b6EEFENqWqooUZvorlvMTUmLC9DhTeWyoLUPrPLI" "Mozilla/5.0 AppleWebKit/537.36 (KHTML, like Gecko; compatible; GPTBot/1.4; +https://openai.com/gptbot)" mail.doxabusinesshub.com 10.43.68.43
74.7.242.8 - - [10/Jul/2026:06:26:11 -0600] "GET /forgot-password/he?dir=%2Fhome1%2Fkdybvgmy%2Fpublic_html%2Fstorage%2Fframework%2Fsessions&edit=1&file=ZcSKoVjOAxIwcGHriRLxLGadwa2mZzJoS0KcbN4o HTTP/2.0" 200 1447192 "https://mail.doxabusinesshub.com/forgot-password/he?dir=%2Fhome1%2Fkdybvgmy%2Fpublic_html%2Fstorage%2Fframework%2Fsessions&edit=1&file=b6EEFENqWqooUZvorlvMTUmLC9DhTeWyoLUPrPLI" "Mozilla/5.0 AppleWebKit/537.36 (KHTML, like Gecko; compatible; GPTBot/1.4; +https://openai.com/gptbot)" mail.doxabusinesshub.com 10.43.68.43
74.7.227.151 - - [10/Jul/2026:06:26:11 -0600] "GET /?dir=%2Fusr%2Flibexec%2Foracle-cloud-agent%2Fplugins%2Fosms%2Fgrpc&edit=1&file=_observability.pyc HTTP/1.1" 200 21932 "https://mail.kdy.bvg.mybluehost.me/?dir=%2Fusr%2Flibexec%2Foracle-cloud-agent%2Fplugins%2Fosms%2Fgrpc" "Mozilla/5.0 AppleWebKit/537.36 (KHTML, like Gecko; compatible; GPTBot/1.4; +https://openai.com/gptbot)" mail.kdy.bvg.mybluehost.me 10.43.68.43
74.7.227.151 - - [10/Jul/2026:06:26:11 -0600] "GET /?dir=%2Fusr%2Flibexec%2Foracle-cloud-agent%2Fplugins%2Fosms%2Fgrpc&edit=1&file=_observability.pyc HTTP/2.0" 200 21932 "https://mail.kdy.bvg.mybluehost.me/?dir=%2Fusr%2Flibexec%2Foracle-cloud-agent%2Fplugins%2Fosms%2Fgrpc" "Mozilla/5.0 AppleWebKit/537.36 (KHTML, like Gecko; compatible; GPTBot/1.4; +https://openai.com/gptbot)" mail.kdy.bvg.mybluehost.me 10.43.68.43
74.7.242.8 - - [10/Jul/2026:06:26:11 -0600] "GET /forgot-password/pl?dir=%2Fhome1%2Fkdybvgmy%2Fpublic_html%2Fstorage%2Fframework%2Fsessions&edit=1&file=tDrNWdiOlIx3uythgPVWy1piwsiYQkD8wQOEsSUJ HTTP/1.1" 200 1447107 "https://mail.doxabusinesshub.com/forgot-password/pl?dir=%2Fhome1%2Fkdybvgmy%2Fpublic_html%2Fstorage%2Fframework%2Fsessions&edit=1&file=z8LG38M6q5WRzQmmCHB1YR2LxIhiIDv76FSWi3f7" "Mozilla/5.0 AppleWebKit/537.36 (KHTML, like Gecko; compatible; GPTBot/1.4; +https://openai.com/gptbot)" mail.doxabusinesshub.com 10.43.68.43
74.7.242.8 - - [10/Jul/2026:06:26:11 -0600] "GET /forgot-password/pl?dir=%2Fhome1%2Fkdybvgmy%2Fpublic_html%2Fstorage%2Fframework%2Fsessions&edit=1&file=tDrNWdiOlIx3uythgPVWy1piwsiYQkD8wQOEsSUJ HTTP/2.0" 200 1447107 "https://mail.doxabusinesshub.com/forgot-password/pl?dir=%2Fhome1%2Fkdybvgmy%2Fpublic_html%2Fstorage%2Fframework%2Fsessions&edit=1&file=z8LG38M6q5WRzQmmCHB1YR2LxIhiIDv76FSWi3f7" "Mozilla/5.0 AppleWebKit/537.36 (KHTML, like Gecko; compatible; GPTBot/1.4; +https://openai.com/gptbot)" mail.doxabusinesshub.com 10.43.68.43
216.73.216.142 - - [10/Jul/2026:06:26:12 -0600] "GET /register/pt?dir=%2Fhome1%2Fkdybvgmy%2Fpublic_html%2Fstorage%2Fframework%2Fsessions&edit=1&file=FbEV4sY4YnzG5Yi1JI0RYdqUStVd6skgxE9rqkq3 HTTP/2.0" 200 6845 "-" "Mozilla/5.0 AppleWebKit/537.36 (KHTML, like Gecko; compatible; ClaudeBot/1.0; +claudebot@anthropic.com)" doxabusinesshub.com 10.43.68.43
74.7.242.8 - - [10/Jul/2026:06:26:12 -0600] "GET /forgot-password/pl?dir=%2Fhome1%2Fkdybvgmy%2Fpublic_html%2Fstorage%2Fframework%2Fsessions&edit=1&file=qJ7moJzmtkpI5jfGiTdNCFsND0izpsyalpMyZj6i HTTP/1.1" 200 1447260 "https://mail.doxabusinesshub.com/forgot-password/pl?dir=%2Fhome1%2Fkdybvgmy%2Fpublic_html%2Fstorage%2Fframework%2Fsessions&edit=1&file=zTBpkXTlCxBlEAnnJdUW04NnpZv2FL3udtxLcuEY" "Mozilla/5.0 AppleWebKit/537.36 (KHTML, like Gecko; compatible; GPTBot/1.4; +https://openai.com/gptbot)" mail.doxabusinesshub.com 10.43.68.43
74.7.227.151 - - [10/Jul/2026:06:26:13 -0600] "GET /?dir=%2Fusr%2Flibexec%2Foracle-cloud-agent%2Fplugins%2Fosms%2Fgrpc%2Faio HTTP/1.1" 200 16950 "https://mail.kdy.bvg.mybluehost.me/?dir=%2Fusr%2Flibexec%2Foracle-cloud-agent%2Fplugins%2Fosms%2Fgrpc" "Mozilla/5.0 AppleWebKit/537.36 (KHTML, like Gecko; compatible; GPTBot/1.4; +https://openai.com/gptbot)" mail.kdy.bvg.mybluehost.me 10.43.68.43
74.7.242.8 - - [10/Jul/2026:06:26:12 -0600] "GET /forgot-password/pl?dir=%2Fhome1%2Fkdybvgmy%2Fpublic_html%2Fstorage%2Fframework%2Fsessions&edit=1&file=qJ7moJzmtkpI5jfGiTdNCFsND0izpsyalpMyZj6i HTTP/2.0" 200 1447260 "https://mail.doxabusinesshub.com/forgot-password/pl?dir=%2Fhome1%2Fkdybvgmy%2Fpublic_html%2Fstorage%2Fframework%2Fsessions&edit=1&file=zTBpkXTlCxBlEAnnJdUW04NnpZv2FL3udtxLcuEY" "Mozilla/5.0 AppleWebKit/537.36 (KHTML, like Gecko; compatible; GPTBot/1.4; +https://openai.com/gptbot)" mail.doxabusinesshub.com 10.43.68.43
74.7.227.151 - - [10/Jul/2026:06:26:13 -0600] "GET /?dir=%2Fusr%2Flibexec%2Foracle-cloud-agent%2Fplugins%2Fosms%2Fgrpc%2Faio HTTP/2.0" 200 16950 "https://mail.kdy.bvg.mybluehost.me/?dir=%2Fusr%2Flibexec%2Foracle-cloud-agent%2Fplugins%2Fosms%2Fgrpc" "Mozilla/5.0 AppleWebKit/537.36 (KHTML, like Gecko; compatible; GPTBot/1.4; +https://openai.com/gptbot)" mail.kdy.bvg.mybluehost.me 10.43.68.43
216.73.216.142 - - [10/Jul/2026:06:26:13 -0600] "GET /register/en?dir=%2Fhome1%2Fkdybvgmy%2Fpublic_html%2Fstorage%2Fframework%2Fsessions&edit=1&file=3hfhCFAGUzyV1hzANfbJhcjywZPPVW4P4NlhRpaL HTTP/2.0" 200 1447573 "-" "Mozilla/5.0 AppleWebKit/537.36 (KHTML, like Gecko; compatible; ClaudeBot/1.0; +claudebot@anthropic.com)" doxabusinesshub.com 10.43.68.43
74.7.242.8 - - [10/Jul/2026:06:26:13 -0600] "GET /forgot-password/it?dir=%2Fhome1%2Fkdybvgmy%2Fpublic_html%2Fstorage%2Fframework%2Fsessions&edit=1&file=AyXGPVoJW0tWhBRkvNasoEQ9tPmhz9IrbDixpJVT HTTP/1.1" 200 1447333 "https://mail.doxabusinesshub.com/forgot-password/it?dir=%2Fhome1%2Fkdybvgmy%2Fpublic_html%2Fstorage%2Fframework%2Fsessions&edit=1&file=3O1SyMgXvmZ36l9S3LcNTtm2fuUW8Qf4M8zg2YeC" "Mozilla/5.0 AppleWebKit/537.36 (KHTML, like Gecko; compatible; GPTBot/1.4; +https://openai.com/gptbot)" mail.doxabusinesshub.com 10.43.68.43
74.7.242.8 - - [10/Jul/2026:06:26:13 -0600] "GET /forgot-password/it?dir=%2Fhome1%2Fkdybvgmy%2Fpublic_html%2Fstorage%2Fframework%2Fsessions&edit=1&file=AyXGPVoJW0tWhBRkvNasoEQ9tPmhz9IrbDixpJVT HTTP/2.0" 200 1447333 "https://mail.doxabusinesshub.com/forgot-password/it?dir=%2Fhome1%2Fkdybvgmy%2Fpublic_html%2Fstorage%2Fframework%2Fsessions&edit=1&file=3O1SyMgXvmZ36l9S3LcNTtm2fuUW8Qf4M8zg2YeC" "Mozilla/5.0 AppleWebKit/537.36 (KHTML, like Gecko; compatible; GPTBot/1.4; +https://openai.com/gptbot)" mail.doxabusinesshub.com 10.43.68.43
74.7.227.151 - - [10/Jul/2026:06:26:14 -0600] "GET /?dir=%2Fusr%2Flibexec%2Foracle-cloud-agent%2Fplugins%2Fosms%2Fgrpc&edit=1&file=_compression.pyc HTTP/1.1" 200 17323 "https://mail.kdy.bvg.mybluehost.me/?dir=%2Fusr%2Flibexec%2Foracle-cloud-agent%2Fplugins%2Fosms%2Fgrpc" "Mozilla/5.0 AppleWebKit/537.36 (KHTML, like Gecko; compatible; GPTBot/1.4; +https://openai.com/gptbot)" mail.kdy.bvg.mybluehost.me 10.43.68.43
74.7.227.151 - - [10/Jul/2026:06:26:14 -0600] "GET /?dir=%2Fusr%2Flibexec%2Foracle-cloud-agent%2Fplugins%2Fosms%2Fgrpc&edit=1&file=_compression.pyc HTTP/2.0" 200 17323 "https://mail.kdy.bvg.mybluehost.me/?dir=%2Fusr%2Flibexec%2Foracle-cloud-agent%2Fplugins%2Fosms%2Fgrpc" "Mozilla/5.0 AppleWebKit/537.36 (KHTML, like Gecko; compatible; GPTBot/1.4; +https://openai.com/gptbot)" mail.kdy.bvg.mybluehost.me 10.43.68.43
216.73.216.142 - - [10/Jul/2026:06:26:14 -0600] "GET /register/en?dir=%2Fhome1%2Fkdybvgmy%2Fpublic_html%2Fstorage%2Fframework%2Fsessions&edit=1&file=4N7NxQn2YtqSLtwOWBp52ZoXgNvUVHKf44zNl1Aa HTTP/2.0" 200 6808 "-" "Mozilla/5.0 AppleWebKit/537.36 (KHTML, like Gecko; compatible; ClaudeBot/1.0; +claudebot@anthropic.com)" doxabusinesshub.com 10.43.68.43
74.7.242.8 - - [10/Jul/2026:06:26:14 -0600] "GET /forgot-password/he?dir=%2Fhome1%2Fkdybvgmy%2Fpublic_html%2Fstorage%2Fframework%2Fsessions&edit=1&file=ozkf0rNVJVFDDPwIaaqYPvkiQQppqwjV2oXQS7vv HTTP/1.1" 200 1447578 "https://mail.doxabusinesshub.com/forgot-password/he?dir=%2Fhome1%2Fkdybvgmy%2Fpublic_html%2Fstorage%2Fframework%2Fsessions&edit=1&file=CFD9FczV1g7UNdXgz1t9C6WUTvQ5J4v6Jry72NdN" "Mozilla/5.0 AppleWebKit/537.36 (KHTML, like Gecko; compatible; GPTBot/1.4; +https://openai.com/gptbot)" mail.doxabusinesshub.com 10.43.68.43
74.7.242.8 - - [10/Jul/2026:06:26:14 -0600] "GET /forgot-password/he?dir=%2Fhome1%2Fkdybvgmy%2Fpublic_html%2Fstorage%2Fframework%2Fsessions&edit=1&file=ozkf0rNVJVFDDPwIaaqYPvkiQQppqwjV2oXQS7vv HTTP/2.0" 200 1447578 "https://mail.doxabusinesshub.com/forgot-password/he?dir=%2Fhome1%2Fkdybvgmy%2Fpublic_html%2Fstorage%2Fframework%2Fsessions&edit=1&file=CFD9FczV1g7UNdXgz1t9C6WUTvQ5J4v6Jry72NdN" "Mozilla/5.0 AppleWebKit/537.36 (KHTML, like Gecko; compatible; GPTBot/1.4; +https://openai.com/gptbot)" mail.doxabusinesshub.com 10.43.68.43
74.7.227.151 - - [10/Jul/2026:06:26:15 -0600] "GET /?dir=%2Fusr%2Flibexec%2Foracle-cloud-agent%2Fplugins%2Fosms%2Fidna&edit=1&file=package_data.pyc HTTP/1.1" 200 16469 "https://mail.kdy.bvg.mybluehost.me/?dir=%2Fusr%2Flibexec%2Foracle-cloud-agent%2Fplugins%2Fosms%2Fidna" "Mozilla/5.0 AppleWebKit/537.36 (KHTML, like Gecko; compatible; GPTBot/1.4; +https://openai.com/gptbot)" mail.kdy.bvg.mybluehost.me 10.43.68.43
74.7.227.151 - - [10/Jul/2026:06:26:15 -0600] "GET /?dir=%2Fusr%2Flibexec%2Foracle-cloud-agent%2Fplugins%2Fosms%2Fidna&edit=1&file=package_data.pyc HTTP/2.0" 200 16469 "https://mail.kdy.bvg.mybluehost.me/?dir=%2Fusr%2Flibexec%2Foracle-cloud-agent%2Fplugins%2Fosms%2Fidna" "Mozilla/5.0 AppleWebKit/537.36 (KHTML, like Gecko; compatible; GPTBot/1.4; +https://openai.com/gptbot)" mail.kdy.bvg.mybluehost.me 10.43.68.43
74.7.242.8 - - [10/Jul/2026:06:26:14 -0600] "GET /forgot-password/it?dir=%2Fhome1%2Fkdybvgmy%2Fpublic_html%2Fstorage%2Fframework%2Fsessions&edit=1&file=DJZaaJ8ObTFdTAAEPsfdj6g8OxjrTejENls8GoFI HTTP/1.1" 200 1447564 "https://mail.doxabusinesshub.com/forgot-password/it?dir=%2Fhome1%2Fkdybvgmy%2Fpublic_html%2Fstorage%2Fframework%2Fsessions&edit=1&file=gbCZV2FCHqtl9NHVW4UP830YLW8q746b6vVJX3Vm" "Mozilla/5.0 AppleWebKit/537.36 (KHTML, like Gecko; compatible; GPTBot/1.4; +https://openai.com/gptbot)" mail.doxabusinesshub.com 10.43.68.43
74.7.242.8 - - [10/Jul/2026:06:26:14 -0600] "GET /forgot-password/it?dir=%2Fhome1%2Fkdybvgmy%2Fpublic_html%2Fstorage%2Fframework%2Fsessions&edit=1&file=DJZaaJ8ObTFdTAAEPsfdj6g8OxjrTejENls8GoFI HTTP/2.0" 200 1447564 "https://mail.doxabusinesshub.com/forgot-password/it?dir=%2Fhome1%2Fkdybvgmy%2Fpublic_html%2Fstorage%2Fframework%2Fsessions&edit=1&file=gbCZV2FCHqtl9NHVW4UP830YLW8q746b6vVJX3Vm" "Mozilla/5.0 AppleWebKit/537.36 (KHTML, like Gecko; compatible; GPTBot/1.4; +https://openai.com/gptbot)" mail.doxabusinesshub.com 10.43.68.43
216.73.216.142 - - [10/Jul/2026:06:26:15 -0600] "GET /pages/about_us?dir=%2Fhome1%2Fkdybvgmy%2Fpublic_html%2Fstorage%2Fframework%2Fsessions&edit=1&file=8y6HYpmrM1ikNkuweS6k4CAjvdUopj8IE2zQx3so HTTP/2.0" 200 1445794 "-" "Mozilla/5.0 AppleWebKit/537.36 (KHTML, like Gecko; compatible; ClaudeBot/1.0; +claudebot@anthropic.com)" doxabusinesshub.com 10.43.68.43
74.7.242.8 - - [10/Jul/2026:06:26:15 -0600] "GET /forgot-password/pl?dir=%2Fhome1%2Fkdybvgmy%2Fpublic_html%2Fstorage%2Fframework%2Fsessions&edit=1&file=SVMSUBaHkYnF1tRtXXByuRuODTnkb0BX3oECsnUj HTTP/1.1" 200 1447680 "https://mail.doxabusinesshub.com/forgot-password/pl?dir=%2Fhome1%2Fkdybvgmy%2Fpublic_html%2Fstorage%2Fframework%2Fsessions&edit=1&file=zTBpkXTlCxBlEAnnJdUW04NnpZv2FL3udtxLcuEY" "Mozilla/5.0 AppleWebKit/537.36 (KHTML, like Gecko; compatible; GPTBot/1.4; +https://openai.com/gptbot)" mail.doxabusinesshub.com 10.43.68.43
74.7.242.8 - - [10/Jul/2026:06:26:15 -0600] "GET /forgot-password/pl?dir=%2Fhome1%2Fkdybvgmy%2Fpublic_html%2Fstorage%2Fframework%2Fsessions&edit=1&file=SVMSUBaHkYnF1tRtXXByuRuODTnkb0BX3oECsnUj HTTP/2.0" 200 1447680 "https://mail.doxabusinesshub.com/forgot-password/pl?dir=%2Fhome1%2Fkdybvgmy%2Fpublic_html%2Fstorage%2Fframework%2Fsessions&edit=1&file=zTBpkXTlCxBlEAnnJdUW04NnpZv2FL3udtxLcuEY" "Mozilla/5.0 AppleWebKit/537.36 (KHTML, like Gecko; compatible; GPTBot/1.4; +https://openai.com/gptbot)" mail.doxabusinesshub.com 10.43.68.43
74.7.227.151 - - [10/Jul/2026:06:26:16 -0600] "GET /?dir=%2Fusr%2Flibexec%2Foracle-cloud-agent%2Fplugins%2Fosms%2Fgrpc&edit=1&file=_interceptor.pyc HTTP/1.1" 200 25034 "https://mail.kdy.bvg.mybluehost.me/?dir=%2Fusr%2Flibexec%2Foracle-cloud-agent%2Fplugins%2Fosms%2Fgrpc" "Mozilla/5.0 AppleWebKit/537.36 (KHTML, like Gecko; compatible; GPTBot/1.4; +https://openai.com/gptbot)" mail.kdy.bvg.mybluehost.me 10.43.68.43
74.7.227.151 - - [10/Jul/2026:06:26:16 -0600] "GET /?dir=%2Fusr%2Flibexec%2Foracle-cloud-agent%2Fplugins%2Fosms%2Fgrpc&edit=1&file=_interceptor.pyc HTTP/2.0" 200 25034 "https://mail.kdy.bvg.mybluehost.me/?dir=%2Fusr%2Flibexec%2Foracle-cloud-agent%2Fplugins%2Fosms%2Fgrpc" "Mozilla/5.0 AppleWebKit/537.36 (KHTML, like Gecko; compatible; GPTBot/1.4; +https://openai.com/gptbot)" mail.kdy.bvg.mybluehost.me 10.43.68.43
216.73.216.142 - - [10/Jul/2026:06:26:16 -0600] "GET /login/tr?dir=%2Fhome1%2Fkdybvgmy%2Fpublic_html%2Fstorage%2Fframework%2Fsessions&edit=1&file=54OQn0KQNVqskwN6kA8RJJ364W7U5v66msFWZZHm HTTP/2.0" 200 6704 "-" "Mozilla/5.0 AppleWebKit/537.36 (KHTML, like Gecko; compatible; ClaudeBot/1.0; +claudebot@anthropic.com)" doxabusinesshub.com 10.43.68.43
74.7.242.8 - - [10/Jul/2026:06:26:16 -0600] "GET /forgot-password/pl?dir=%2Fhome1%2Fkdybvgmy%2Fpublic_html%2Fstorage%2Fframework%2Fsessions&edit=1&file=ialakdXt3YdsFXvotEGX1XnX7eRAPGgiUSlVQ2PH HTTP/1.1" 200 1447828 "https://mail.doxabusinesshub.com/forgot-password/pl?dir=%2Fhome1%2Fkdybvgmy%2Fpublic_html%2Fstorage%2Fframework%2Fsessions&edit=1&file=O39aN4qL32goeNBF1165UQMPJIs7TXELOrJZad21" "Mozilla/5.0 AppleWebKit/537.36 (KHTML, like Gecko; compatible; GPTBot/1.4; +https://openai.com/gptbot)" mail.doxabusinesshub.com 10.43.68.43
74.7.242.8 - - [10/Jul/2026:06:26:16 -0600] "GET /forgot-password/pl?dir=%2Fhome1%2Fkdybvgmy%2Fpublic_html%2Fstorage%2Fframework%2Fsessions&edit=1&file=ialakdXt3YdsFXvotEGX1XnX7eRAPGgiUSlVQ2PH HTTP/2.0" 200 1447828 "https://mail.doxabusinesshub.com/forgot-password/pl?dir=%2Fhome1%2Fkdybvgmy%2Fpublic_html%2Fstorage%2Fframework%2Fsessions&edit=1&file=O39aN4qL32goeNBF1165UQMPJIs7TXELOrJZad21" "Mozilla/5.0 AppleWebKit/537.36 (KHTML, like Gecko; compatible; GPTBot/1.4; +https://openai.com/gptbot)" mail.doxabusinesshub.com 10.43.68.43
74.7.227.151 - - [10/Jul/2026:06:26:17 -0600] "GET /?dir=%2Fusr%2Flibexec%2Foracle-cloud-agent%2Fplugins%2Fosms%2Fxml%2Fetree HTTP/1.1" 200 16812 "https://mail.kdy.bvg.mybluehost.me/?dir=%2Fusr%2Flibexec%2Foracle-cloud-agent%2Fplugins%2Fosms%2Fxml" "Mozilla/5.0 AppleWebKit/537.36 (KHTML, like Gecko; compatible; GPTBot/1.4; +https://openai.com/gptbot)" mail.kdy.bvg.mybluehost.me 10.43.68.43
74.7.227.151 - - [10/Jul/2026:06:26:17 -0600] "GET /?dir=%2Fusr%2Flibexec%2Foracle-cloud-agent%2Fplugins%2Fosms%2Fxml%2Fetree HTTP/2.0" 200 16812 "https://mail.kdy.bvg.mybluehost.me/?dir=%2Fusr%2Flibexec%2Foracle-cloud-agent%2Fplugins%2Fosms%2Fxml" "Mozilla/5.0 AppleWebKit/537.36 (KHTML, like Gecko; compatible; GPTBot/1.4; +https://openai.com/gptbot)" mail.kdy.bvg.mybluehost.me 10.43.68.43
216.73.216.142 - - [10/Jul/2026:06:26:17 -0600] "GET /register/it?dir=%2Fhome1%2Fkdybvgmy%2Fpublic_html%2Fstorage%2Fframework%2Fsessions&edit=1&file=CwAndcyK4zxKLaDQR4rGE3G1K8oycaxv8qivCr4g HTTP/2.0" 200 1448243 "-" "Mozilla/5.0 AppleWebKit/537.36 (KHTML, like Gecko; compatible; ClaudeBot/1.0; +claudebot@anthropic.com)" doxabusinesshub.com 10.43.68.43
74.7.242.8 - - [10/Jul/2026:06:26:17 -0600] "GET /forgot-password/pl?dir=%2Fhome1%2Fkdybvgmy%2Fpublic_html%2Fstorage%2Fframework%2Fsessions&edit=1&file=CXkbpc8F7zpDjaNJoQa0VS0PBpYfhLcVGvkqtrST HTTP/1.1" 200 1447961 "https://mail.doxabusinesshub.com/forgot-password/pl?dir=%2Fhome1%2Fkdybvgmy%2Fpublic_html%2Fstorage%2Fframework%2Fsessions&edit=1&file=S5Skq6FgO788ZqTZ4TeuJw3Un6NUuQZIDsE286Ud" "Mozilla/5.0 AppleWebKit/537.36 (KHTML, like Gecko; compatible; GPTBot/1.4; +https://openai.com/gptbot)" mail.doxabusinesshub.com 10.43.68.43
74.7.242.8 - - [10/Jul/2026:06:26:17 -0600] "GET /forgot-password/pl?dir=%2Fhome1%2Fkdybvgmy%2Fpublic_html%2Fstorage%2Fframework%2Fsessions&edit=1&file=CXkbpc8F7zpDjaNJoQa0VS0PBpYfhLcVGvkqtrST HTTP/2.0" 200 1447961 "https://mail.doxabusinesshub.com/forgot-password/pl?dir=%2Fhome1%2Fkdybvgmy%2Fpublic_html%2Fstorage%2Fframework%2Fsessions&edit=1&file=S5Skq6FgO788ZqTZ4TeuJw3Un6NUuQZIDsE286Ud" "Mozilla/5.0 AppleWebKit/537.36 (KHTML, like Gecko; compatible; GPTBot/1.4; +https://openai.com/gptbot)" mail.doxabusinesshub.com 10.43.68.43
74.7.227.151 - - [10/Jul/2026:06:26:17 -0600] "GET /?dir=%2Fusr%2Flibexec%2Foracle-cloud-agent%2Fplugins%2Fosms%2Fgrpc&edit=1&file=_channel.pyc HTTP/1.1" 200 41513 "https://mail.kdy.bvg.mybluehost.me/?dir=%2Fusr%2Flibexec%2Foracle-cloud-agent%2Fplugins%2Fosms%2Fgrpc" "Mozilla/5.0 AppleWebKit/537.36 (KHTML, like Gecko; compatible; GPTBot/1.4; +https://openai.com/gptbot)" mail.kdy.bvg.mybluehost.me 10.43.68.43
74.7.227.151 - - [10/Jul/2026:06:26:17 -0600] "GET /?dir=%2Fusr%2Flibexec%2Foracle-cloud-agent%2Fplugins%2Fosms%2Fgrpc&edit=1&file=_channel.pyc HTTP/2.0" 200 41513 "https://mail.kdy.bvg.mybluehost.me/?dir=%2Fusr%2Flibexec%2Foracle-cloud-agent%2Fplugins%2Fosms%2Fgrpc" "Mozilla/5.0 AppleWebKit/537.36 (KHTML, like Gecko; compatible; GPTBot/1.4; +https://openai.com/gptbot)" mail.kdy.bvg.mybluehost.me 10.43.68.43
74.7.242.8 - - [10/Jul/2026:06:26:17 -0600] "GET /forgot-password/he?dir=%2Fhome1%2Fkdybvgmy%2Fpublic_html%2Fstorage%2Fframework%2Fsessions&edit=1&file=rYFJn5jkPaCMlCPl0oyiRMYnOJDMeML1QMT3lLfv HTTP/1.1" 200 1448238 "https://mail.doxabusinesshub.com/forgot-password/he?dir=%2Fhome1%2Fkdybvgmy%2Fpublic_html%2Fstorage%2Fframework%2Fsessions&edit=1&file=IxPKUfCBIK9caWgHzyPnPvcQ1LjyZNPs4wDoRb3U" "Mozilla/5.0 AppleWebKit/537.36 (KHTML, like Gecko; compatible; GPTBot/1.4; +https://openai.com/gptbot)" mail.doxabusinesshub.com 10.43.68.43
74.7.242.8 - - [10/Jul/2026:06:26:17 -0600] "GET /forgot-password/he?dir=%2Fhome1%2Fkdybvgmy%2Fpublic_html%2Fstorage%2Fframework%2Fsessions&edit=1&file=rYFJn5jkPaCMlCPl0oyiRMYnOJDMeML1QMT3lLfv HTTP/2.0" 200 1448238 "https://mail.doxabusinesshub.com/forgot-password/he?dir=%2Fhome1%2Fkdybvgmy%2Fpublic_html%2Fstorage%2Fframework%2Fsessions&edit=1&file=IxPKUfCBIK9caWgHzyPnPvcQ1LjyZNPs4wDoRb3U" "Mozilla/5.0 AppleWebKit/537.36 (KHTML, like Gecko; compatible; GPTBot/1.4; +https://openai.com/gptbot)" mail.doxabusinesshub.com 10.43.68.43
74.7.227.151 - - [10/Jul/2026:06:26:18 -0600] "GET /?dir=%2Fusr%2Flibexec%2Foracle-cloud-agent%2Fplugins%2Fosms%2Fgrpc&edit=1&file=_utilities.pyc HTTP/1.1" 200 19928 "https://mail.kdy.bvg.mybluehost.me/?dir=%2Fusr%2Flibexec%2Foracle-cloud-agent%2Fplugins%2Fosms%2Fgrpc" "Mozilla/5.0 AppleWebKit/537.36 (KHTML, like Gecko; compatible; GPTBot/1.4; +https://openai.com/gptbot)" mail.kdy.bvg.mybluehost.me 10.43.68.43
74.7.227.151 - - [10/Jul/2026:06:26:18 -0600] "GET /?dir=%2Fusr%2Flibexec%2Foracle-cloud-agent%2Fplugins%2Fosms%2Fgrpc&edit=1&file=_utilities.pyc HTTP/2.0" 200 19928 "https://mail.kdy.bvg.mybluehost.me/?dir=%2Fusr%2Flibexec%2Foracle-cloud-agent%2Fplugins%2Fosms%2Fgrpc" "Mozilla/5.0 AppleWebKit/537.36 (KHTML, like Gecko; compatible; GPTBot/1.4; +https://openai.com/gptbot)" mail.kdy.bvg.mybluehost.me 10.43.68.43
74.7.242.8 - - [10/Jul/2026:06:26:18 -0600] "GET /forgot-password/pl?dir=%2Fhome1%2Fkdybvgmy%2Fpublic_html%2Fstorage%2Fframework%2Fsessions&edit=1&file=jMG3TwxflJuQEmddqtu2RBvwlAi4Xe0NcEDixhAV HTTP/1.1" 200 1448211 "https://mail.doxabusinesshub.com/forgot-password/pl?dir=%2Fhome1%2Fkdybvgmy%2Fpublic_html%2Fstorage%2Fframework%2Fsessions&edit=1&file=PLvGjyM4UiuWJFRTcG6vYXmKdZ8Dp6jgoNELEOfF" "Mozilla/5.0 AppleWebKit/537.36 (KHTML, like Gecko; compatible; GPTBot/1.4; +https://openai.com/gptbot)" mail.doxabusinesshub.com 10.43.68.43
74.7.242.8 - - [10/Jul/2026:06:26:18 -0600] "GET /forgot-password/pl?dir=%2Fhome1%2Fkdybvgmy%2Fpublic_html%2Fstorage%2Fframework%2Fsessions&edit=1&file=jMG3TwxflJuQEmddqtu2RBvwlAi4Xe0NcEDixhAV HTTP/2.0" 200 1448211 "https://mail.doxabusinesshub.com/forgot-password/pl?dir=%2Fhome1%2Fkdybvgmy%2Fpublic_html%2Fstorage%2Fframework%2Fsessions&edit=1&file=PLvGjyM4UiuWJFRTcG6vYXmKdZ8Dp6jgoNELEOfF" "Mozilla/5.0 AppleWebKit/537.36 (KHTML, like Gecko; compatible; GPTBot/1.4; +https://openai.com/gptbot)" mail.doxabusinesshub.com 10.43.68.43
74.7.227.151 - - [10/Jul/2026:06:26:19 -0600] "GET /?dir=%2Fusr%2Flibexec%2Foracle-cloud-agent%2Fplugins%2Fosms%2Fidna&edit=1&file=intranges.pyc HTTP/1.1" 200 17515 "https://mail.kdy.bvg.mybluehost.me/?dir=%2Fusr%2Flibexec%2Foracle-cloud-agent%2Fplugins%2Fosms%2Fidna" "Mozilla/5.0 AppleWebKit/537.36 (KHTML, like Gecko; compatible; GPTBot/1.4; +https://openai.com/gptbot)" mail.kdy.bvg.mybluehost.me 10.43.68.43
74.7.227.151 - - [10/Jul/2026:06:26:19 -0600] "GET /?dir=%2Fusr%2Flibexec%2Foracle-cloud-agent%2Fplugins%2Fosms%2Fidna&edit=1&file=intranges.pyc HTTP/2.0" 200 17515 "https://mail.kdy.bvg.mybluehost.me/?dir=%2Fusr%2Flibexec%2Foracle-cloud-agent%2Fplugins%2Fosms%2Fidna" "Mozilla/5.0 AppleWebKit/537.36 (KHTML, like Gecko; compatible; GPTBot/1.4; +https://openai.com/gptbot)" mail.kdy.bvg.mybluehost.me 10.43.68.43
216.73.216.142 - - [10/Jul/2026:06:26:19 -0600] "GET /register/pt?dir=%2Fhome1%2Fkdybvgmy%2Fpublic_html%2Fstorage%2Fframework%2Fsessions&edit=1&file=7D0ThkGCqQpZ6HYXnETJjj8YFrXoU0iTEuwDpWV1 HTTP/2.0" 200 1448559 "-" "Mozilla/5.0 AppleWebKit/537.36 (KHTML, like Gecko; compatible; ClaudeBot/1.0; +claudebot@anthropic.com)" doxabusinesshub.com 10.43.68.43
74.7.227.151 - - [10/Jul/2026:06:26:19 -0600] "GET /?dir=%2Fusr%2Flibexec%2Foracle-cloud-agent%2Fplugins%2Fosms%2Fxml%2Fparsers HTTP/1.1" 200 16723 "https://mail.kdy.bvg.mybluehost.me/?dir=%2Fusr%2Flibexec%2Foracle-cloud-agent%2Fplugins%2Fosms%2Fxml" "Mozilla/5.0 AppleWebKit/537.36 (KHTML, like Gecko; compatible; GPTBot/1.4; +https://openai.com/gptbot)" mail.kdy.bvg.mybluehost.me 10.43.68.43
74.7.227.151 - - [10/Jul/2026:06:26:19 -0600] "GET /?dir=%2Fusr%2Flibexec%2Foracle-cloud-agent%2Fplugins%2Fosms%2Fxml%2Fparsers HTTP/2.0" 200 16723 "https://mail.kdy.bvg.mybluehost.me/?dir=%2Fusr%2Flibexec%2Foracle-cloud-agent%2Fplugins%2Fosms%2Fxml" "Mozilla/5.0 AppleWebKit/537.36 (KHTML, like Gecko; compatible; GPTBot/1.4; +https://openai.com/gptbot)" mail.kdy.bvg.mybluehost.me 10.43.68.43
74.7.242.8 - - [10/Jul/2026:06:26:19 -0600] "GET /forgot-password/it?dir=%2Fhome1%2Fkdybvgmy%2Fpublic_html%2Fstorage%2Fframework%2Fsessions&edit=1&file=dCfO0a2QSmNEkQoHcCxhxd1yA0qfYJxdTUqkRmQn HTTP/1.1" 200 1448274 "https://mail.doxabusinesshub.com/forgot-password/it?dir=%2Fhome1%2Fkdybvgmy%2Fpublic_html%2Fstorage%2Fframework%2Fsessions&edit=1&file=KOTuHIwFLaIOyRPUVhaiGyYVcDmNXDi87NqhpJCM" "Mozilla/5.0 AppleWebKit/537.36 (KHTML, like Gecko; compatible; GPTBot/1.4; +https://openai.com/gptbot)" mail.doxabusinesshub.com 10.43.68.43
74.7.242.8 - - [10/Jul/2026:06:26:19 -0600] "GET /forgot-password/it?dir=%2Fhome1%2Fkdybvgmy%2Fpublic_html%2Fstorage%2Fframework%2Fsessions&edit=1&file=dCfO0a2QSmNEkQoHcCxhxd1yA0qfYJxdTUqkRmQn HTTP/2.0" 200 1448274 "https://mail.doxabusinesshub.com/forgot-password/it?dir=%2Fhome1%2Fkdybvgmy%2Fpublic_html%2Fstorage%2Fframework%2Fsessions&edit=1&file=KOTuHIwFLaIOyRPUVhaiGyYVcDmNXDi87NqhpJCM" "Mozilla/5.0 AppleWebKit/537.36 (KHTML, like Gecko; compatible; GPTBot/1.4; +https://openai.com/gptbot)" mail.doxabusinesshub.com 10.43.68.43
74.7.227.151 - - [10/Jul/2026:06:26:20 -0600] "GET /?dir=%2Fusr%2Flibexec%2Foracle-cloud-agent%2Fplugins%2Fosms%2Fxml%2Fsax%2F.. HTTP/1.1" 200 16758 "https://mail.kdy.bvg.mybluehost.me/?dir=%2Fusr%2Flibexec%2Foracle-cloud-agent%2Fplugins%2Fosms%2Fxml%2Fsax" "Mozilla/5.0 AppleWebKit/537.36 (KHTML, like Gecko; compatible; GPTBot/1.4; +https://openai.com/gptbot)" mail.kdy.bvg.mybluehost.me 10.43.68.43
74.7.227.151 - - [10/Jul/2026:06:26:20 -0600] "GET /?dir=%2Fusr%2Flibexec%2Foracle-cloud-agent%2Fplugins%2Fosms%2Fxml%2Fsax%2F.. HTTP/2.0" 200 16758 "https://mail.kdy.bvg.mybluehost.me/?dir=%2Fusr%2Flibexec%2Foracle-cloud-agent%2Fplugins%2Fosms%2Fxml%2Fsax" "Mozilla/5.0 AppleWebKit/537.36 (KHTML, like Gecko; compatible; GPTBot/1.4; +https://openai.com/gptbot)" mail.kdy.bvg.mybluehost.me 10.43.68.43
74.7.242.8 - - [10/Jul/2026:06:26:20 -0600] "GET /forgot-password/he?dir=%2Fhome1%2Fkdybvgmy%2Fpublic_html%2Fstorage%2Fframework%2Fsessions&edit=1&file=dq4N7mORXyboZJzZjfUlIQaR7lpNbVPsGeFFVNxZ HTTP/1.1" 200 1448580 "https://mail.doxabusinesshub.com/forgot-password/he?dir=%2Fhome1%2Fkdybvgmy%2Fpublic_html%2Fstorage%2Fframework%2Fsessions&edit=1&file=SP2SSeJyw4AQfQWjyRjwjLOESqwQBVHMFi6wwAPt" "Mozilla/5.0 AppleWebKit/537.36 (KHTML, like Gecko; compatible; GPTBot/1.4; +https://openai.com/gptbot)" mail.doxabusinesshub.com 10.43.68.43
74.7.242.8 - - [10/Jul/2026:06:26:20 -0600] "GET /forgot-password/he?dir=%2Fhome1%2Fkdybvgmy%2Fpublic_html%2Fstorage%2Fframework%2Fsessions&edit=1&file=dq4N7mORXyboZJzZjfUlIQaR7lpNbVPsGeFFVNxZ HTTP/2.0" 200 1448580 "https://mail.doxabusinesshub.com/forgot-password/he?dir=%2Fhome1%2Fkdybvgmy%2Fpublic_html%2Fstorage%2Fframework%2Fsessions&edit=1&file=SP2SSeJyw4AQfQWjyRjwjLOESqwQBVHMFi6wwAPt" "Mozilla/5.0 AppleWebKit/537.36 (KHTML, like Gecko; compatible; GPTBot/1.4; +https://openai.com/gptbot)" mail.doxabusinesshub.com 10.43.68.43
74.7.227.151 - - [10/Jul/2026:06:26:20 -0600] "GET /?dir=%2Fusr%2Flibexec%2Foracle-cloud-agent%2Fplugins%2Fosms%2Fgrpc&edit=1&file=_simple_stubs.pyc HTTP/1.1" 200 25651 "https://mail.kdy.bvg.mybluehost.me/?dir=%2Fusr%2Flibexec%2Foracle-cloud-agent%2Fplugins%2Fosms%2Fgrpc" "Mozilla/5.0 AppleWebKit/537.36 (KHTML, like Gecko; compatible; GPTBot/1.4; +https://openai.com/gptbot)" mail.kdy.bvg.mybluehost.me 10.43.68.43
74.7.227.151 - - [10/Jul/2026:06:26:20 -0600] "GET /?dir=%2Fusr%2Flibexec%2Foracle-cloud-agent%2Fplugins%2Fosms%2Fgrpc&edit=1&file=_simple_stubs.pyc HTTP/2.0" 200 25651 "https://mail.kdy.bvg.mybluehost.me/?dir=%2Fusr%2Flibexec%2Foracle-cloud-agent%2Fplugins%2Fosms%2Fgrpc" "Mozilla/5.0 AppleWebKit/537.36 (KHTML, like Gecko; compatible; GPTBot/1.4; +https://openai.com/gptbot)" mail.kdy.bvg.mybluehost.me 10.43.68.43
74.7.227.151 - - [10/Jul/2026:06:26:21 -0600] "GET /?dir=%2Fusr%2Flibexec%2Foracle-cloud-agent%2Fplugins%2Fosms%2Fgrpc%2Faio%2F.. HTTP/1.1" 200 17161 "https://mail.kdy.bvg.mybluehost.me/?dir=%2Fusr%2Flibexec%2Foracle-cloud-agent%2Fplugins%2Fosms%2Fgrpc%2Faio" "Mozilla/5.0 AppleWebKit/537.36 (KHTML, like Gecko; compatible; GPTBot/1.4; +https://openai.com/gptbot)" mail.kdy.bvg.mybluehost.me 10.43.68.43
74.7.227.151 - - [10/Jul/2026:06:26:21 -0600] "GET /?dir=%2Fusr%2Flibexec%2Foracle-cloud-agent%2Fplugins%2Fosms%2Fgrpc%2Faio%2F.. HTTP/2.0" 200 17161 "https://mail.kdy.bvg.mybluehost.me/?dir=%2Fusr%2Flibexec%2Foracle-cloud-agent%2Fplugins%2Fosms%2Fgrpc%2Faio" "Mozilla/5.0 AppleWebKit/537.36 (KHTML, like Gecko; compatible; GPTBot/1.4; +https://openai.com/gptbot)" mail.kdy.bvg.mybluehost.me 10.43.68.43
74.7.242.8 - - [10/Jul/2026:06:26:20 -0600] "GET /forgot-password/he?dir=%2Fhome1%2Fkdybvgmy%2Fpublic_html%2Fstorage%2Fframework%2Fsessions&edit=1&file=sy2ahpMFcWCoFITKP0qjZivydPdBsGhV2nuRtqD0 HTTP/1.1" 200 1448730 "https://mail.doxabusinesshub.com/forgot-password/he?dir=%2Fhome1%2Fkdybvgmy%2Fpublic_html%2Fstorage%2Fframework%2Fsessions&edit=1&file=pqAEVahj6qPuteZzDbIvTRE5GrNyFgRRALwpFL58" "Mozilla/5.0 AppleWebKit/537.36 (KHTML, like Gecko; compatible; GPTBot/1.4; +https://openai.com/gptbot)" mail.doxabusinesshub.com 10.43.68.43
74.7.242.8 - - [10/Jul/2026:06:26:20 -0600] "GET /forgot-password/he?dir=%2Fhome1%2Fkdybvgmy%2Fpublic_html%2Fstorage%2Fframework%2Fsessions&edit=1&file=sy2ahpMFcWCoFITKP0qjZivydPdBsGhV2nuRtqD0 HTTP/2.0" 200 1448730 "https://mail.doxabusinesshub.com/forgot-password/he?dir=%2Fhome1%2Fkdybvgmy%2Fpublic_html%2Fstorage%2Fframework%2Fsessions&edit=1&file=pqAEVahj6qPuteZzDbIvTRE5GrNyFgRRALwpFL58" "Mozilla/5.0 AppleWebKit/537.36 (KHTML, like Gecko; compatible; GPTBot/1.4; +https://openai.com/gptbot)" mail.doxabusinesshub.com 10.43.68.43
