74.7.242.8 - - [10/Jul/2026:06:18:14 -0600] "GET /forgot-password/pl?dir=%2Fhome1%2Fkdybvgmy%2Fpublic_html%2Fstorage%2Fframework%2Fsessions&edit=1&file=QbnurYwLlZqFaSEIrVnAetZ504UaQ3rsYOqedkuA HTTP/2.0" 200 1489605 "https://mail.doxabusinesshub.com/forgot-password/pl?dir=%2Fhome1%2Fkdybvgmy%2Fpublic_html%2Fstorage%2Fframework%2Fsessions&edit=1&file=nyWkE4uKKQSmrW1zbZhDsbNEapEvUAXfP29iKjyQ" "Mozilla/5.0 AppleWebKit/537.36 (KHTML, like Gecko; compatible; GPTBot/1.4; +https://openai.com/gptbot)" mail.doxabusinesshub.com 10.43.68.43
74.7.227.5 - - [10/Jul/2026:06:18:15 -0600] "GET /storage/uploads/logo/favicon.png?timestamp=1783685249 HTTP/2.0" 200 21584 "https://www.doxabusinesshub.com" "Mozilla/5.0 AppleWebKit/537.36 (KHTML, like Gecko; compatible; GPTBot/1.4; +https://openai.com/gptbot)" doxabusinesshub.com 10.43.68.43
74.7.242.8 - - [10/Jul/2026:06:18:15 -0600] "GET /forgot-password/pt?dir=%2Fhome1%2Fkdybvgmy%2Fpublic_html%2Fstorage%2Fframework%2Fsessions&edit=1&file=C4eeXLvVR6wuamXYkFpCSXU1qZtozaA0HETTdRGC HTTP/1.1" 200 1489631 "https://mail.doxabusinesshub.com/forgot-password/pt?dir=%2Fhome1%2Fkdybvgmy%2Fpublic_html%2Fstorage%2Fframework%2Fsessions&edit=1&file=in59J67tT0enqotEY59347jCW5Af4ehj9J7AD4cs" "Mozilla/5.0 AppleWebKit/537.36 (KHTML, like Gecko; compatible; GPTBot/1.4; +https://openai.com/gptbot)" mail.doxabusinesshub.com 10.43.68.43
74.7.242.8 - - [10/Jul/2026:06:18:15 -0600] "GET /forgot-password/pt?dir=%2Fhome1%2Fkdybvgmy%2Fpublic_html%2Fstorage%2Fframework%2Fsessions&edit=1&file=C4eeXLvVR6wuamXYkFpCSXU1qZtozaA0HETTdRGC HTTP/2.0" 200 1489631 "https://mail.doxabusinesshub.com/forgot-password/pt?dir=%2Fhome1%2Fkdybvgmy%2Fpublic_html%2Fstorage%2Fframework%2Fsessions&edit=1&file=in59J67tT0enqotEY59347jCW5Af4ehj9J7AD4cs" "Mozilla/5.0 AppleWebKit/537.36 (KHTML, like Gecko; compatible; GPTBot/1.4; +https://openai.com/gptbot)" mail.doxabusinesshub.com 10.43.68.43
216.73.216.142 - - [10/Jul/2026:06:18:16 -0600] "GET /register?dir=%2Fhome1%2Fkdybvgmy%2Fpublic_html%2Fstorage%2Fframework%2Fsessions&edit=1&file=82dTSi7LS1bxmgc1kUGzGyQMdICCdcpzGtUdwhJm HTTP/2.0" 200 6786 "-" "Mozilla/5.0 AppleWebKit/537.36 (KHTML, like Gecko; compatible; ClaudeBot/1.0; +claudebot@anthropic.com)" doxabusinesshub.com 10.43.68.43
74.7.242.8 - - [10/Jul/2026:06:18:16 -0600] "GET /forgot-password/pt?dir=%2Fhome1%2Fkdybvgmy%2Fpublic_html%2Fstorage%2Fframework%2Fsessions&edit=1&file=JCv9WbdajWMoVdcjGvBpVdqcnTkE1InlheY0GUBn HTTP/1.1" 200 1509839 "https://mail.doxabusinesshub.com/forgot-password/pt?dir=%2Fhome1%2Fkdybvgmy%2Fpublic_html%2Fstorage%2Fframework%2Fsessions&edit=1&file=HZPbsnSx3yWxNlEd6b5qCpIcuXgxTiZ4TiZPrBRK" "Mozilla/5.0 AppleWebKit/537.36 (KHTML, like Gecko; compatible; GPTBot/1.4; +https://openai.com/gptbot)" mail.doxabusinesshub.com 10.43.68.43
74.7.242.8 - - [10/Jul/2026:06:18:16 -0600] "GET /forgot-password/pt?dir=%2Fhome1%2Fkdybvgmy%2Fpublic_html%2Fstorage%2Fframework%2Fsessions&edit=1&file=JCv9WbdajWMoVdcjGvBpVdqcnTkE1InlheY0GUBn HTTP/2.0" 200 1509839 "https://mail.doxabusinesshub.com/forgot-password/pt?dir=%2Fhome1%2Fkdybvgmy%2Fpublic_html%2Fstorage%2Fframework%2Fsessions&edit=1&file=HZPbsnSx3yWxNlEd6b5qCpIcuXgxTiZ4TiZPrBRK" "Mozilla/5.0 AppleWebKit/537.36 (KHTML, like Gecko; compatible; GPTBot/1.4; +https://openai.com/gptbot)" mail.doxabusinesshub.com 10.43.68.43
74.7.227.5 - - [10/Jul/2026:06:18:17 -0600] "GET /storage/uploads/landing_page_image/site_logo.png?timestamp=1783685249 HTTP/2.0" 200 2094 "https://www.doxabusinesshub.com" "Mozilla/5.0 AppleWebKit/537.36 (KHTML, like Gecko; compatible; GPTBot/1.4; +https://openai.com/gptbot)" doxabusinesshub.com 10.43.68.43
74.7.242.8 - - [10/Jul/2026:06:18:17 -0600] "GET /forgot-password/he?dir=%2Fhome1%2Fkdybvgmy%2Fpublic_html%2Fstorage%2Fframework%2Fsessions&edit=1&file=vlupCd3oppAcozqbdlIBkGrwq3FcyIoTSDON5DP7 HTTP/1.1" 200 1476126 "https://mail.doxabusinesshub.com/forgot-password/he?dir=%2Fhome1%2Fkdybvgmy%2Fpublic_html%2Fstorage%2Fframework%2Fsessions&edit=1&file=SP2SSeJyw4AQfQWjyRjwjLOESqwQBVHMFi6wwAPt" "Mozilla/5.0 AppleWebKit/537.36 (KHTML, like Gecko; compatible; GPTBot/1.4; +https://openai.com/gptbot)" mail.doxabusinesshub.com 10.43.68.43
74.7.242.8 - - [10/Jul/2026:06:18:17 -0600] "GET /forgot-password/he?dir=%2Fhome1%2Fkdybvgmy%2Fpublic_html%2Fstorage%2Fframework%2Fsessions&edit=1&file=vlupCd3oppAcozqbdlIBkGrwq3FcyIoTSDON5DP7 HTTP/2.0" 200 1476126 "https://mail.doxabusinesshub.com/forgot-password/he?dir=%2Fhome1%2Fkdybvgmy%2Fpublic_html%2Fstorage%2Fframework%2Fsessions&edit=1&file=SP2SSeJyw4AQfQWjyRjwjLOESqwQBVHMFi6wwAPt" "Mozilla/5.0 AppleWebKit/537.36 (KHTML, like Gecko; compatible; GPTBot/1.4; +https://openai.com/gptbot)" mail.doxabusinesshub.com 10.43.68.43
74.7.242.8 - - [10/Jul/2026:06:18:17 -0600] "GET /forgot-password/it?dir=%2Fhome1%2Fkdybvgmy%2Fpublic_html%2Fstorage%2Fframework%2Fsessions&edit=1&file=RnNnCuuFnlHXrcsegAjty2A9BlVlDcWbAwC5ztLp HTTP/1.1" 200 1475792 "https://mail.doxabusinesshub.com/forgot-password/it?dir=%2Fhome1%2Fkdybvgmy%2Fpublic_html%2Fstorage%2Fframework%2Fsessions&edit=1&file=9I5NVtAi7yqafOhIGQuRVQoLXwbFPAG3hUqaKYCF" "Mozilla/5.0 AppleWebKit/537.36 (KHTML, like Gecko; compatible; GPTBot/1.4; +https://openai.com/gptbot)" mail.doxabusinesshub.com 10.43.68.43
74.7.242.8 - - [10/Jul/2026:06:18:17 -0600] "GET /forgot-password/it?dir=%2Fhome1%2Fkdybvgmy%2Fpublic_html%2Fstorage%2Fframework%2Fsessions&edit=1&file=RnNnCuuFnlHXrcsegAjty2A9BlVlDcWbAwC5ztLp HTTP/2.0" 200 1475792 "https://mail.doxabusinesshub.com/forgot-password/it?dir=%2Fhome1%2Fkdybvgmy%2Fpublic_html%2Fstorage%2Fframework%2Fsessions&edit=1&file=9I5NVtAi7yqafOhIGQuRVQoLXwbFPAG3hUqaKYCF" "Mozilla/5.0 AppleWebKit/537.36 (KHTML, like Gecko; compatible; GPTBot/1.4; +https://openai.com/gptbot)" mail.doxabusinesshub.com 10.43.68.43
74.7.242.8 - - [10/Jul/2026:06:18:18 -0600] "GET /forgot-password/he?dir=%2Fhome1%2Fkdybvgmy%2Fpublic_html%2Fstorage%2Fframework%2Fsessions&edit=1&file=xUQzzlLCF4bociygHCDp7qsfkuq9krdFcXYfXK4q HTTP/1.1" 200 1475980 "https://mail.doxabusinesshub.com/forgot-password/he?dir=%2Fhome1%2Fkdybvgmy%2Fpublic_html%2Fstorage%2Fframework%2Fsessions&edit=1&file=SP2SSeJyw4AQfQWjyRjwjLOESqwQBVHMFi6wwAPt" "Mozilla/5.0 AppleWebKit/537.36 (KHTML, like Gecko; compatible; GPTBot/1.4; +https://openai.com/gptbot)" mail.doxabusinesshub.com 10.43.68.43
74.7.242.8 - - [10/Jul/2026:06:18:18 -0600] "GET /forgot-password/he?dir=%2Fhome1%2Fkdybvgmy%2Fpublic_html%2Fstorage%2Fframework%2Fsessions&edit=1&file=xUQzzlLCF4bociygHCDp7qsfkuq9krdFcXYfXK4q HTTP/2.0" 200 1475980 "https://mail.doxabusinesshub.com/forgot-password/he?dir=%2Fhome1%2Fkdybvgmy%2Fpublic_html%2Fstorage%2Fframework%2Fsessions&edit=1&file=SP2SSeJyw4AQfQWjyRjwjLOESqwQBVHMFi6wwAPt" "Mozilla/5.0 AppleWebKit/537.36 (KHTML, like Gecko; compatible; GPTBot/1.4; +https://openai.com/gptbot)" mail.doxabusinesshub.com 10.43.68.43
74.7.227.5 - - [10/Jul/2026:06:18:19 -0600] "GET /storage/uploads/logo/favicon.png?timestamp=1783685263 HTTP/2.0" 200 21584 "https://mail.kdy.bvg.mybluehost.me" "Mozilla/5.0 AppleWebKit/537.36 (KHTML, like Gecko; compatible; GPTBot/1.4; +https://openai.com/gptbot)" doxabusinesshub.com 10.43.68.43
74.7.227.151 - - [10/Jul/2026:06:18:19 -0600] "GET /?dir=%2Fopt%2Fcpanel%2Fea-wappspector%2Fvendor%2Fsquizlabs%2Fphp_codesniffer&edit=1&file=composer.json HTTP/2.0" 200 17216 "https://mail.kdy.bvg.mybluehost.me/?dir=%2Fopt%2Fcpanel%2Fea-wappspector%2Fvendor%2Fsquizlabs%2Fphp_codesniffer" "Mozilla/5.0 AppleWebKit/537.36 (KHTML, like Gecko; compatible; GPTBot/1.4; +https://openai.com/gptbot)" mail.kdy.bvg.mybluehost.me 10.43.68.43
74.7.242.8 - - [10/Jul/2026:06:18:19 -0600] "GET /forgot-password/pt?dir=%2Fhome1%2Fkdybvgmy%2Fpublic_html%2Fstorage%2Fframework%2Fsessions&edit=1&file=uCqRrPtKBhPEfZpnR1CP7zF7RNchItxtJBUH9UFN HTTP/1.1" 200 1475895 "https://mail.doxabusinesshub.com/forgot-password/pt?dir=%2Fhome1%2Fkdybvgmy%2Fpublic_html%2Fstorage%2Fframework%2Fsessions&edit=1&file=HgrdEQ2am9SxLg3O0bG85N6CmWh3E0ZAOV0KwJy4" "Mozilla/5.0 AppleWebKit/537.36 (KHTML, like Gecko; compatible; GPTBot/1.4; +https://openai.com/gptbot)" mail.doxabusinesshub.com 10.43.68.43
74.7.242.8 - - [10/Jul/2026:06:18:19 -0600] "GET /forgot-password/pt?dir=%2Fhome1%2Fkdybvgmy%2Fpublic_html%2Fstorage%2Fframework%2Fsessions&edit=1&file=uCqRrPtKBhPEfZpnR1CP7zF7RNchItxtJBUH9UFN HTTP/2.0" 200 1475895 "https://mail.doxabusinesshub.com/forgot-password/pt?dir=%2Fhome1%2Fkdybvgmy%2Fpublic_html%2Fstorage%2Fframework%2Fsessions&edit=1&file=HgrdEQ2am9SxLg3O0bG85N6CmWh3E0ZAOV0KwJy4" "Mozilla/5.0 AppleWebKit/537.36 (KHTML, like Gecko; compatible; GPTBot/1.4; +https://openai.com/gptbot)" mail.doxabusinesshub.com 10.43.68.43
74.7.242.8 - - [10/Jul/2026:06:18:20 -0600] "GET /forgot-password/pt?dir=%2Fhome1%2Fkdybvgmy%2Fpublic_html%2Fstorage%2Fframework%2Fsessions&edit=1&file=CHyrgipSC87ulqIS0rWMJnyz1SWQVGpwuMlQKITb HTTP/1.1" 200 1475978 "https://mail.doxabusinesshub.com/forgot-password/pt?dir=%2Fhome1%2Fkdybvgmy%2Fpublic_html%2Fstorage%2Fframework%2Fsessions&edit=1&file=HgrdEQ2am9SxLg3O0bG85N6CmWh3E0ZAOV0KwJy4" "Mozilla/5.0 AppleWebKit/537.36 (KHTML, like Gecko; compatible; GPTBot/1.4; +https://openai.com/gptbot)" mail.doxabusinesshub.com 10.43.68.43
74.7.242.8 - - [10/Jul/2026:06:18:20 -0600] "GET /forgot-password/pt?dir=%2Fhome1%2Fkdybvgmy%2Fpublic_html%2Fstorage%2Fframework%2Fsessions&edit=1&file=CHyrgipSC87ulqIS0rWMJnyz1SWQVGpwuMlQKITb HTTP/2.0" 200 1475978 "https://mail.doxabusinesshub.com/forgot-password/pt?dir=%2Fhome1%2Fkdybvgmy%2Fpublic_html%2Fstorage%2Fframework%2Fsessions&edit=1&file=HgrdEQ2am9SxLg3O0bG85N6CmWh3E0ZAOV0KwJy4" "Mozilla/5.0 AppleWebKit/537.36 (KHTML, like Gecko; compatible; GPTBot/1.4; +https://openai.com/gptbot)" mail.doxabusinesshub.com 10.43.68.43
74.7.227.5 - - [10/Jul/2026:06:18:21 -0600] "GET /storage/uploads/landing_page_image/site_logo.png?timestamp=1783685263 HTTP/2.0" 200 2094 "https://mail.kdy.bvg.mybluehost.me" "Mozilla/5.0 AppleWebKit/537.36 (KHTML, like Gecko; compatible; GPTBot/1.4; +https://openai.com/gptbot)" doxabusinesshub.com 10.43.68.43
216.73.216.142 - - [10/Jul/2026:06:18:21 -0600] "GET /register/it?dir=%2Fhome1%2Fkdybvgmy%2Fpublic_html%2Fstorage%2Fframework%2Fsessions&edit=1&file=MItx6IlFVmi8eBf2laKicymoHqNLnxtZ18gyqlwx HTTP/2.0" 200 6827 "-" "Mozilla/5.0 AppleWebKit/537.36 (KHTML, like Gecko; compatible; ClaudeBot/1.0; +claudebot@anthropic.com)" doxabusinesshub.com 10.43.68.43
74.7.242.8 - - [10/Jul/2026:06:18:21 -0600] "GET /forgot-password/pt?dir=%2Fhome1%2Fkdybvgmy%2Fpublic_html%2Fstorage%2Fframework%2Fsessions&edit=1&file=QOMxzvPDIMAphb2O7vVf1bXNpxTHYIGoQGvOHoFo HTTP/1.1" 200 1476026 "https://mail.doxabusinesshub.com/forgot-password/pt?dir=%2Fhome1%2Fkdybvgmy%2Fpublic_html%2Fstorage%2Fframework%2Fsessions&edit=1&file=hnWrDwCZmN3UYb3WAXejAzHxvVWOlzGu7e5YhlOl" "Mozilla/5.0 AppleWebKit/537.36 (KHTML, like Gecko; compatible; GPTBot/1.4; +https://openai.com/gptbot)" mail.doxabusinesshub.com 10.43.68.43
74.7.242.8 - - [10/Jul/2026:06:18:20 -0600] "GET /forgot-password/pt?dir=%2Fhome1%2Fkdybvgmy%2Fpublic_html%2Fstorage%2Fframework%2Fsessions&edit=1&file=QOMxzvPDIMAphb2O7vVf1bXNpxTHYIGoQGvOHoFo HTTP/2.0" 200 1476026 "https://mail.doxabusinesshub.com/forgot-password/pt?dir=%2Fhome1%2Fkdybvgmy%2Fpublic_html%2Fstorage%2Fframework%2Fsessions&edit=1&file=hnWrDwCZmN3UYb3WAXejAzHxvVWOlzGu7e5YhlOl" "Mozilla/5.0 AppleWebKit/537.36 (KHTML, like Gecko; compatible; GPTBot/1.4; +https://openai.com/gptbot)" mail.doxabusinesshub.com 10.43.68.43
74.7.242.8 - - [10/Jul/2026:06:18:21 -0600] "GET /forgot-password/pt?dir=%2Fhome1%2Fkdybvgmy%2Fpublic_html%2Fstorage%2Fframework%2Fsessions&edit=1&file=xPAbyaVTAwV5ftpvmzPXyzn0nFaDBxJPN0hayoqS HTTP/1.1" 200 1476123 "https://mail.doxabusinesshub.com/forgot-password/pt?dir=%2Fhome1%2Fkdybvgmy%2Fpublic_html%2Fstorage%2Fframework%2Fsessions&edit=1&file=V0zR2fIB1VD2gUjAAM7W0dj6Kly1RK2jO3Qwb92Z" "Mozilla/5.0 AppleWebKit/537.36 (KHTML, like Gecko; compatible; GPTBot/1.4; +https://openai.com/gptbot)" mail.doxabusinesshub.com 10.43.68.43
74.7.242.8 - - [10/Jul/2026:06:18:21 -0600] "GET /forgot-password/pt?dir=%2Fhome1%2Fkdybvgmy%2Fpublic_html%2Fstorage%2Fframework%2Fsessions&edit=1&file=xPAbyaVTAwV5ftpvmzPXyzn0nFaDBxJPN0hayoqS HTTP/2.0" 200 1476123 "https://mail.doxabusinesshub.com/forgot-password/pt?dir=%2Fhome1%2Fkdybvgmy%2Fpublic_html%2Fstorage%2Fframework%2Fsessions&edit=1&file=V0zR2fIB1VD2gUjAAM7W0dj6Kly1RK2jO3Qwb92Z" "Mozilla/5.0 AppleWebKit/537.36 (KHTML, like Gecko; compatible; GPTBot/1.4; +https://openai.com/gptbot)" mail.doxabusinesshub.com 10.43.68.43
74.7.227.5 - - [10/Jul/2026:06:18:22 -0600] "GET /storage/uploads/logo/favicon.png?timestamp=1783685403 HTTP/2.0" 200 21584 "https://kdy.bvg.mybluehost.me" "Mozilla/5.0 AppleWebKit/537.36 (KHTML, like Gecko; compatible; GPTBot/1.4; +https://openai.com/gptbot)" doxabusinesshub.com 10.43.68.43
74.7.242.8 - - [10/Jul/2026:06:18:22 -0600] "GET /forgot-password/pt?dir=%2Fhome1%2Fkdybvgmy%2Fpublic_html%2Fstorage%2Fframework%2Fsessions&edit=1&file=5HqvFY44UUGvBnxPwPiqWegKgGpinKOvo7njaTgD HTTP/1.1" 200 1476174 "https://mail.doxabusinesshub.com/forgot-password/pt?dir=%2Fhome1%2Fkdybvgmy%2Fpublic_html%2Fstorage%2Fframework%2Fsessions&edit=1&file=44lWprX2Kgf4b7la32u9NOOSx9qQc7NQjvmV43dl" "Mozilla/5.0 AppleWebKit/537.36 (KHTML, like Gecko; compatible; GPTBot/1.4; +https://openai.com/gptbot)" mail.doxabusinesshub.com 10.43.68.43
74.7.242.8 - - [10/Jul/2026:06:18:22 -0600] "GET /forgot-password/pt?dir=%2Fhome1%2Fkdybvgmy%2Fpublic_html%2Fstorage%2Fframework%2Fsessions&edit=1&file=5HqvFY44UUGvBnxPwPiqWegKgGpinKOvo7njaTgD HTTP/2.0" 200 1476174 "https://mail.doxabusinesshub.com/forgot-password/pt?dir=%2Fhome1%2Fkdybvgmy%2Fpublic_html%2Fstorage%2Fframework%2Fsessions&edit=1&file=44lWprX2Kgf4b7la32u9NOOSx9qQc7NQjvmV43dl" "Mozilla/5.0 AppleWebKit/537.36 (KHTML, like Gecko; compatible; GPTBot/1.4; +https://openai.com/gptbot)" mail.doxabusinesshub.com 10.43.68.43
74.7.242.8 - - [10/Jul/2026:06:18:23 -0600] "GET /forgot-password/it?dir=%2Fhome1%2Fkdybvgmy%2Fpublic_html%2Fstorage%2Fframework%2Fsessions&edit=1&file=4RDTwFOM89QbNhEbQsezhLsrshcFuvtMnPbqMMbs HTTP/1.1" 200 1476225 "https://mail.doxabusinesshub.com/forgot-password/it?dir=%2Fhome1%2Fkdybvgmy%2Fpublic_html%2Fstorage%2Fframework%2Fsessions&edit=1&file=7sWXkQyXZWGrqMEYowIHQB6nSAXTTzTOL2c9C8Cm" "Mozilla/5.0 AppleWebKit/537.36 (KHTML, like Gecko; compatible; GPTBot/1.4; +https://openai.com/gptbot)" mail.doxabusinesshub.com 10.43.68.43
74.7.242.8 - - [10/Jul/2026:06:18:23 -0600] "GET /forgot-password/it?dir=%2Fhome1%2Fkdybvgmy%2Fpublic_html%2Fstorage%2Fframework%2Fsessions&edit=1&file=4RDTwFOM89QbNhEbQsezhLsrshcFuvtMnPbqMMbs HTTP/2.0" 200 1476225 "https://mail.doxabusinesshub.com/forgot-password/it?dir=%2Fhome1%2Fkdybvgmy%2Fpublic_html%2Fstorage%2Fframework%2Fsessions&edit=1&file=7sWXkQyXZWGrqMEYowIHQB6nSAXTTzTOL2c9C8Cm" "Mozilla/5.0 AppleWebKit/537.36 (KHTML, like Gecko; compatible; GPTBot/1.4; +https://openai.com/gptbot)" mail.doxabusinesshub.com 10.43.68.43
74.7.227.5 - - [10/Jul/2026:06:18:24 -0600] "GET /storage/uploads/landing_page_image/site_logo.png?timestamp=1783685403 HTTP/2.0" 200 2094 "https://kdy.bvg.mybluehost.me" "Mozilla/5.0 AppleWebKit/537.36 (KHTML, like Gecko; compatible; GPTBot/1.4; +https://openai.com/gptbot)" doxabusinesshub.com 10.43.68.43
74.7.242.8 - - [10/Jul/2026:06:18:24 -0600] "GET /forgot-password/it?dir=%2Fhome1%2Fkdybvgmy%2Fpublic_html%2Fstorage%2Fframework%2Fsessions&edit=1&file=MpLNEERv4sVFXFOEMrMei0wzJiunNvV4lHaBf0FV HTTP/1.1" 200 1476269 "https://mail.doxabusinesshub.com/forgot-password/it?dir=%2Fhome1%2Fkdybvgmy%2Fpublic_html%2Fstorage%2Fframework%2Fsessions&edit=1&file=gbCZV2FCHqtl9NHVW4UP830YLW8q746b6vVJX3Vm" "Mozilla/5.0 AppleWebKit/537.36 (KHTML, like Gecko; compatible; GPTBot/1.4; +https://openai.com/gptbot)" mail.doxabusinesshub.com 10.43.68.43
74.7.242.8 - - [10/Jul/2026:06:18:24 -0600] "GET /forgot-password/it?dir=%2Fhome1%2Fkdybvgmy%2Fpublic_html%2Fstorage%2Fframework%2Fsessions&edit=1&file=MpLNEERv4sVFXFOEMrMei0wzJiunNvV4lHaBf0FV HTTP/2.0" 200 1476269 "https://mail.doxabusinesshub.com/forgot-password/it?dir=%2Fhome1%2Fkdybvgmy%2Fpublic_html%2Fstorage%2Fframework%2Fsessions&edit=1&file=gbCZV2FCHqtl9NHVW4UP830YLW8q746b6vVJX3Vm" "Mozilla/5.0 AppleWebKit/537.36 (KHTML, like Gecko; compatible; GPTBot/1.4; +https://openai.com/gptbot)" mail.doxabusinesshub.com 10.43.68.43
74.7.227.5 - - [10/Jul/2026:06:18:25 -0600] "GET /storage/uploads/landing_page_image/site_logo.png?timestamp=1783685557 HTTP/2.0" 200 2094 "https://kdy.bvg.mybluehost.me" "Mozilla/5.0 AppleWebKit/537.36 (KHTML, like Gecko; compatible; GPTBot/1.4; +https://openai.com/gptbot)" doxabusinesshub.com 10.43.68.43
74.7.242.8 - - [10/Jul/2026:06:18:24 -0600] "GET /forgot-password/pt?dir=%2Fhome1%2Fkdybvgmy%2Fpublic_html%2Fstorage%2Fframework%2Fsessions&edit=1&file=AQaLowI2WvIskz3iEyzNuEhqrNYtE0flmtBnDHtL HTTP/1.1" 200 1476331 "https://mail.doxabusinesshub.com/forgot-password/pt?dir=%2Fhome1%2Fkdybvgmy%2Fpublic_html%2Fstorage%2Fframework%2Fsessions&edit=1&file=k2BBQPvVYBTeXGaxWmNLZSu7lxxHHBEMuUB77ZIS" "Mozilla/5.0 AppleWebKit/537.36 (KHTML, like Gecko; compatible; GPTBot/1.4; +https://openai.com/gptbot)" mail.doxabusinesshub.com 10.43.68.43
74.7.242.8 - - [10/Jul/2026:06:18:24 -0600] "GET /forgot-password/pt?dir=%2Fhome1%2Fkdybvgmy%2Fpublic_html%2Fstorage%2Fframework%2Fsessions&edit=1&file=AQaLowI2WvIskz3iEyzNuEhqrNYtE0flmtBnDHtL HTTP/2.0" 200 1476331 "https://mail.doxabusinesshub.com/forgot-password/pt?dir=%2Fhome1%2Fkdybvgmy%2Fpublic_html%2Fstorage%2Fframework%2Fsessions&edit=1&file=k2BBQPvVYBTeXGaxWmNLZSu7lxxHHBEMuUB77ZIS" "Mozilla/5.0 AppleWebKit/537.36 (KHTML, like Gecko; compatible; GPTBot/1.4; +https://openai.com/gptbot)" mail.doxabusinesshub.com 10.43.68.43
74.7.227.5 - - [10/Jul/2026:06:18:26 -0600] "GET /storage/uploads/logo/favicon.png?timestamp=1783685557 HTTP/2.0" 200 21584 "https://kdy.bvg.mybluehost.me" "Mozilla/5.0 AppleWebKit/537.36 (KHTML, like Gecko; compatible; GPTBot/1.4; +https://openai.com/gptbot)" doxabusinesshub.com 10.43.68.43
74.7.227.151 - - [10/Jul/2026:06:18:25 -0600] "GET /?dir=%2Fopt%2Fcpanel%2Fea-wappspector%2Fvendor%2Fsquizlabs%2Fphp_codesniffer&edit=1&file=CHANGELOG.md HTTP/1.1" 200 226972 "https://mail.kdy.bvg.mybluehost.me/?dir=%2Fopt%2Fcpanel%2Fea-wappspector%2Fvendor%2Fsquizlabs%2Fphp_codesniffer" "Mozilla/5.0 AppleWebKit/537.36 (KHTML, like Gecko; compatible; GPTBot/1.4; +https://openai.com/gptbot)" mail.kdy.bvg.mybluehost.me 10.43.68.43
74.7.242.8 - - [10/Jul/2026:06:18:25 -0600] "GET /forgot-password/pl?dir=%2Fhome1%2Fkdybvgmy%2Fpublic_html%2Fstorage%2Fframework%2Fsessions&edit=1&file=zQNkEG8Lyu4qwgssGBo5BhnX6GTKeXPcsYGvugTH HTTP/1.1" 200 1476397 "https://mail.doxabusinesshub.com/forgot-password/pl?dir=%2Fhome1%2Fkdybvgmy%2Fpublic_html%2Fstorage%2Fframework%2Fsessions&edit=1&file=nyWkE4uKKQSmrW1zbZhDsbNEapEvUAXfP29iKjyQ" "Mozilla/5.0 AppleWebKit/537.36 (KHTML, like Gecko; compatible; GPTBot/1.4; +https://openai.com/gptbot)" mail.doxabusinesshub.com 10.43.68.43
74.7.242.8 - - [10/Jul/2026:06:18:25 -0600] "GET /forgot-password/pl?dir=%2Fhome1%2Fkdybvgmy%2Fpublic_html%2Fstorage%2Fframework%2Fsessions&edit=1&file=zQNkEG8Lyu4qwgssGBo5BhnX6GTKeXPcsYGvugTH HTTP/2.0" 200 1476397 "https://mail.doxabusinesshub.com/forgot-password/pl?dir=%2Fhome1%2Fkdybvgmy%2Fpublic_html%2Fstorage%2Fframework%2Fsessions&edit=1&file=nyWkE4uKKQSmrW1zbZhDsbNEapEvUAXfP29iKjyQ" "Mozilla/5.0 AppleWebKit/537.36 (KHTML, like Gecko; compatible; GPTBot/1.4; +https://openai.com/gptbot)" mail.doxabusinesshub.com 10.43.68.43
74.7.227.151 - - [10/Jul/2026:06:18:25 -0600] "GET /?dir=%2Fopt%2Fcpanel%2Fea-wappspector%2Fvendor%2Fsquizlabs%2Fphp_codesniffer&edit=1&file=CHANGELOG.md HTTP/2.0" 200 226972 "https://mail.kdy.bvg.mybluehost.me/?dir=%2Fopt%2Fcpanel%2Fea-wappspector%2Fvendor%2Fsquizlabs%2Fphp_codesniffer" "Mozilla/5.0 AppleWebKit/537.36 (KHTML, like Gecko; compatible; GPTBot/1.4; +https://openai.com/gptbot)" mail.kdy.bvg.mybluehost.me 10.43.68.43
74.7.242.8 - - [10/Jul/2026:06:18:26 -0600] "GET /forgot-password/it?dir=%2Fhome1%2Fkdybvgmy%2Fpublic_html%2Fstorage%2Fframework%2Fsessions&edit=1&file=LlUI1guhUd4RdpPLxKgcwjGR9jcD2iVjbZfUlxmm HTTP/1.1" 200 1476466 "https://mail.doxabusinesshub.com/forgot-password/it?dir=%2Fhome1%2Fkdybvgmy%2Fpublic_html%2Fstorage%2Fframework%2Fsessions&edit=1&file=O39aN4qL32goeNBF1165UQMPJIs7TXELOrJZad21" "Mozilla/5.0 AppleWebKit/537.36 (KHTML, like Gecko; compatible; GPTBot/1.4; +https://openai.com/gptbot)" mail.doxabusinesshub.com 10.43.68.43
74.7.242.8 - - [10/Jul/2026:06:18:26 -0600] "GET /forgot-password/it?dir=%2Fhome1%2Fkdybvgmy%2Fpublic_html%2Fstorage%2Fframework%2Fsessions&edit=1&file=LlUI1guhUd4RdpPLxKgcwjGR9jcD2iVjbZfUlxmm HTTP/2.0" 200 1476466 "https://mail.doxabusinesshub.com/forgot-password/it?dir=%2Fhome1%2Fkdybvgmy%2Fpublic_html%2Fstorage%2Fframework%2Fsessions&edit=1&file=O39aN4qL32goeNBF1165UQMPJIs7TXELOrJZad21" "Mozilla/5.0 AppleWebKit/537.36 (KHTML, like Gecko; compatible; GPTBot/1.4; +https://openai.com/gptbot)" mail.doxabusinesshub.com 10.43.68.43
74.7.227.5 - - [10/Jul/2026:06:18:26 -0600] "GET /storage/uploads/landing_page_image/site_logo.png?timestamp=1783685734 HTTP/2.0" 200 2094 "https://mail.kdy.bvg.mybluehost.me" "Mozilla/5.0 AppleWebKit/537.36 (KHTML, like Gecko; compatible; GPTBot/1.4; +https://openai.com/gptbot)" doxabusinesshub.com 10.43.68.43
216.73.216.142 - - [10/Jul/2026:06:18:26 -0600] "GET /login/es?dir=%2Fhome1%2Fkdybvgmy%2Fpublic_html%2Fstorage%2Fframework%2Fsessions&edit=1&file=6pIv3coHenJdAlud3iKBZOZKGqanG4tca4Ks4seA HTTP/2.0" 200 1476656 "-" "Mozilla/5.0 AppleWebKit/537.36 (KHTML, like Gecko; compatible; ClaudeBot/1.0; +claudebot@anthropic.com)" doxabusinesshub.com 10.43.68.43
74.7.242.8 - - [10/Jul/2026:06:18:27 -0600] "GET /forgot-password/pl?dir=%2Fhome1%2Fkdybvgmy%2Fpublic_html%2Fstorage%2Fframework%2Fsessions&edit=1&file=lJcEHSLnFqtcJsEwA7sPt7BnPxLEm2ak4olJLkOc HTTP/1.1" 200 1476591 "https://mail.doxabusinesshub.com/forgot-password/pl?dir=%2Fhome1%2Fkdybvgmy%2Fpublic_html%2Fstorage%2Fframework%2Fsessions&edit=1&file=dUVq5JoaynMjc3Nj2ksTpJQRTRR6cTauMHFvgvJp" "Mozilla/5.0 AppleWebKit/537.36 (KHTML, like Gecko; compatible; GPTBot/1.4; +https://openai.com/gptbot)" mail.doxabusinesshub.com 10.43.68.43
74.7.242.8 - - [10/Jul/2026:06:18:27 -0600] "GET /forgot-password/pl?dir=%2Fhome1%2Fkdybvgmy%2Fpublic_html%2Fstorage%2Fframework%2Fsessions&edit=1&file=lJcEHSLnFqtcJsEwA7sPt7BnPxLEm2ak4olJLkOc HTTP/2.0" 200 1476591 "https://mail.doxabusinesshub.com/forgot-password/pl?dir=%2Fhome1%2Fkdybvgmy%2Fpublic_html%2Fstorage%2Fframework%2Fsessions&edit=1&file=dUVq5JoaynMjc3Nj2ksTpJQRTRR6cTauMHFvgvJp" "Mozilla/5.0 AppleWebKit/537.36 (KHTML, like Gecko; compatible; GPTBot/1.4; +https://openai.com/gptbot)" mail.doxabusinesshub.com 10.43.68.43
74.7.227.5 - - [10/Jul/2026:06:18:27 -0600] "GET /storage/uploads/logo/favicon.png?timestamp=1783685734 HTTP/2.0" 200 21584 "https://mail.kdy.bvg.mybluehost.me" "Mozilla/5.0 AppleWebKit/537.36 (KHTML, like Gecko; compatible; GPTBot/1.4; +https://openai.com/gptbot)" doxabusinesshub.com 10.43.68.43
74.7.242.8 - - [10/Jul/2026:06:18:27 -0600] "GET /forgot-password/pt?dir=%2Fhome1%2Fkdybvgmy%2Fpublic_html%2Fstorage%2Fframework%2Fsessions&edit=1&file=qlVEqDzzFpOmWxAytgmdstpBxd7eyWqFM5wTzD3L HTTP/1.1" 200 1476618 "https://mail.doxabusinesshub.com/forgot-password/pt?dir=%2Fhome1%2Fkdybvgmy%2Fpublic_html%2Fstorage%2Fframework%2Fsessions&edit=1&file=PQnVq9wZlxh4MD10g409Mi8zm4FWWTV5eJRXiBF2" "Mozilla/5.0 AppleWebKit/537.36 (KHTML, like Gecko; compatible; GPTBot/1.4; +https://openai.com/gptbot)" mail.doxabusinesshub.com 10.43.68.43
74.7.242.8 - - [10/Jul/2026:06:18:27 -0600] "GET /forgot-password/pt?dir=%2Fhome1%2Fkdybvgmy%2Fpublic_html%2Fstorage%2Fframework%2Fsessions&edit=1&file=qlVEqDzzFpOmWxAytgmdstpBxd7eyWqFM5wTzD3L HTTP/2.0" 200 1476618 "https://mail.doxabusinesshub.com/forgot-password/pt?dir=%2Fhome1%2Fkdybvgmy%2Fpublic_html%2Fstorage%2Fframework%2Fsessions&edit=1&file=PQnVq9wZlxh4MD10g409Mi8zm4FWWTV5eJRXiBF2" "Mozilla/5.0 AppleWebKit/537.36 (KHTML, like Gecko; compatible; GPTBot/1.4; +https://openai.com/gptbot)" mail.doxabusinesshub.com 10.43.68.43
74.7.227.5 - - [10/Jul/2026:06:18:28 -0600] "GET /storage/uploads/landing_page_image/site_logo.png?timestamp=1783685800 HTTP/2.0" 200 2094 "https://mail.kdy.bvg.mybluehost.me" "Mozilla/5.0 AppleWebKit/537.36 (KHTML, like Gecko; compatible; GPTBot/1.4; +https://openai.com/gptbot)" doxabusinesshub.com 10.43.68.43
74.7.227.5 - - [10/Jul/2026:06:18:29 -0600] "GET /storage/uploads/logo/favicon.png?timestamp=1783685800 HTTP/2.0" 200 21584 "https://mail.kdy.bvg.mybluehost.me" "Mozilla/5.0 AppleWebKit/537.36 (KHTML, like Gecko; compatible; GPTBot/1.4; +https://openai.com/gptbot)" doxabusinesshub.com 10.43.68.43
74.7.242.8 - - [10/Jul/2026:06:18:28 -0600] "GET /forgot-password/pl?dir=%2Fhome1%2Fkdybvgmy%2Fpublic_html%2Fstorage%2Fframework%2Fsessions&edit=1&file=nVXLXWKIWdEGz1VdiGHO93joIObLvYNCdrllmYc0 HTTP/1.1" 200 1476682 "https://mail.doxabusinesshub.com/forgot-password/pl?dir=%2Fhome1%2Fkdybvgmy%2Fpublic_html%2Fstorage%2Fframework%2Fsessions&edit=1&file=S5Skq6FgO788ZqTZ4TeuJw3Un6NUuQZIDsE286Ud" "Mozilla/5.0 AppleWebKit/537.36 (KHTML, like Gecko; compatible; GPTBot/1.4; +https://openai.com/gptbot)" mail.doxabusinesshub.com 10.43.68.43
74.7.242.8 - - [10/Jul/2026:06:18:28 -0600] "GET /forgot-password/pl?dir=%2Fhome1%2Fkdybvgmy%2Fpublic_html%2Fstorage%2Fframework%2Fsessions&edit=1&file=nVXLXWKIWdEGz1VdiGHO93joIObLvYNCdrllmYc0 HTTP/2.0" 200 1476682 "https://mail.doxabusinesshub.com/forgot-password/pl?dir=%2Fhome1%2Fkdybvgmy%2Fpublic_html%2Fstorage%2Fframework%2Fsessions&edit=1&file=S5Skq6FgO788ZqTZ4TeuJw3Un6NUuQZIDsE286Ud" "Mozilla/5.0 AppleWebKit/537.36 (KHTML, like Gecko; compatible; GPTBot/1.4; +https://openai.com/gptbot)" mail.doxabusinesshub.com 10.43.68.43
74.7.227.5 - - [10/Jul/2026:06:18:29 -0600] "GET /?dir=%2Frun%2Flldpd%2F.. HTTP/2.0" 200 20605 "https://doxabusinesshub.com/?dir=%2Frun%2Flldpd" "Mozilla/5.0 AppleWebKit/537.36 (KHTML, like Gecko; compatible; GPTBot/1.4; +https://openai.com/gptbot)" doxabusinesshub.com 10.43.68.43
216.73.216.142 - - [10/Jul/2026:06:18:29 -0600] "GET /register/pt?dir=%2Fhome1%2Fkdybvgmy%2Fpublic_html%2Fstorage%2Fframework%2Fsessions&edit=1&file=F061RtwmNFA0waCDBSbqOPbhcl6Xd1LuTlB3lR7s HTTP/2.0" 200 1474815 "-" "Mozilla/5.0 AppleWebKit/537.36 (KHTML, like Gecko; compatible; ClaudeBot/1.0; +claudebot@anthropic.com)" doxabusinesshub.com 10.43.68.43
74.7.242.8 - - [10/Jul/2026:06:18:29 -0600] "GET /forgot-password/pt?dir=%2Fhome1%2Fkdybvgmy%2Fpublic_html%2Fstorage%2Fframework%2Fsessions&edit=1&file=uWSIPmvtSy7Cnsb2mNEPPXAAUauEqUpc0qWdgfke HTTP/1.1" 200 1474462 "https://mail.doxabusinesshub.com/forgot-password/pt?dir=%2Fhome1%2Fkdybvgmy%2Fpublic_html%2Fstorage%2Fframework%2Fsessions&edit=1&file=L2yZDX56DapqOv8J9NggYxnq8ZVykFM9222iS8Lj" "Mozilla/5.0 AppleWebKit/537.36 (KHTML, like Gecko; compatible; GPTBot/1.4; +https://openai.com/gptbot)" mail.doxabusinesshub.com 10.43.68.43
74.7.242.8 - - [10/Jul/2026:06:18:29 -0600] "GET /forgot-password/pt?dir=%2Fhome1%2Fkdybvgmy%2Fpublic_html%2Fstorage%2Fframework%2Fsessions&edit=1&file=uWSIPmvtSy7Cnsb2mNEPPXAAUauEqUpc0qWdgfke HTTP/2.0" 200 1474462 "https://mail.doxabusinesshub.com/forgot-password/pt?dir=%2Fhome1%2Fkdybvgmy%2Fpublic_html%2Fstorage%2Fframework%2Fsessions&edit=1&file=L2yZDX56DapqOv8J9NggYxnq8ZVykFM9222iS8Lj" "Mozilla/5.0 AppleWebKit/537.36 (KHTML, like Gecko; compatible; GPTBot/1.4; +https://openai.com/gptbot)" mail.doxabusinesshub.com 10.43.68.43
74.7.227.5 - - [10/Jul/2026:06:18:30 -0600] "GET /?dir=%2Fproc%2Fscsi%2F.. HTTP/2.0" 200 18218 "https://doxabusinesshub.com/?dir=%2Fproc%2Fscsi" "Mozilla/5.0 AppleWebKit/537.36 (KHTML, like Gecko; compatible; GPTBot/1.4; +https://openai.com/gptbot)" doxabusinesshub.com 10.43.68.43
74.7.242.8 - - [10/Jul/2026:06:18:30 -0600] "GET /forgot-password/pl?dir=%2Fhome1%2Fkdybvgmy%2Fpublic_html%2Fstorage%2Fframework%2Fsessions&edit=1&file=Cu6SHEmSTAHptMaKwvqwEelgIIfzuNGG3i1dHR9w HTTP/1.1" 200 1474646 "https://mail.doxabusinesshub.com/forgot-password/pl?dir=%2Fhome1%2Fkdybvgmy%2Fpublic_html%2Fstorage%2Fframework%2Fsessions&edit=1&file=ddEfOcNPKIKrW5mNrzADCIZYHb4Sbkmforb8zCWw" "Mozilla/5.0 AppleWebKit/537.36 (KHTML, like Gecko; compatible; GPTBot/1.4; +https://openai.com/gptbot)" mail.doxabusinesshub.com 10.43.68.43
74.7.242.8 - - [10/Jul/2026:06:18:30 -0600] "GET /forgot-password/pl?dir=%2Fhome1%2Fkdybvgmy%2Fpublic_html%2Fstorage%2Fframework%2Fsessions&edit=1&file=Cu6SHEmSTAHptMaKwvqwEelgIIfzuNGG3i1dHR9w HTTP/2.0" 200 1474646 "https://mail.doxabusinesshub.com/forgot-password/pl?dir=%2Fhome1%2Fkdybvgmy%2Fpublic_html%2Fstorage%2Fframework%2Fsessions&edit=1&file=ddEfOcNPKIKrW5mNrzADCIZYHb4Sbkmforb8zCWw" "Mozilla/5.0 AppleWebKit/537.36 (KHTML, like Gecko; compatible; GPTBot/1.4; +https://openai.com/gptbot)" mail.doxabusinesshub.com 10.43.68.43
74.7.227.5 - - [10/Jul/2026:06:18:30 -0600] "GET /?dir=%2Fsys%2Fclass%2F.. HTTP/2.0" 200 16620 "https://doxabusinesshub.com/?dir=%2Fsys%2Fclass" "Mozilla/5.0 AppleWebKit/537.36 (KHTML, like Gecko; compatible; GPTBot/1.4; +https://openai.com/gptbot)" doxabusinesshub.com 10.43.68.43
74.7.227.151 - - [10/Jul/2026:06:18:30 -0600] "GET /?dir=%2Fopt%2Fcpanel%2Fea-wappspector%2Fvendor%2Fsquizlabs%2Fphp_codesniffer&edit=1&file=README.md HTTP/1.1" 200 19246 "https://mail.kdy.bvg.mybluehost.me/?dir=%2Fopt%2Fcpanel%2Fea-wappspector%2Fvendor%2Fsquizlabs%2Fphp_codesniffer" "Mozilla/5.0 AppleWebKit/537.36 (KHTML, like Gecko; compatible; GPTBot/1.4; +https://openai.com/gptbot)" mail.kdy.bvg.mybluehost.me 10.43.68.43
74.7.227.151 - - [10/Jul/2026:06:18:30 -0600] "GET /?dir=%2Fopt%2Fcpanel%2Fea-wappspector%2Fvendor%2Fsquizlabs%2Fphp_codesniffer&edit=1&file=README.md HTTP/2.0" 200 19246 "https://mail.kdy.bvg.mybluehost.me/?dir=%2Fopt%2Fcpanel%2Fea-wappspector%2Fvendor%2Fsquizlabs%2Fphp_codesniffer" "Mozilla/5.0 AppleWebKit/537.36 (KHTML, like Gecko; compatible; GPTBot/1.4; +https://openai.com/gptbot)" mail.kdy.bvg.mybluehost.me 10.43.68.43
74.7.227.5 - - [10/Jul/2026:06:18:31 -0600] "GET /?dir=%2Fusr%2Flib64&edit=1&file=libOpenEXRCore-3_1.so.30.1.0 HTTP/2.0" 200 146709 "https://doxabusinesshub.com/?dir=%2Fusr%2Flib64" "Mozilla/5.0 AppleWebKit/537.36 (KHTML, like Gecko; compatible; GPTBot/1.4; +https://openai.com/gptbot)" doxabusinesshub.com 10.43.68.43
74.7.242.8 - - [10/Jul/2026:06:18:31 -0600] "GET /forgot-password/pt?dir=%2Fhome1%2Fkdybvgmy%2Fpublic_html%2Fstorage%2Fframework%2Fsessions&edit=1&file=SEP3qTtgIEXYjQod2XuKHRxA2fWhzBDjMbJN0oVl HTTP/1.1" 200 1474848 "https://mail.doxabusinesshub.com/forgot-password/pt?dir=%2Fhome1%2Fkdybvgmy%2Fpublic_html%2Fstorage%2Fframework%2Fsessions&edit=1&file=HZPbsnSx3yWxNlEd6b5qCpIcuXgxTiZ4TiZPrBRK" "Mozilla/5.0 AppleWebKit/537.36 (KHTML, like Gecko; compatible; GPTBot/1.4; +https://openai.com/gptbot)" mail.doxabusinesshub.com 10.43.68.43
74.7.242.8 - - [10/Jul/2026:06:18:31 -0600] "GET /forgot-password/pt?dir=%2Fhome1%2Fkdybvgmy%2Fpublic_html%2Fstorage%2Fframework%2Fsessions&edit=1&file=SEP3qTtgIEXYjQod2XuKHRxA2fWhzBDjMbJN0oVl HTTP/2.0" 200 1474848 "https://mail.doxabusinesshub.com/forgot-password/pt?dir=%2Fhome1%2Fkdybvgmy%2Fpublic_html%2Fstorage%2Fframework%2Fsessions&edit=1&file=HZPbsnSx3yWxNlEd6b5qCpIcuXgxTiZ4TiZPrBRK" "Mozilla/5.0 AppleWebKit/537.36 (KHTML, like Gecko; compatible; GPTBot/1.4; +https://openai.com/gptbot)" mail.doxabusinesshub.com 10.43.68.43
74.7.227.5 - - [10/Jul/2026:06:18:31 -0600] "GET /?dir=%2Fusr%2Flib64&edit=1&file=libMagickWand-6.Q16.so.7.0.1 HTTP/2.0" 200 494999 "https://doxabusinesshub.com/?dir=%2Fusr%2Flib64" "Mozilla/5.0 AppleWebKit/537.36 (KHTML, like Gecko; compatible; GPTBot/1.4; +https://openai.com/gptbot)" doxabusinesshub.com 10.43.68.43
74.7.242.8 - - [10/Jul/2026:06:18:31 -0600] "GET /forgot-password/he?dir=%2Fhome1%2Fkdybvgmy%2Fpublic_html%2Fstorage%2Fframework%2Fsessions&edit=1&file=Jcmdjj3MBIBuyUPlehOBOeUhE1upY0vrtvafaiGT HTTP/1.1" 200 1475082 "https://mail.doxabusinesshub.com/forgot-password/he?dir=%2Fhome1%2Fkdybvgmy%2Fpublic_html%2Fstorage%2Fframework%2Fsessions&edit=1&file=SP2SSeJyw4AQfQWjyRjwjLOESqwQBVHMFi6wwAPt" "Mozilla/5.0 AppleWebKit/537.36 (KHTML, like Gecko; compatible; GPTBot/1.4; +https://openai.com/gptbot)" mail.doxabusinesshub.com 10.43.68.43
74.7.242.8 - - [10/Jul/2026:06:18:31 -0600] "GET /forgot-password/he?dir=%2Fhome1%2Fkdybvgmy%2Fpublic_html%2Fstorage%2Fframework%2Fsessions&edit=1&file=Jcmdjj3MBIBuyUPlehOBOeUhE1upY0vrtvafaiGT HTTP/2.0" 200 1475082 "https://mail.doxabusinesshub.com/forgot-password/he?dir=%2Fhome1%2Fkdybvgmy%2Fpublic_html%2Fstorage%2Fframework%2Fsessions&edit=1&file=SP2SSeJyw4AQfQWjyRjwjLOESqwQBVHMFi6wwAPt" "Mozilla/5.0 AppleWebKit/537.36 (KHTML, like Gecko; compatible; GPTBot/1.4; +https://openai.com/gptbot)" mail.doxabusinesshub.com 10.43.68.43
74.7.227.5 - - [10/Jul/2026:06:18:32 -0600] "GET /?dir=%2Fusr%2Fbin&edit=1&file=geoiplookup6 HTTP/2.0" 200 20650 "https://doxabusinesshub.com/?dir=%2F%2Fbin" "Mozilla/5.0 AppleWebKit/537.36 (KHTML, like Gecko; compatible; GPTBot/1.4; +https://openai.com/gptbot)" doxabusinesshub.com 10.43.68.43
74.7.242.8 - - [10/Jul/2026:06:18:32 -0600] "GET /forgot-password/it?dir=%2Fhome1%2Fkdybvgmy%2Fpublic_html%2Fstorage%2Fframework%2Fsessions&edit=1&file=LzZJSYrh4IZ3zbjfEtuUwRyAhZpms4JhsNfORxwA HTTP/1.1" 200 1475040 "https://mail.doxabusinesshub.com/forgot-password/it?dir=%2Fhome1%2Fkdybvgmy%2Fpublic_html%2Fstorage%2Fframework%2Fsessions&edit=1&file=3O1SyMgXvmZ36l9S3LcNTtm2fuUW8Qf4M8zg2YeC" "Mozilla/5.0 AppleWebKit/537.36 (KHTML, like Gecko; compatible; GPTBot/1.4; +https://openai.com/gptbot)" mail.doxabusinesshub.com 10.43.68.43
74.7.242.8 - - [10/Jul/2026:06:18:32 -0600] "GET /forgot-password/it?dir=%2Fhome1%2Fkdybvgmy%2Fpublic_html%2Fstorage%2Fframework%2Fsessions&edit=1&file=LzZJSYrh4IZ3zbjfEtuUwRyAhZpms4JhsNfORxwA HTTP/2.0" 200 1475040 "https://mail.doxabusinesshub.com/forgot-password/it?dir=%2Fhome1%2Fkdybvgmy%2Fpublic_html%2Fstorage%2Fframework%2Fsessions&edit=1&file=3O1SyMgXvmZ36l9S3LcNTtm2fuUW8Qf4M8zg2YeC" "Mozilla/5.0 AppleWebKit/537.36 (KHTML, like Gecko; compatible; GPTBot/1.4; +https://openai.com/gptbot)" mail.doxabusinesshub.com 10.43.68.43
74.7.227.5 - - [10/Jul/2026:06:18:33 -0600] "GET /?dir=%2Fetc%2Fpkcs11 HTTP/2.0" 406 226 "https://doxabusinesshub.com/?dir=%2F%2Fetc" "Mozilla/5.0 AppleWebKit/537.36 (KHTML, like Gecko; compatible; GPTBot/1.4; +https://openai.com/gptbot)" doxabusinesshub.com 10.43.68.43
74.7.241.16 - - [10/Jul/2026:06:18:33 -0600] "GET /?dir=%2Fsys%2Fmodule%2Fudmabuf%2Fparameters&edit=1&file=size_limit_mb HTTP/2.0" 200 16184 "https://www.doxabusinesshub.com/?dir=%2Fsys%2Fmodule%2Fudmabuf%2Fparameters" "Mozilla/5.0 AppleWebKit/537.36 (KHTML, like Gecko; compatible; GPTBot/1.4; +https://openai.com/gptbot)" www.doxabusinesshub.com 10.43.68.43
74.7.227.5 - - [10/Jul/2026:06:18:33 -0600] "GET /?dir=%2Fetc%2Falsa HTTP/2.0" 406 226 "https://doxabusinesshub.com/?dir=%2F%2Fetc" "Mozilla/5.0 AppleWebKit/537.36 (KHTML, like Gecko; compatible; GPTBot/1.4; +https://openai.com/gptbot)" doxabusinesshub.com 10.43.68.43
74.7.242.8 - - [10/Jul/2026:06:18:33 -0600] "GET /forgot-password/he?dir=%2Fhome1%2Fkdybvgmy%2Fpublic_html%2Fstorage%2Fframework%2Fsessions&edit=1&file=Uti1EmuQdpt71ZMzpsFqkID5GEHiScIHHqNEQonH HTTP/1.1" 200 1475269 "https://mail.doxabusinesshub.com/forgot-password/he?dir=%2Fhome1%2Fkdybvgmy%2Fpublic_html%2Fstorage%2Fframework%2Fsessions&edit=1&file=fm5ZH3MBc8y8DEcxaNZjKtHJaRCHtxZIzJLPkwoX" "Mozilla/5.0 AppleWebKit/537.36 (KHTML, like Gecko; compatible; GPTBot/1.4; +https://openai.com/gptbot)" mail.doxabusinesshub.com 10.43.68.43
74.7.242.8 - - [10/Jul/2026:06:18:33 -0600] "GET /forgot-password/he?dir=%2Fhome1%2Fkdybvgmy%2Fpublic_html%2Fstorage%2Fframework%2Fsessions&edit=1&file=Uti1EmuQdpt71ZMzpsFqkID5GEHiScIHHqNEQonH HTTP/2.0" 200 1475269 "https://mail.doxabusinesshub.com/forgot-password/he?dir=%2Fhome1%2Fkdybvgmy%2Fpublic_html%2Fstorage%2Fframework%2Fsessions&edit=1&file=fm5ZH3MBc8y8DEcxaNZjKtHJaRCHtxZIzJLPkwoX" "Mozilla/5.0 AppleWebKit/537.36 (KHTML, like Gecko; compatible; GPTBot/1.4; +https://openai.com/gptbot)" mail.doxabusinesshub.com 10.43.68.43
74.7.227.5 - - [10/Jul/2026:06:18:34 -0600] "GET /storage/uploads/logo/favicon.png?timestamp=1783684717 HTTP/2.0" 200 21584 "https://mail.kdy.bvg.mybluehost.me" "Mozilla/5.0 AppleWebKit/537.36 (KHTML, like Gecko; compatible; GPTBot/1.4; +https://openai.com/gptbot)" doxabusinesshub.com 10.43.68.43
216.73.216.142 - - [10/Jul/2026:06:18:34 -0600] "GET /register/da?dir=%2Fhome1%2Fkdybvgmy%2Fpublic_html%2Fstorage%2Fframework%2Fsessions&edit=1&file=60w66P3dMQmVQEiEnA6z3fJ30xljk0nXGDImrtOX HTTP/2.0" 200 6797 "-" "Mozilla/5.0 AppleWebKit/537.36 (KHTML, like Gecko; compatible; ClaudeBot/1.0; +claudebot@anthropic.com)" doxabusinesshub.com 10.43.68.43
74.7.242.8 - - [10/Jul/2026:06:18:34 -0600] "GET /forgot-password/pt?dir=%2Fhome1%2Fkdybvgmy%2Fpublic_html%2Fstorage%2Fframework%2Fsessions&edit=1&file=AGMYjh3hsFmZAC8LCCm9LFUAALKDFFKhoNPIllUK HTTP/1.1" 200 1475227 "https://mail.doxabusinesshub.com/forgot-password/pt?dir=%2Fhome1%2Fkdybvgmy%2Fpublic_html%2Fstorage%2Fframework%2Fsessions&edit=1&file=R9JEc9GA7JBwMtW7MyS1xUZb3f551uMuoAYY1xG4" "Mozilla/5.0 AppleWebKit/537.36 (KHTML, like Gecko; compatible; GPTBot/1.4; +https://openai.com/gptbot)" mail.doxabusinesshub.com 10.43.68.43
74.7.242.8 - - [10/Jul/2026:06:18:34 -0600] "GET /forgot-password/pt?dir=%2Fhome1%2Fkdybvgmy%2Fpublic_html%2Fstorage%2Fframework%2Fsessions&edit=1&file=AGMYjh3hsFmZAC8LCCm9LFUAALKDFFKhoNPIllUK HTTP/2.0" 200 1475227 "https://mail.doxabusinesshub.com/forgot-password/pt?dir=%2Fhome1%2Fkdybvgmy%2Fpublic_html%2Fstorage%2Fframework%2Fsessions&edit=1&file=R9JEc9GA7JBwMtW7MyS1xUZb3f551uMuoAYY1xG4" "Mozilla/5.0 AppleWebKit/537.36 (KHTML, like Gecko; compatible; GPTBot/1.4; +https://openai.com/gptbot)" mail.doxabusinesshub.com 10.43.68.43
74.7.227.5 - - [10/Jul/2026:06:18:34 -0600] "GET /storage/uploads/logo/favicon.png?timestamp=1783684728 HTTP/2.0" 200 21584 "https://mail.kdy.bvg.mybluehost.me" "Mozilla/5.0 AppleWebKit/537.36 (KHTML, like Gecko; compatible; GPTBot/1.4; +https://openai.com/gptbot)" doxabusinesshub.com 10.43.68.43
74.7.227.5 - - [10/Jul/2026:06:18:35 -0600] "GET /storage/uploads/logo/favicon.png?timestamp=1783685450 HTTP/2.0" 200 21584 "https://mail.kdy.bvg.mybluehost.me" "Mozilla/5.0 AppleWebKit/537.36 (KHTML, like Gecko; compatible; GPTBot/1.4; +https://openai.com/gptbot)" doxabusinesshub.com 10.43.68.43
74.7.242.8 - - [10/Jul/2026:06:18:34 -0600] "GET /forgot-password/pt?dir=%2Fhome1%2Fkdybvgmy%2Fpublic_html%2Fstorage%2Fframework%2Fsessions&edit=1&file=XAuzdYWM0nmndhu2zye9COBGnNLbOKyaFZXnGgMa HTTP/1.1" 200 1475330 "https://mail.doxabusinesshub.com/forgot-password/pt?dir=%2Fhome1%2Fkdybvgmy%2Fpublic_html%2Fstorage%2Fframework%2Fsessions&edit=1&file=HZPbsnSx3yWxNlEd6b5qCpIcuXgxTiZ4TiZPrBRK" "Mozilla/5.0 AppleWebKit/537.36 (KHTML, like Gecko; compatible; GPTBot/1.4; +https://openai.com/gptbot)" mail.doxabusinesshub.com 10.43.68.43
74.7.242.8 - - [10/Jul/2026:06:18:34 -0600] "GET /forgot-password/pt?dir=%2Fhome1%2Fkdybvgmy%2Fpublic_html%2Fstorage%2Fframework%2Fsessions&edit=1&file=XAuzdYWM0nmndhu2zye9COBGnNLbOKyaFZXnGgMa HTTP/2.0" 200 1475330 "https://mail.doxabusinesshub.com/forgot-password/pt?dir=%2Fhome1%2Fkdybvgmy%2Fpublic_html%2Fstorage%2Fframework%2Fsessions&edit=1&file=HZPbsnSx3yWxNlEd6b5qCpIcuXgxTiZ4TiZPrBRK" "Mozilla/5.0 AppleWebKit/537.36 (KHTML, like Gecko; compatible; GPTBot/1.4; +https://openai.com/gptbot)" mail.doxabusinesshub.com 10.43.68.43
74.7.227.151 - - [10/Jul/2026:06:18:35 -0600] "GET /?dir=%2Fusr%2Flibexec%2Foracle-cloud-agent%2Fplugins%2Fosms%2Foci%2Fnetwork_firewall&edit=1&file=network_firewall_client.pyc HTTP/1.1" 200 47842 "https://mail.kdy.bvg.mybluehost.me/?dir=%2Fusr%2Flibexec%2Foracle-cloud-agent%2Fplugins%2Fosms%2Foci%2Fnetwork_firewall" "Mozilla/5.0 AppleWebKit/537.36 (KHTML, like Gecko; compatible; GPTBot/1.4; +https://openai.com/gptbot)" mail.kdy.bvg.mybluehost.me 10.43.68.43
74.7.227.151 - - [10/Jul/2026:06:18:35 -0600] "GET /?dir=%2Fusr%2Flibexec%2Foracle-cloud-agent%2Fplugins%2Fosms%2Foci%2Fnetwork_firewall&edit=1&file=network_firewall_client.pyc HTTP/2.0" 200 47842 "https://mail.kdy.bvg.mybluehost.me/?dir=%2Fusr%2Flibexec%2Foracle-cloud-agent%2Fplugins%2Fosms%2Foci%2Fnetwork_firewall" "Mozilla/5.0 AppleWebKit/537.36 (KHTML, like Gecko; compatible; GPTBot/1.4; +https://openai.com/gptbot)" mail.kdy.bvg.mybluehost.me 10.43.68.43
74.7.227.5 - - [10/Jul/2026:06:18:36 -0600] "GET /storage/uploads/logo/favicon.png?timestamp=1783685182 HTTP/2.0" 200 21584 "https://mail.kdy.bvg.mybluehost.me" "Mozilla/5.0 AppleWebKit/537.36 (KHTML, like Gecko; compatible; GPTBot/1.4; +https://openai.com/gptbot)" doxabusinesshub.com 10.43.68.43
74.7.242.8 - - [10/Jul/2026:06:18:35 -0600] "GET /forgot-password/he?dir=%2Fhome1%2Fkdybvgmy%2Fpublic_html%2Fstorage%2Fframework%2Fsessions&edit=1&file=Ps1dORbKAcVCKOXsHVoIyyJJYNiWwKxzsrS4ov1c HTTP/1.1" 200 1475562 "https://mail.doxabusinesshub.com/forgot-password/he?dir=%2Fhome1%2Fkdybvgmy%2Fpublic_html%2Fstorage%2Fframework%2Fsessions&edit=1&file=b449L6MV8Ac065cUCxaYfHTRlZUwe50GJZr8Dlo0" "Mozilla/5.0 AppleWebKit/537.36 (KHTML, like Gecko; compatible; GPTBot/1.4; +https://openai.com/gptbot)" mail.doxabusinesshub.com 10.43.68.43
74.7.242.8 - - [10/Jul/2026:06:18:35 -0600] "GET /forgot-password/he?dir=%2Fhome1%2Fkdybvgmy%2Fpublic_html%2Fstorage%2Fframework%2Fsessions&edit=1&file=Ps1dORbKAcVCKOXsHVoIyyJJYNiWwKxzsrS4ov1c HTTP/2.0" 200 1475562 "https://mail.doxabusinesshub.com/forgot-password/he?dir=%2Fhome1%2Fkdybvgmy%2Fpublic_html%2Fstorage%2Fframework%2Fsessions&edit=1&file=b449L6MV8Ac065cUCxaYfHTRlZUwe50GJZr8Dlo0" "Mozilla/5.0 AppleWebKit/537.36 (KHTML, like Gecko; compatible; GPTBot/1.4; +https://openai.com/gptbot)" mail.doxabusinesshub.com 10.43.68.43
74.7.227.5 - - [10/Jul/2026:06:18:36 -0600] "GET /storage/uploads/logo/favicon.png?timestamp=1783685414 HTTP/2.0" 200 21584 "https://mail.kdy.bvg.mybluehost.me" "Mozilla/5.0 AppleWebKit/537.36 (KHTML, like Gecko; compatible; GPTBot/1.4; +https://openai.com/gptbot)" doxabusinesshub.com 10.43.68.43
74.7.242.8 - - [10/Jul/2026:06:18:36 -0600] "GET /forgot-password/pl?dir=%2Fhome1%2Fkdybvgmy%2Fpublic_html%2Fstorage%2Fframework%2Fsessions&edit=1&file=wrzOpoSJg6KuKgYk5RQaaQfyH4FhKdANkJouxPC9 HTTP/1.1" 200 1475492 "https://mail.doxabusinesshub.com/forgot-password/pl?dir=%2Fhome1%2Fkdybvgmy%2Fpublic_html%2Fstorage%2Fframework%2Fsessions&edit=1&file=Z94oWLPE8xf3RrQPNS1kk85NQkjMHALN7JmGNuKK" "Mozilla/5.0 AppleWebKit/537.36 (KHTML, like Gecko; compatible; GPTBot/1.4; +https://openai.com/gptbot)" mail.doxabusinesshub.com 10.43.68.43
74.7.242.8 - - [10/Jul/2026:06:18:36 -0600] "GET /forgot-password/pl?dir=%2Fhome1%2Fkdybvgmy%2Fpublic_html%2Fstorage%2Fframework%2Fsessions&edit=1&file=wrzOpoSJg6KuKgYk5RQaaQfyH4FhKdANkJouxPC9 HTTP/2.0" 200 1475492 "https://mail.doxabusinesshub.com/forgot-password/pl?dir=%2Fhome1%2Fkdybvgmy%2Fpublic_html%2Fstorage%2Fframework%2Fsessions&edit=1&file=Z94oWLPE8xf3RrQPNS1kk85NQkjMHALN7JmGNuKK" "Mozilla/5.0 AppleWebKit/537.36 (KHTML, like Gecko; compatible; GPTBot/1.4; +https://openai.com/gptbot)" mail.doxabusinesshub.com 10.43.68.43
74.7.227.5 - - [10/Jul/2026:06:18:37 -0600] "GET /storage/uploads/logo/favicon.png?timestamp=1783685314 HTTP/2.0" 200 21584 "https://www.doxabusinesshub.com" "Mozilla/5.0 AppleWebKit/537.36 (KHTML, like Gecko; compatible; GPTBot/1.4; +https://openai.com/gptbot)" doxabusinesshub.com 10.43.68.43
74.7.242.8 - - [10/Jul/2026:06:18:37 -0600] "GET /forgot-password/pt?dir=%2Fhome1%2Fkdybvgmy%2Fpublic_html%2Fstorage%2Fframework%2Fsessions&edit=1&file=PclC65kEZrhLtbhrjrpIuvE4wJBaW8PHcHDcwyIM HTTP/1.1" 200 1475517 "https://mail.doxabusinesshub.com/forgot-password/pt?dir=%2Fhome1%2Fkdybvgmy%2Fpublic_html%2Fstorage%2Fframework%2Fsessions&edit=1&file=hnWrDwCZmN3UYb3WAXejAzHxvVWOlzGu7e5YhlOl" "Mozilla/5.0 AppleWebKit/537.36 (KHTML, like Gecko; compatible; GPTBot/1.4; +https://openai.com/gptbot)" mail.doxabusinesshub.com 10.43.68.43
74.7.242.8 - - [10/Jul/2026:06:18:37 -0600] "GET /forgot-password/pt?dir=%2Fhome1%2Fkdybvgmy%2Fpublic_html%2Fstorage%2Fframework%2Fsessions&edit=1&file=PclC65kEZrhLtbhrjrpIuvE4wJBaW8PHcHDcwyIM HTTP/2.0" 200 1475517 "https://mail.doxabusinesshub.com/forgot-password/pt?dir=%2Fhome1%2Fkdybvgmy%2Fpublic_html%2Fstorage%2Fframework%2Fsessions&edit=1&file=hnWrDwCZmN3UYb3WAXejAzHxvVWOlzGu7e5YhlOl" "Mozilla/5.0 AppleWebKit/537.36 (KHTML, like Gecko; compatible; GPTBot/1.4; +https://openai.com/gptbot)" mail.doxabusinesshub.com 10.43.68.43
74.7.227.5 - - [10/Jul/2026:06:18:37 -0600] "GET /storage/uploads/logo/favicon.png?timestamp=1783684723 HTTP/2.0" 200 21584 "https://mail.kdy.bvg.mybluehost.me" "Mozilla/5.0 AppleWebKit/537.36 (KHTML, like Gecko; compatible; GPTBot/1.4; +https://openai.com/gptbot)" doxabusinesshub.com 10.43.68.43
74.7.243.201 - - [10/Jul/2026:06:18:38 -0600] "GET /?dir=%2Fopt%2Fcpanel%2Fea-php82%2Froot%2Fusr%2Fgames HTTP/1.1" 200 16580 "https://kdy.bvg.mybluehost.me/?dir=%2Fopt%2Fcpanel%2Fea-php82%2Froot%2Fusr" "Mozilla/5.0 AppleWebKit/537.36 (KHTML, like Gecko; compatible; GPTBot/1.4; +https://openai.com/gptbot)" kdy.bvg.mybluehost.me 10.43.68.43
74.7.243.201 - - [10/Jul/2026:06:18:38 -0600] "GET /?dir=%2Fopt%2Fcpanel%2Fea-php82%2Froot%2Fusr%2Fgames HTTP/2.0" 200 16580 "https://kdy.bvg.mybluehost.me/?dir=%2Fopt%2Fcpanel%2Fea-php82%2Froot%2Fusr" "Mozilla/5.0 AppleWebKit/537.36 (KHTML, like Gecko; compatible; GPTBot/1.4; +https://openai.com/gptbot)" kdy.bvg.mybluehost.me 10.43.68.43
74.7.227.5 - - [10/Jul/2026:06:18:38 -0600] "GET /storage/uploads/landing_page_image/site_logo.png?timestamp=1783684739 HTTP/2.0" 200 2094 "https://mail.kdy.bvg.mybluehost.me" "Mozilla/5.0 AppleWebKit/537.36 (KHTML, like Gecko; compatible; GPTBot/1.4; +https://openai.com/gptbot)" doxabusinesshub.com 10.43.68.43
74.7.242.8 - - [10/Jul/2026:06:18:37 -0600] "GET /forgot-password/it?dir=%2Fhome1%2Fkdybvgmy%2Fpublic_html%2Fstorage%2Fframework%2Fsessions&edit=1&file=bJVnBTbp7mg7wDMh6QtrjMpTgGECCsXkPLkhjB6I HTTP/1.1" 200 1475562 "https://mail.doxabusinesshub.com/forgot-password/it?dir=%2Fhome1%2Fkdybvgmy%2Fpublic_html%2Fstorage%2Fframework%2Fsessions&edit=1&file=ky1dackkWb7zzfPE9bAyDnwQjcfudCwmLiTcLTJJ" "Mozilla/5.0 AppleWebKit/537.36 (KHTML, like Gecko; compatible; GPTBot/1.4; +https://openai.com/gptbot)" mail.doxabusinesshub.com 10.43.68.43
74.7.242.8 - - [10/Jul/2026:06:18:37 -0600] "GET /forgot-password/it?dir=%2Fhome1%2Fkdybvgmy%2Fpublic_html%2Fstorage%2Fframework%2Fsessions&edit=1&file=bJVnBTbp7mg7wDMh6QtrjMpTgGECCsXkPLkhjB6I HTTP/2.0" 200 1475562 "https://mail.doxabusinesshub.com/forgot-password/it?dir=%2Fhome1%2Fkdybvgmy%2Fpublic_html%2Fstorage%2Fframework%2Fsessions&edit=1&file=ky1dackkWb7zzfPE9bAyDnwQjcfudCwmLiTcLTJJ" "Mozilla/5.0 AppleWebKit/537.36 (KHTML, like Gecko; compatible; GPTBot/1.4; +https://openai.com/gptbot)" mail.doxabusinesshub.com 10.43.68.43
74.7.227.5 - - [10/Jul/2026:06:18:38 -0600] "GET /storage/uploads/landing_page_image/site_logo.png?timestamp=1783685225 HTTP/2.0" 200 2094 "https://www.doxabusinesshub.com" "Mozilla/5.0 AppleWebKit/537.36 (KHTML, like Gecko; compatible; GPTBot/1.4; +https://openai.com/gptbot)" doxabusinesshub.com 10.43.68.43
74.7.227.5 - - [10/Jul/2026:06:18:39 -0600] "GET /storage/uploads/landing_page_image/site_logo.png?timestamp=1783684891 HTTP/2.0" 200 2094 "https://www.doxabusinesshub.com" "Mozilla/5.0 AppleWebKit/537.36 (KHTML, like Gecko; compatible; GPTBot/1.4; +https://openai.com/gptbot)" doxabusinesshub.com 10.43.68.43
74.7.242.8 - - [10/Jul/2026:06:18:38 -0600] "GET /forgot-password/it?dir=%2Fhome1%2Fkdybvgmy%2Fpublic_html%2Fstorage%2Fframework%2Fsessions&edit=1&file=pEKzJtQpTXyb3K4mIGfhmTLsm3GEUUNzrBMzs6RY HTTP/1.1" 200 1475656 "https://mail.doxabusinesshub.com/forgot-password/it?dir=%2Fhome1%2Fkdybvgmy%2Fpublic_html%2Fstorage%2Fframework%2Fsessions&edit=1&file=gbCZV2FCHqtl9NHVW4UP830YLW8q746b6vVJX3Vm" "Mozilla/5.0 AppleWebKit/537.36 (KHTML, like Gecko; compatible; GPTBot/1.4; +https://openai.com/gptbot)" mail.doxabusinesshub.com 10.43.68.43
74.7.242.8 - - [10/Jul/2026:06:18:38 -0600] "GET /forgot-password/it?dir=%2Fhome1%2Fkdybvgmy%2Fpublic_html%2Fstorage%2Fframework%2Fsessions&edit=1&file=pEKzJtQpTXyb3K4mIGfhmTLsm3GEUUNzrBMzs6RY HTTP/2.0" 200 1475656 "https://mail.doxabusinesshub.com/forgot-password/it?dir=%2Fhome1%2Fkdybvgmy%2Fpublic_html%2Fstorage%2Fframework%2Fsessions&edit=1&file=gbCZV2FCHqtl9NHVW4UP830YLW8q746b6vVJX3Vm" "Mozilla/5.0 AppleWebKit/537.36 (KHTML, like Gecko; compatible; GPTBot/1.4; +https://openai.com/gptbot)" mail.doxabusinesshub.com 10.43.68.43
74.7.227.5 - - [10/Jul/2026:06:18:39 -0600] "GET /storage/uploads/landing_page_image/site_logo.png?timestamp=1783685034 HTTP/2.0" 200 2094 "https://www.doxabusinesshub.com" "Mozilla/5.0 AppleWebKit/537.36 (KHTML, like Gecko; compatible; GPTBot/1.4; +https://openai.com/gptbot)" doxabusinesshub.com 10.43.68.43
74.7.242.8 - - [10/Jul/2026:06:18:39 -0600] "GET /forgot-password/it?dir=%2Fhome1%2Fkdybvgmy%2Fpublic_html%2Fstorage%2Fframework%2Fsessions&edit=1&file=goLBFJqQo9P2ApJEUqMyuj1xM7FohhUjuHkQQHcN HTTP/1.1" 200 1475702 "https://mail.doxabusinesshub.com/forgot-password/it?dir=%2Fhome1%2Fkdybvgmy%2Fpublic_html%2Fstorage%2Fframework%2Fsessions&edit=1&file=3O1SyMgXvmZ36l9S3LcNTtm2fuUW8Qf4M8zg2YeC" "Mozilla/5.0 AppleWebKit/537.36 (KHTML, like Gecko; compatible; GPTBot/1.4; +https://openai.com/gptbot)" mail.doxabusinesshub.com 10.43.68.43
74.7.242.8 - - [10/Jul/2026:06:18:39 -0600] "GET /forgot-password/it?dir=%2Fhome1%2Fkdybvgmy%2Fpublic_html%2Fstorage%2Fframework%2Fsessions&edit=1&file=goLBFJqQo9P2ApJEUqMyuj1xM7FohhUjuHkQQHcN HTTP/2.0" 200 1475702 "https://mail.doxabusinesshub.com/forgot-password/it?dir=%2Fhome1%2Fkdybvgmy%2Fpublic_html%2Fstorage%2Fframework%2Fsessions&edit=1&file=3O1SyMgXvmZ36l9S3LcNTtm2fuUW8Qf4M8zg2YeC" "Mozilla/5.0 AppleWebKit/537.36 (KHTML, like Gecko; compatible; GPTBot/1.4; +https://openai.com/gptbot)" mail.doxabusinesshub.com 10.43.68.43
