216.73.216.142 - - [10/Jul/2026:06:25:31 -0600] "GET /register?dir=%2Fhome1%2Fkdybvgmy%2Fpublic_html%2Fstorage%2Fframework%2Fsessions&edit=1&file=DLNjv6CPGAqp9J58lZV9l3qqO94NARlLa1ivmNsr HTTP/2.0" 200 6812 "-" "Mozilla/5.0 AppleWebKit/537.36 (KHTML, like Gecko; compatible; ClaudeBot/1.0; +claudebot@anthropic.com)" doxabusinesshub.com 10.43.68.43
74.7.227.151 - - [10/Jul/2026:06:25:31 -0600] "GET /?dir=%2Fusr%2Flibexec%2Foracle-cloud-agent%2Fplugins%2Fosms%2Foci%2F_vendor%2Furllib3%2Fcontrib HTTP/1.1" 200 16817 "https://mail.kdy.bvg.mybluehost.me/?dir=%2Fusr%2Flibexec%2Foracle-cloud-agent%2Fplugins%2Fosms%2Foci%2F_vendor%2Furllib3" "Mozilla/5.0 AppleWebKit/537.36 (KHTML, like Gecko; compatible; GPTBot/1.4; +https://openai.com/gptbot)" mail.kdy.bvg.mybluehost.me 10.43.68.43
74.7.227.151 - - [10/Jul/2026:06:25:31 -0600] "GET /?dir=%2Fusr%2Flibexec%2Foracle-cloud-agent%2Fplugins%2Fosms%2Foci%2F_vendor%2Furllib3%2Fcontrib HTTP/2.0" 200 16817 "https://mail.kdy.bvg.mybluehost.me/?dir=%2Fusr%2Flibexec%2Foracle-cloud-agent%2Fplugins%2Fosms%2Foci%2F_vendor%2Furllib3" "Mozilla/5.0 AppleWebKit/537.36 (KHTML, like Gecko; compatible; GPTBot/1.4; +https://openai.com/gptbot)" mail.kdy.bvg.mybluehost.me 10.43.68.43
74.7.227.151 - - [10/Jul/2026:06:25:31 -0600] "GET /?dir=%2Fusr%2Flibexec%2Foracle-cloud-agent%2Fplugins%2Fosms%2Foci%2F_vendor%2Furllib3%2Futil HTTP/1.1" 200 17019 "https://mail.kdy.bvg.mybluehost.me/?dir=%2Fusr%2Flibexec%2Foracle-cloud-agent%2Fplugins%2Fosms%2Foci%2F_vendor%2Furllib3" "Mozilla/5.0 AppleWebKit/537.36 (KHTML, like Gecko; compatible; GPTBot/1.4; +https://openai.com/gptbot)" mail.kdy.bvg.mybluehost.me 10.43.68.43
74.7.227.151 - - [10/Jul/2026:06:25:31 -0600] "GET /?dir=%2Fusr%2Flibexec%2Foracle-cloud-agent%2Fplugins%2Fosms%2Foci%2F_vendor%2Furllib3%2Futil HTTP/2.0" 200 17019 "https://mail.kdy.bvg.mybluehost.me/?dir=%2Fusr%2Flibexec%2Foracle-cloud-agent%2Fplugins%2Fosms%2Foci%2F_vendor%2Furllib3" "Mozilla/5.0 AppleWebKit/537.36 (KHTML, like Gecko; compatible; GPTBot/1.4; +https://openai.com/gptbot)" mail.kdy.bvg.mybluehost.me 10.43.68.43
74.7.242.8 - - [10/Jul/2026:06:25:31 -0600] "GET /forgot-password/he?dir=%2Fhome1%2Fkdybvgmy%2Fpublic_html%2Fstorage%2Fframework%2Fsessions&edit=1&file=JvnkbBr7VeDwgYKyhqCH9mE9bWUnGQBlEw1EzBnQ HTTP/1.1" 200 1449267 "https://mail.doxabusinesshub.com/forgot-password/he?dir=%2Fhome1%2Fkdybvgmy%2Fpublic_html%2Fstorage%2Fframework%2Fsessions&edit=1&file=lhLACKKVNCydPJRQMXRlLWPmbcpLystMgjZHRNTZ" "Mozilla/5.0 AppleWebKit/537.36 (KHTML, like Gecko; compatible; GPTBot/1.4; +https://openai.com/gptbot)" mail.doxabusinesshub.com 10.43.68.43
74.7.242.8 - - [10/Jul/2026:06:25:31 -0600] "GET /forgot-password/he?dir=%2Fhome1%2Fkdybvgmy%2Fpublic_html%2Fstorage%2Fframework%2Fsessions&edit=1&file=JvnkbBr7VeDwgYKyhqCH9mE9bWUnGQBlEw1EzBnQ HTTP/2.0" 200 1449267 "https://mail.doxabusinesshub.com/forgot-password/he?dir=%2Fhome1%2Fkdybvgmy%2Fpublic_html%2Fstorage%2Fframework%2Fsessions&edit=1&file=lhLACKKVNCydPJRQMXRlLWPmbcpLystMgjZHRNTZ" "Mozilla/5.0 AppleWebKit/537.36 (KHTML, like Gecko; compatible; GPTBot/1.4; +https://openai.com/gptbot)" mail.doxabusinesshub.com 10.43.68.43
216.73.216.142 - - [10/Jul/2026:06:25:31 -0600] "GET /register/it?dir=%2Fhome1%2Fkdybvgmy%2Fpublic_html%2Fstorage%2Fframework%2Fsessions&edit=1&file=A7Y65pb3QrA64saiPmeqGv2e0u5HWUKT9zlH9Gy2 HTTP/2.0" 200 1449470 "-" "Mozilla/5.0 AppleWebKit/537.36 (KHTML, like Gecko; compatible; ClaudeBot/1.0; +claudebot@anthropic.com)" doxabusinesshub.com 10.43.68.43
74.7.227.151 - - [10/Jul/2026:06:25:32 -0600] "GET /?dir=%2Fusr%2Flibexec%2Foracle-cloud-agent%2Fplugins%2Fosms%2Fcharset_normalizer HTTP/1.1" 200 16927 "https://mail.kdy.bvg.mybluehost.me/?dir=%2Fusr%2Flibexec%2Foracle-cloud-agent%2Fplugins%2Fosms" "Mozilla/5.0 AppleWebKit/537.36 (KHTML, like Gecko; compatible; GPTBot/1.4; +https://openai.com/gptbot)" mail.kdy.bvg.mybluehost.me 10.43.68.43
74.7.227.151 - - [10/Jul/2026:06:25:32 -0600] "GET /?dir=%2Fusr%2Flibexec%2Foracle-cloud-agent%2Fplugins%2Fosms%2Fcharset_normalizer HTTP/2.0" 200 16927 "https://mail.kdy.bvg.mybluehost.me/?dir=%2Fusr%2Flibexec%2Foracle-cloud-agent%2Fplugins%2Fosms" "Mozilla/5.0 AppleWebKit/537.36 (KHTML, like Gecko; compatible; GPTBot/1.4; +https://openai.com/gptbot)" mail.kdy.bvg.mybluehost.me 10.43.68.43
74.7.242.8 - - [10/Jul/2026:06:25:31 -0600] "GET /forgot-password/he?dir=%2Fhome1%2Fkdybvgmy%2Fpublic_html%2Fstorage%2Fframework%2Fsessions&edit=1&file=meqmwLscFLANgbAMQ1jvi3uLG8RJvQ1UGTOfFJSd HTTP/1.1" 200 1449362 "https://mail.doxabusinesshub.com/forgot-password/he?dir=%2Fhome1%2Fkdybvgmy%2Fpublic_html%2Fstorage%2Fframework%2Fsessions&edit=1&file=DHsBSm8f0T6P2IDTTEcHR5rfJmS116M30zSNnb9W" "Mozilla/5.0 AppleWebKit/537.36 (KHTML, like Gecko; compatible; GPTBot/1.4; +https://openai.com/gptbot)" mail.doxabusinesshub.com 10.43.68.43
74.7.242.8 - - [10/Jul/2026:06:25:31 -0600] "GET /forgot-password/he?dir=%2Fhome1%2Fkdybvgmy%2Fpublic_html%2Fstorage%2Fframework%2Fsessions&edit=1&file=meqmwLscFLANgbAMQ1jvi3uLG8RJvQ1UGTOfFJSd HTTP/2.0" 200 1449362 "https://mail.doxabusinesshub.com/forgot-password/he?dir=%2Fhome1%2Fkdybvgmy%2Fpublic_html%2Fstorage%2Fframework%2Fsessions&edit=1&file=DHsBSm8f0T6P2IDTTEcHR5rfJmS116M30zSNnb9W" "Mozilla/5.0 AppleWebKit/537.36 (KHTML, like Gecko; compatible; GPTBot/1.4; +https://openai.com/gptbot)" mail.doxabusinesshub.com 10.43.68.43
74.7.227.151 - - [10/Jul/2026:06:25:32 -0600] "GET /?dir=%2Fusr%2Flibexec%2Foracle-cloud-agent%2Fplugins%2Fosms%2Foci%2Fmanagement_dashboard%2Fmodels&edit=1&file=change_management_saved_searches_compartment_details.pyc HTTP/1.1" 200 17589 "https://mail.kdy.bvg.mybluehost.me/?dir=%2Fusr%2Flibexec%2Foracle-cloud-agent%2Fplugins%2Fosms%2Foci%2Fmanagement_dashboard%2Fmodels" "Mozilla/5.0 AppleWebKit/537.36 (KHTML, like Gecko; compatible; GPTBot/1.4; +https://openai.com/gptbot)" mail.kdy.bvg.mybluehost.me 10.43.68.43
74.7.227.151 - - [10/Jul/2026:06:25:32 -0600] "GET /?dir=%2Fusr%2Flibexec%2Foracle-cloud-agent%2Fplugins%2Fosms%2Foci%2Fmanagement_dashboard%2Fmodels&edit=1&file=change_management_saved_searches_compartment_details.pyc HTTP/2.0" 200 17589 "https://mail.kdy.bvg.mybluehost.me/?dir=%2Fusr%2Flibexec%2Foracle-cloud-agent%2Fplugins%2Fosms%2Foci%2Fmanagement_dashboard%2Fmodels" "Mozilla/5.0 AppleWebKit/537.36 (KHTML, like Gecko; compatible; GPTBot/1.4; +https://openai.com/gptbot)" mail.kdy.bvg.mybluehost.me 10.43.68.43
216.73.216.142 - - [10/Jul/2026:06:25:33 -0600] "GET /register/it?dir=%2Fhome1%2Fkdybvgmy%2Fpublic_html%2Fstorage%2Fframework%2Fsessions&edit=1&file=5b1GZ0oBzCoMNKywnEhlvNyO0XDRWzlEz1QDTcGp HTTP/2.0" 200 6844 "-" "Mozilla/5.0 AppleWebKit/537.36 (KHTML, like Gecko; compatible; ClaudeBot/1.0; +claudebot@anthropic.com)" doxabusinesshub.com 10.43.68.43
74.7.227.151 - - [10/Jul/2026:06:25:33 -0600] "GET /?dir=%2Fusr%2Flibexec%2Foracle-cloud-agent%2Fplugins%2Fosms%2Foci%2Fcertificates_management%2Fmodels&edit=1&file=update_certificate_authority_config_details.pyc HTTP/1.1" 200 19505 "https://mail.kdy.bvg.mybluehost.me/?dir=%2Fusr%2Flibexec%2Foracle-cloud-agent%2Fplugins%2Fosms%2Foci%2Fcertificates_management%2Fmodels" "Mozilla/5.0 AppleWebKit/537.36 (KHTML, like Gecko; compatible; GPTBot/1.4; +https://openai.com/gptbot)" mail.kdy.bvg.mybluehost.me 10.43.68.43
74.7.227.151 - - [10/Jul/2026:06:25:33 -0600] "GET /?dir=%2Fusr%2Flibexec%2Foracle-cloud-agent%2Fplugins%2Fosms%2Foci%2Fcertificates_management%2Fmodels&edit=1&file=update_certificate_authority_config_details.pyc HTTP/2.0" 200 19505 "https://mail.kdy.bvg.mybluehost.me/?dir=%2Fusr%2Flibexec%2Foracle-cloud-agent%2Fplugins%2Fosms%2Foci%2Fcertificates_management%2Fmodels" "Mozilla/5.0 AppleWebKit/537.36 (KHTML, like Gecko; compatible; GPTBot/1.4; +https://openai.com/gptbot)" mail.kdy.bvg.mybluehost.me 10.43.68.43
74.7.242.8 - - [10/Jul/2026:06:25:32 -0600] "GET /forgot-password/pt?dir=%2Fhome1%2Fkdybvgmy%2Fpublic_html%2Fstorage%2Fframework%2Fsessions&edit=1&file=BLHgGwXpCCDnOp8PgMPWbV1wwdxXGzhgC8ctMUL3 HTTP/1.1" 200 1449401 "https://mail.doxabusinesshub.com/forgot-password/pt?dir=%2Fhome1%2Fkdybvgmy%2Fpublic_html%2Fstorage%2Fframework%2Fsessions&edit=1&file=FPoKCZ8HZB7qYWBJJD980rZOzS8J81yrB80Rk2kn" "Mozilla/5.0 AppleWebKit/537.36 (KHTML, like Gecko; compatible; GPTBot/1.4; +https://openai.com/gptbot)" mail.doxabusinesshub.com 10.43.68.43
74.7.242.8 - - [10/Jul/2026:06:25:32 -0600] "GET /forgot-password/pt?dir=%2Fhome1%2Fkdybvgmy%2Fpublic_html%2Fstorage%2Fframework%2Fsessions&edit=1&file=BLHgGwXpCCDnOp8PgMPWbV1wwdxXGzhgC8ctMUL3 HTTP/2.0" 200 1449401 "https://mail.doxabusinesshub.com/forgot-password/pt?dir=%2Fhome1%2Fkdybvgmy%2Fpublic_html%2Fstorage%2Fframework%2Fsessions&edit=1&file=FPoKCZ8HZB7qYWBJJD980rZOzS8J81yrB80Rk2kn" "Mozilla/5.0 AppleWebKit/537.36 (KHTML, like Gecko; compatible; GPTBot/1.4; +https://openai.com/gptbot)" mail.doxabusinesshub.com 10.43.68.43
74.7.227.151 - - [10/Jul/2026:06:25:33 -0600] "GET /?dir=%2Fusr%2Flibexec%2Foracle-cloud-agent%2Fplugins%2Fosms%2Foci%2Fcertificates_management%2Fmodels&edit=1&file=certificate_authority_issuance_expiry_rule.pyc HTTP/1.1" 200 18266 "https://mail.kdy.bvg.mybluehost.me/?dir=%2Fusr%2Flibexec%2Foracle-cloud-agent%2Fplugins%2Fosms%2Foci%2Fcertificates_management%2Fmodels" "Mozilla/5.0 AppleWebKit/537.36 (KHTML, like Gecko; compatible; GPTBot/1.4; +https://openai.com/gptbot)" mail.kdy.bvg.mybluehost.me 10.43.68.43
74.7.227.151 - - [10/Jul/2026:06:25:33 -0600] "GET /?dir=%2Fusr%2Flibexec%2Foracle-cloud-agent%2Fplugins%2Fosms%2Foci%2Fcertificates_management%2Fmodels&edit=1&file=certificate_authority_issuance_expiry_rule.pyc HTTP/2.0" 200 18266 "https://mail.kdy.bvg.mybluehost.me/?dir=%2Fusr%2Flibexec%2Foracle-cloud-agent%2Fplugins%2Fosms%2Foci%2Fcertificates_management%2Fmodels" "Mozilla/5.0 AppleWebKit/537.36 (KHTML, like Gecko; compatible; GPTBot/1.4; +https://openai.com/gptbot)" mail.kdy.bvg.mybluehost.me 10.43.68.43
216.73.216.142 - - [10/Jul/2026:06:25:33 -0600] "GET /sitemap-9.xml?dir=%2Fhome1%2Fkdybvgmy%2Fpublic_html%2Fstorage%2Fframework%2Fsessions&edit=1&file=5NQ3SiPZiLGEGy5wzzLjzqpmsxxaIqTDONyH0TXO HTTP/2.0" 200 1444751 "-" "Mozilla/5.0 AppleWebKit/537.36 (KHTML, like Gecko; compatible; ClaudeBot/1.0; +claudebot@anthropic.com)" doxabusinesshub.com 10.43.68.43
74.7.242.8 - - [10/Jul/2026:06:25:33 -0600] "GET /forgot-password/pt?dir=%2Fhome1%2Fkdybvgmy%2Fpublic_html%2Fstorage%2Fframework%2Fsessions&edit=1&file=E8TkNeATVdtPmgLBJbnVx7JFNP5ikOfRWNGcfTN5 HTTP/1.1" 200 1448600 "https://mail.doxabusinesshub.com/forgot-password/pt?dir=%2Fhome1%2Fkdybvgmy%2Fpublic_html%2Fstorage%2Fframework%2Fsessions&edit=1&file=hnWrDwCZmN3UYb3WAXejAzHxvVWOlzGu7e5YhlOl" "Mozilla/5.0 AppleWebKit/537.36 (KHTML, like Gecko; compatible; GPTBot/1.4; +https://openai.com/gptbot)" mail.doxabusinesshub.com 10.43.68.43
74.7.242.8 - - [10/Jul/2026:06:25:33 -0600] "GET /forgot-password/pt?dir=%2Fhome1%2Fkdybvgmy%2Fpublic_html%2Fstorage%2Fframework%2Fsessions&edit=1&file=E8TkNeATVdtPmgLBJbnVx7JFNP5ikOfRWNGcfTN5 HTTP/2.0" 200 1448600 "https://mail.doxabusinesshub.com/forgot-password/pt?dir=%2Fhome1%2Fkdybvgmy%2Fpublic_html%2Fstorage%2Fframework%2Fsessions&edit=1&file=hnWrDwCZmN3UYb3WAXejAzHxvVWOlzGu7e5YhlOl" "Mozilla/5.0 AppleWebKit/537.36 (KHTML, like Gecko; compatible; GPTBot/1.4; +https://openai.com/gptbot)" mail.doxabusinesshub.com 10.43.68.43
74.7.227.151 - - [10/Jul/2026:06:25:34 -0600] "GET /?dir=%2Fusr%2Flibexec%2Foracle-cloud-agent%2Fplugins%2Fosms%2Foci%2Fcertificates_management%2Fmodels&edit=1&file=update_certificate_authority_details.pyc HTTP/1.1" 200 19225 "https://mail.kdy.bvg.mybluehost.me/?dir=%2Fusr%2Flibexec%2Foracle-cloud-agent%2Fplugins%2Fosms%2Foci%2Fcertificates_management%2Fmodels" "Mozilla/5.0 AppleWebKit/537.36 (KHTML, like Gecko; compatible; GPTBot/1.4; +https://openai.com/gptbot)" mail.kdy.bvg.mybluehost.me 10.43.68.43
74.7.227.151 - - [10/Jul/2026:06:25:34 -0600] "GET /?dir=%2Fusr%2Flibexec%2Foracle-cloud-agent%2Fplugins%2Fosms%2Foci%2Fcertificates_management%2Fmodels&edit=1&file=update_certificate_authority_details.pyc HTTP/2.0" 200 19225 "https://mail.kdy.bvg.mybluehost.me/?dir=%2Fusr%2Flibexec%2Foracle-cloud-agent%2Fplugins%2Fosms%2Foci%2Fcertificates_management%2Fmodels" "Mozilla/5.0 AppleWebKit/537.36 (KHTML, like Gecko; compatible; GPTBot/1.4; +https://openai.com/gptbot)" mail.kdy.bvg.mybluehost.me 10.43.68.43
74.7.227.151 - - [10/Jul/2026:06:25:34 -0600] "GET /?dir=%2Fusr%2Flibexec%2Foracle-cloud-agent%2Fplugins%2Fosms%2Foci%2Fcertificates_management%2Fmodels&edit=1&file=certificate_subject_alternative_name.pyc HTTP/1.1" 200 18107 "https://mail.kdy.bvg.mybluehost.me/?dir=%2Fusr%2Flibexec%2Foracle-cloud-agent%2Fplugins%2Fosms%2Foci%2Fcertificates_management%2Fmodels" "Mozilla/5.0 AppleWebKit/537.36 (KHTML, like Gecko; compatible; GPTBot/1.4; +https://openai.com/gptbot)" mail.kdy.bvg.mybluehost.me 10.43.68.43
74.7.227.151 - - [10/Jul/2026:06:25:34 -0600] "GET /?dir=%2Fusr%2Flibexec%2Foracle-cloud-agent%2Fplugins%2Fosms%2Foci%2Fcertificates_management%2Fmodels&edit=1&file=certificate_subject_alternative_name.pyc HTTP/2.0" 200 18107 "https://mail.kdy.bvg.mybluehost.me/?dir=%2Fusr%2Flibexec%2Foracle-cloud-agent%2Fplugins%2Fosms%2Foci%2Fcertificates_management%2Fmodels" "Mozilla/5.0 AppleWebKit/537.36 (KHTML, like Gecko; compatible; GPTBot/1.4; +https://openai.com/gptbot)" mail.kdy.bvg.mybluehost.me 10.43.68.43
74.7.242.8 - - [10/Jul/2026:06:25:34 -0600] "GET /forgot-password/he?dir=%2Fhome1%2Fkdybvgmy%2Fpublic_html%2Fstorage%2Fframework%2Fsessions&edit=1&file=YdbPJ2wtYYhlKXMeeiQzphtcssYoQ86cVvkoOv0J HTTP/1.1" 200 1448846 "https://mail.doxabusinesshub.com/forgot-password/he?dir=%2Fhome1%2Fkdybvgmy%2Fpublic_html%2Fstorage%2Fframework%2Fsessions&edit=1&file=GyRWm8cXZY9CaBO7HrvMJlzsqlzPf2PqOtgIcpFc" "Mozilla/5.0 AppleWebKit/537.36 (KHTML, like Gecko; compatible; GPTBot/1.4; +https://openai.com/gptbot)" mail.doxabusinesshub.com 10.43.68.43
74.7.242.8 - - [10/Jul/2026:06:25:34 -0600] "GET /forgot-password/he?dir=%2Fhome1%2Fkdybvgmy%2Fpublic_html%2Fstorage%2Fframework%2Fsessions&edit=1&file=YdbPJ2wtYYhlKXMeeiQzphtcssYoQ86cVvkoOv0J HTTP/2.0" 200 1448846 "https://mail.doxabusinesshub.com/forgot-password/he?dir=%2Fhome1%2Fkdybvgmy%2Fpublic_html%2Fstorage%2Fframework%2Fsessions&edit=1&file=GyRWm8cXZY9CaBO7HrvMJlzsqlzPf2PqOtgIcpFc" "Mozilla/5.0 AppleWebKit/537.36 (KHTML, like Gecko; compatible; GPTBot/1.4; +https://openai.com/gptbot)" mail.doxabusinesshub.com 10.43.68.43
74.7.227.151 - - [10/Jul/2026:06:25:35 -0600] "GET /?dir=%2Fusr%2Flibexec%2Foracle-cloud-agent%2Fplugins%2Fosms%2Foci%2Fcertificates%2Fmodels&edit=1&file=certificate_authority_bundle_version_collection.pyc HTTP/1.1" 200 17595 "https://mail.kdy.bvg.mybluehost.me/?dir=%2Fusr%2Flibexec%2Foracle-cloud-agent%2Fplugins%2Fosms%2Foci%2Fcertificates%2Fmodels" "Mozilla/5.0 AppleWebKit/537.36 (KHTML, like Gecko; compatible; GPTBot/1.4; +https://openai.com/gptbot)" mail.kdy.bvg.mybluehost.me 10.43.68.43
74.7.227.151 - - [10/Jul/2026:06:25:35 -0600] "GET /?dir=%2Fusr%2Flibexec%2Foracle-cloud-agent%2Fplugins%2Fosms%2Foci%2Fcertificates%2Fmodels&edit=1&file=certificate_authority_bundle_version_collection.pyc HTTP/2.0" 200 17595 "https://mail.kdy.bvg.mybluehost.me/?dir=%2Fusr%2Flibexec%2Foracle-cloud-agent%2Fplugins%2Fosms%2Foci%2Fcertificates%2Fmodels" "Mozilla/5.0 AppleWebKit/537.36 (KHTML, like Gecko; compatible; GPTBot/1.4; +https://openai.com/gptbot)" mail.kdy.bvg.mybluehost.me 10.43.68.43
216.73.216.142 - - [10/Jul/2026:06:25:35 -0600] "GET /register/pt?dir=%2Fhome1%2Fkdybvgmy%2Fpublic_html%2Fstorage%2Fframework%2Fsessions&edit=1&file=4jfksU91VX9jEG4MfKxuC1ZsHgyrMXlQ55MhLFxU HTTP/2.0" 200 1449163 "-" "Mozilla/5.0 AppleWebKit/537.36 (KHTML, like Gecko; compatible; ClaudeBot/1.0; +claudebot@anthropic.com)" doxabusinesshub.com 10.43.68.43
74.7.242.8 - - [10/Jul/2026:06:25:35 -0600] "GET /forgot-password/it?dir=%2Fhome1%2Fkdybvgmy%2Fpublic_html%2Fstorage%2Fframework%2Fsessions&edit=1&file=V2SZtBXCs6mQvrjszxmbu4r1ReXjHUvCXflJtqpy HTTP/1.1" 200 1448789 "https://mail.doxabusinesshub.com/forgot-password/it?dir=%2Fhome1%2Fkdybvgmy%2Fpublic_html%2Fstorage%2Fframework%2Fsessions&edit=1&file=tJDQ59wDvXabGevBdUOKAvTzo9QvUzcuIHBPw0xf" "Mozilla/5.0 AppleWebKit/537.36 (KHTML, like Gecko; compatible; GPTBot/1.4; +https://openai.com/gptbot)" mail.doxabusinesshub.com 10.43.68.43
74.7.242.8 - - [10/Jul/2026:06:25:35 -0600] "GET /forgot-password/it?dir=%2Fhome1%2Fkdybvgmy%2Fpublic_html%2Fstorage%2Fframework%2Fsessions&edit=1&file=V2SZtBXCs6mQvrjszxmbu4r1ReXjHUvCXflJtqpy HTTP/2.0" 200 1448789 "https://mail.doxabusinesshub.com/forgot-password/it?dir=%2Fhome1%2Fkdybvgmy%2Fpublic_html%2Fstorage%2Fframework%2Fsessions&edit=1&file=tJDQ59wDvXabGevBdUOKAvTzo9QvUzcuIHBPw0xf" "Mozilla/5.0 AppleWebKit/537.36 (KHTML, like Gecko; compatible; GPTBot/1.4; +https://openai.com/gptbot)" mail.doxabusinesshub.com 10.43.68.43
74.7.227.151 - - [10/Jul/2026:06:25:35 -0600] "GET /?dir=%2Fopt%2Fcpanel%2Fea-wappspector%2Fvendor%2Fsquizlabs%2F.. HTTP/1.1" 200 17104 "https://mail.kdy.bvg.mybluehost.me/?dir=%2Fopt%2Fcpanel%2Fea-wappspector%2Fvendor%2Fsquizlabs" "Mozilla/5.0 AppleWebKit/537.36 (KHTML, like Gecko; compatible; GPTBot/1.4; +https://openai.com/gptbot)" mail.kdy.bvg.mybluehost.me 10.43.68.43
74.7.227.151 - - [10/Jul/2026:06:25:35 -0600] "GET /?dir=%2Fopt%2Fcpanel%2Fea-wappspector%2Fvendor%2Fsquizlabs%2F.. HTTP/2.0" 200 17104 "https://mail.kdy.bvg.mybluehost.me/?dir=%2Fopt%2Fcpanel%2Fea-wappspector%2Fvendor%2Fsquizlabs" "Mozilla/5.0 AppleWebKit/537.36 (KHTML, like Gecko; compatible; GPTBot/1.4; +https://openai.com/gptbot)" mail.kdy.bvg.mybluehost.me 10.43.68.43
74.7.227.151 - - [10/Jul/2026:06:25:36 -0600] "GET /?dir=%2Fopt%2Fcpanel%2Fea-wappspector%2Fvendor%2Fphpunit%2Fphp-file-iterator%2Fsrc&edit=1&file=Iterator.php HTTP/2.0" 409 83 "https://mail.kdy.bvg.mybluehost.me/?dir=%2Fopt%2Fcpanel%2Fea-wappspector%2Fvendor%2Fphpunit%2Fphp-file-iterator%2Fsrc" "Mozilla/5.0 AppleWebKit/537.36 (KHTML, like Gecko; compatible; GPTBot/1.4; +https://openai.com/gptbot)" mail.kdy.bvg.mybluehost.me 10.43.68.43
74.7.242.8 - - [10/Jul/2026:06:25:36 -0600] "GET /forgot-password/he?dir=%2Fhome1%2Fkdybvgmy%2Fpublic_html%2Fstorage%2Fframework%2Fsessions&edit=1&file=l7VQyAufr5HuIXkQ6WVXowMmzIxG0SdAdiAvxHAD HTTP/1.1" 200 1449125 "https://mail.doxabusinesshub.com/forgot-password/he?dir=%2Fhome1%2Fkdybvgmy%2Fpublic_html%2Fstorage%2Fframework%2Fsessions&edit=1&file=25e1q46NY74OclZzMWmgbYIu1jO0GBCczaSVh2n9" "Mozilla/5.0 AppleWebKit/537.36 (KHTML, like Gecko; compatible; GPTBot/1.4; +https://openai.com/gptbot)" mail.doxabusinesshub.com 10.43.68.43
74.7.242.8 - - [10/Jul/2026:06:25:36 -0600] "GET /forgot-password/he?dir=%2Fhome1%2Fkdybvgmy%2Fpublic_html%2Fstorage%2Fframework%2Fsessions&edit=1&file=l7VQyAufr5HuIXkQ6WVXowMmzIxG0SdAdiAvxHAD HTTP/2.0" 200 1449125 "https://mail.doxabusinesshub.com/forgot-password/he?dir=%2Fhome1%2Fkdybvgmy%2Fpublic_html%2Fstorage%2Fframework%2Fsessions&edit=1&file=25e1q46NY74OclZzMWmgbYIu1jO0GBCczaSVh2n9" "Mozilla/5.0 AppleWebKit/537.36 (KHTML, like Gecko; compatible; GPTBot/1.4; +https://openai.com/gptbot)" mail.doxabusinesshub.com 10.43.68.43
74.7.227.151 - - [10/Jul/2026:06:25:36 -0600] "GET /?dir=%2Fusr%2Flibexec%2Foracle-cloud-agent%2Fplugins%2Fosms%2Foci%2F_vendor%2Furllib3%2Fcontrib&edit=1&file=socks.pyc HTTP/1.1" 200 19473 "https://mail.kdy.bvg.mybluehost.me/?dir=%2Fusr%2Flibexec%2Foracle-cloud-agent%2Fplugins%2Fosms%2Foci%2F_vendor%2Furllib3%2Fcontrib" "Mozilla/5.0 AppleWebKit/537.36 (KHTML, like Gecko; compatible; GPTBot/1.4; +https://openai.com/gptbot)" mail.kdy.bvg.mybluehost.me 10.43.68.43
74.7.227.151 - - [10/Jul/2026:06:25:36 -0600] "GET /?dir=%2Fusr%2Flibexec%2Foracle-cloud-agent%2Fplugins%2Fosms%2Foci%2F_vendor%2Furllib3%2Fcontrib&edit=1&file=socks.pyc HTTP/2.0" 200 19473 "https://mail.kdy.bvg.mybluehost.me/?dir=%2Fusr%2Flibexec%2Foracle-cloud-agent%2Fplugins%2Fosms%2Foci%2F_vendor%2Furllib3%2Fcontrib" "Mozilla/5.0 AppleWebKit/537.36 (KHTML, like Gecko; compatible; GPTBot/1.4; +https://openai.com/gptbot)" mail.kdy.bvg.mybluehost.me 10.43.68.43
74.7.242.8 - - [10/Jul/2026:06:25:36 -0600] "GET /forgot-password/he?dir=%2Fhome1%2Fkdybvgmy%2Fpublic_html%2Fstorage%2Fframework%2Fsessions&edit=1&file=3VskwR8RgfQpBWAkPe5jTz8BzpmtbaWnZbWDwqfb HTTP/1.1" 200 1449172 "https://mail.doxabusinesshub.com/forgot-password/he?dir=%2Fhome1%2Fkdybvgmy%2Fpublic_html%2Fstorage%2Fframework%2Fsessions&edit=1&file=qozTWz6yhm4sIx51cS51wbRAAb41k32Pr60lxYsD" "Mozilla/5.0 AppleWebKit/537.36 (KHTML, like Gecko; compatible; GPTBot/1.4; +https://openai.com/gptbot)" mail.doxabusinesshub.com 10.43.68.43
74.7.242.8 - - [10/Jul/2026:06:25:36 -0600] "GET /forgot-password/he?dir=%2Fhome1%2Fkdybvgmy%2Fpublic_html%2Fstorage%2Fframework%2Fsessions&edit=1&file=3VskwR8RgfQpBWAkPe5jTz8BzpmtbaWnZbWDwqfb HTTP/2.0" 200 1449172 "https://mail.doxabusinesshub.com/forgot-password/he?dir=%2Fhome1%2Fkdybvgmy%2Fpublic_html%2Fstorage%2Fframework%2Fsessions&edit=1&file=qozTWz6yhm4sIx51cS51wbRAAb41k32Pr60lxYsD" "Mozilla/5.0 AppleWebKit/537.36 (KHTML, like Gecko; compatible; GPTBot/1.4; +https://openai.com/gptbot)" mail.doxabusinesshub.com 10.43.68.43
216.73.216.142 - - [10/Jul/2026:06:25:37 -0600] "GET /login/tr?dir=%2Fhome1%2Fkdybvgmy%2Fpublic_html%2Fstorage%2Fframework%2Fsessions&edit=1&file=8ng85zUC5tRwRsQ1ErC8wxWX1r5KzoTswnIeCJXC HTTP/2.0" 200 1449321 "-" "Mozilla/5.0 AppleWebKit/537.36 (KHTML, like Gecko; compatible; ClaudeBot/1.0; +claudebot@anthropic.com)" doxabusinesshub.com 10.43.68.43
74.7.242.8 - - [10/Jul/2026:06:25:37 -0600] "GET /forgot-password/pt?dir=%2Fhome1%2Fkdybvgmy%2Fpublic_html%2Fstorage%2Fframework%2Fsessions&edit=1&file=KdPive1R0DLvKJSoexDtu2fSPshQSdFXElZwghVO HTTP/1.1" 200 1449113 "https://mail.doxabusinesshub.com/forgot-password/pt?dir=%2Fhome1%2Fkdybvgmy%2Fpublic_html%2Fstorage%2Fframework%2Fsessions&edit=1&file=83DL6W1b3bVwdNc7zmEHR46leuJQAAZndf0SRk18" "Mozilla/5.0 AppleWebKit/537.36 (KHTML, like Gecko; compatible; GPTBot/1.4; +https://openai.com/gptbot)" mail.doxabusinesshub.com 10.43.68.43
74.7.242.8 - - [10/Jul/2026:06:25:37 -0600] "GET /forgot-password/pt?dir=%2Fhome1%2Fkdybvgmy%2Fpublic_html%2Fstorage%2Fframework%2Fsessions&edit=1&file=KdPive1R0DLvKJSoexDtu2fSPshQSdFXElZwghVO HTTP/2.0" 200 1449113 "https://mail.doxabusinesshub.com/forgot-password/pt?dir=%2Fhome1%2Fkdybvgmy%2Fpublic_html%2Fstorage%2Fframework%2Fsessions&edit=1&file=83DL6W1b3bVwdNc7zmEHR46leuJQAAZndf0SRk18" "Mozilla/5.0 AppleWebKit/537.36 (KHTML, like Gecko; compatible; GPTBot/1.4; +https://openai.com/gptbot)" mail.doxabusinesshub.com 10.43.68.43
74.7.227.151 - - [10/Jul/2026:06:25:38 -0600] "GET /?dir=%2Fusr%2Flibexec%2Foracle-cloud-agent%2Fplugins%2Fosms%2Foci%2F_vendor%2Furllib3%2Futil&edit=1&file=ssl_.pyc HTTP/1.1" 200 23033 "https://mail.kdy.bvg.mybluehost.me/?dir=%2Fusr%2Flibexec%2Foracle-cloud-agent%2Fplugins%2Fosms%2Foci%2F_vendor%2Furllib3%2Futil" "Mozilla/5.0 AppleWebKit/537.36 (KHTML, like Gecko; compatible; GPTBot/1.4; +https://openai.com/gptbot)" mail.kdy.bvg.mybluehost.me 10.43.68.43
74.7.227.151 - - [10/Jul/2026:06:25:38 -0600] "GET /?dir=%2Fusr%2Flibexec%2Foracle-cloud-agent%2Fplugins%2Fosms%2Foci%2F_vendor%2Furllib3%2Futil&edit=1&file=ssl_.pyc HTTP/2.0" 200 23033 "https://mail.kdy.bvg.mybluehost.me/?dir=%2Fusr%2Flibexec%2Foracle-cloud-agent%2Fplugins%2Fosms%2Foci%2F_vendor%2Furllib3%2Futil" "Mozilla/5.0 AppleWebKit/537.36 (KHTML, like Gecko; compatible; GPTBot/1.4; +https://openai.com/gptbot)" mail.kdy.bvg.mybluehost.me 10.43.68.43
74.7.242.8 - - [10/Jul/2026:06:25:38 -0600] "GET /forgot-password/pt?dir=%2Fhome1%2Fkdybvgmy%2Fpublic_html%2Fstorage%2Fframework%2Fsessions&edit=1&file=tspFDSRHdurLhJc0hVdx9uEzVrmca8gSFBqMahpp HTTP/1.1" 200 1449215 "https://mail.doxabusinesshub.com/forgot-password/pt?dir=%2Fhome1%2Fkdybvgmy%2Fpublic_html%2Fstorage%2Fframework%2Fsessions&edit=1&file=cydGDkHpwOcHUFTpjzEaMcKsGQu56hsibhCnKTOU" "Mozilla/5.0 AppleWebKit/537.36 (KHTML, like Gecko; compatible; GPTBot/1.4; +https://openai.com/gptbot)" mail.doxabusinesshub.com 10.43.68.43
74.7.242.8 - - [10/Jul/2026:06:25:38 -0600] "GET /forgot-password/pt?dir=%2Fhome1%2Fkdybvgmy%2Fpublic_html%2Fstorage%2Fframework%2Fsessions&edit=1&file=tspFDSRHdurLhJc0hVdx9uEzVrmca8gSFBqMahpp HTTP/2.0" 200 1449215 "https://mail.doxabusinesshub.com/forgot-password/pt?dir=%2Fhome1%2Fkdybvgmy%2Fpublic_html%2Fstorage%2Fframework%2Fsessions&edit=1&file=cydGDkHpwOcHUFTpjzEaMcKsGQu56hsibhCnKTOU" "Mozilla/5.0 AppleWebKit/537.36 (KHTML, like Gecko; compatible; GPTBot/1.4; +https://openai.com/gptbot)" mail.doxabusinesshub.com 10.43.68.43
74.7.242.8 - - [10/Jul/2026:06:25:39 -0600] "GET /forgot-password/pt?dir=%2Fhome1%2Fkdybvgmy%2Fpublic_html%2Fstorage%2Fframework%2Fsessions&edit=1&file=hQuK7QSzAwqDPjYnykzEJeLRuyRYgpzrmji7Xm09 HTTP/1.1" 200 1449310 "https://mail.doxabusinesshub.com/forgot-password/pt?dir=%2Fhome1%2Fkdybvgmy%2Fpublic_html%2Fstorage%2Fframework%2Fsessions&edit=1&file=VoU4lLcXWcjtFNsyRrauZSWNntQbUcwGNDcpjWQz" "Mozilla/5.0 AppleWebKit/537.36 (KHTML, like Gecko; compatible; GPTBot/1.4; +https://openai.com/gptbot)" mail.doxabusinesshub.com 10.43.68.43
74.7.242.8 - - [10/Jul/2026:06:25:39 -0600] "GET /forgot-password/pt?dir=%2Fhome1%2Fkdybvgmy%2Fpublic_html%2Fstorage%2Fframework%2Fsessions&edit=1&file=hQuK7QSzAwqDPjYnykzEJeLRuyRYgpzrmji7Xm09 HTTP/2.0" 200 1449310 "https://mail.doxabusinesshub.com/forgot-password/pt?dir=%2Fhome1%2Fkdybvgmy%2Fpublic_html%2Fstorage%2Fframework%2Fsessions&edit=1&file=VoU4lLcXWcjtFNsyRrauZSWNntQbUcwGNDcpjWQz" "Mozilla/5.0 AppleWebKit/537.36 (KHTML, like Gecko; compatible; GPTBot/1.4; +https://openai.com/gptbot)" mail.doxabusinesshub.com 10.43.68.43
74.7.227.151 - - [10/Jul/2026:06:25:39 -0600] "GET /?dir=%2Fusr%2Flibexec%2Foracle-cloud-agent%2Fplugins%2Fosms%2Fcharset_normalizer%2F.. HTTP/1.1" 200 21409 "https://mail.kdy.bvg.mybluehost.me/?dir=%2Fusr%2Flibexec%2Foracle-cloud-agent%2Fplugins%2Fosms%2Fcharset_normalizer" "Mozilla/5.0 AppleWebKit/537.36 (KHTML, like Gecko; compatible; GPTBot/1.4; +https://openai.com/gptbot)" mail.kdy.bvg.mybluehost.me 10.43.68.43
74.7.227.151 - - [10/Jul/2026:06:25:39 -0600] "GET /?dir=%2Fusr%2Flibexec%2Foracle-cloud-agent%2Fplugins%2Fosms%2Fcharset_normalizer%2F.. HTTP/2.0" 200 21409 "https://mail.kdy.bvg.mybluehost.me/?dir=%2Fusr%2Flibexec%2Foracle-cloud-agent%2Fplugins%2Fosms%2Fcharset_normalizer" "Mozilla/5.0 AppleWebKit/537.36 (KHTML, like Gecko; compatible; GPTBot/1.4; +https://openai.com/gptbot)" mail.kdy.bvg.mybluehost.me 10.43.68.43
216.73.216.142 - - [10/Jul/2026:06:25:40 -0600] "GET /login/tr?dir=%2Fhome1%2Fkdybvgmy%2Fpublic_html%2Fstorage%2Fframework%2Fsessions&edit=1&file=3M9x74Q2xZv5XwOsrJlpxJgdM36xnBK1TYYi0eJU HTTP/2.0" 200 6708 "-" "Mozilla/5.0 AppleWebKit/537.36 (KHTML, like Gecko; compatible; ClaudeBot/1.0; +claudebot@anthropic.com)" doxabusinesshub.com 10.43.68.43
74.7.242.8 - - [10/Jul/2026:06:25:39 -0600] "GET /forgot-password/pl?dir=%2Fhome1%2Fkdybvgmy%2Fpublic_html%2Fstorage%2Fframework%2Fsessions&edit=1&file=2DSnoDucPg3PcmIqTp4FQqVPHUXXbUwXF2lMaMOs HTTP/1.1" 200 1449423 "https://mail.doxabusinesshub.com/forgot-password/pl?dir=%2Fhome1%2Fkdybvgmy%2Fpublic_html%2Fstorage%2Fframework%2Fsessions&edit=1&file=dUVq5JoaynMjc3Nj2ksTpJQRTRR6cTauMHFvgvJp" "Mozilla/5.0 AppleWebKit/537.36 (KHTML, like Gecko; compatible; GPTBot/1.4; +https://openai.com/gptbot)" mail.doxabusinesshub.com 10.43.68.43
74.7.242.8 - - [10/Jul/2026:06:25:39 -0600] "GET /forgot-password/pl?dir=%2Fhome1%2Fkdybvgmy%2Fpublic_html%2Fstorage%2Fframework%2Fsessions&edit=1&file=2DSnoDucPg3PcmIqTp4FQqVPHUXXbUwXF2lMaMOs HTTP/2.0" 200 1449423 "https://mail.doxabusinesshub.com/forgot-password/pl?dir=%2Fhome1%2Fkdybvgmy%2Fpublic_html%2Fstorage%2Fframework%2Fsessions&edit=1&file=dUVq5JoaynMjc3Nj2ksTpJQRTRR6cTauMHFvgvJp" "Mozilla/5.0 AppleWebKit/537.36 (KHTML, like Gecko; compatible; GPTBot/1.4; +https://openai.com/gptbot)" mail.doxabusinesshub.com 10.43.68.43
74.7.227.13 - - [10/Jul/2026:06:25:41 -0600] "GET /?dir=%2Fhome1%2Fkdybvgmy%2Fpublic_html%2Fvendor%2Fsymfony%2Fhttp-kernel&edit=1&file=HttpKernel.php HTTP/2.0" 409 83 "https://www.kdy.bvg.mybluehost.me/?dir=%2Fhome1%2Fkdybvgmy%2Fpublic_html%2Fvendor%2Fsymfony%2Fhttp-kernel" "Mozilla/5.0 AppleWebKit/537.36 (KHTML, like Gecko; compatible; GPTBot/1.4; +https://openai.com/gptbot)" www.kdy.bvg.mybluehost.me 10.43.68.43
216.73.216.142 - - [10/Jul/2026:06:25:40 -0600] "GET /register/en?dir=%2Fhome1%2Fkdybvgmy%2Fpublic_html%2Fstorage%2Fframework%2Fsessions&edit=1&file=6prQRiSvIYmEazywWZwj7NA4NWxOgiXa77CmUj7D HTTP/2.0" 200 1449839 "-" "Mozilla/5.0 AppleWebKit/537.36 (KHTML, like Gecko; compatible; ClaudeBot/1.0; +claudebot@anthropic.com)" doxabusinesshub.com 10.43.68.43
74.7.242.8 - - [10/Jul/2026:06:25:40 -0600] "GET /forgot-password/it?dir=%2Fhome1%2Fkdybvgmy%2Fpublic_html%2Fstorage%2Fframework%2Fsessions&edit=1&file=bImhkl1MnllWLDGiZolVzV1pNg1ZZUoBuN2cWNHI HTTP/1.1" 200 1449497 "https://mail.doxabusinesshub.com/forgot-password/it?dir=%2Fhome1%2Fkdybvgmy%2Fpublic_html%2Fstorage%2Fframework%2Fsessions&edit=1&file=v1BKfFVN965wNlg63aB4JL4ZhpVpmSTPj7zP875e" "Mozilla/5.0 AppleWebKit/537.36 (KHTML, like Gecko; compatible; GPTBot/1.4; +https://openai.com/gptbot)" mail.doxabusinesshub.com 10.43.68.43
74.7.242.8 - - [10/Jul/2026:06:25:40 -0600] "GET /forgot-password/it?dir=%2Fhome1%2Fkdybvgmy%2Fpublic_html%2Fstorage%2Fframework%2Fsessions&edit=1&file=bImhkl1MnllWLDGiZolVzV1pNg1ZZUoBuN2cWNHI HTTP/2.0" 200 1449497 "https://mail.doxabusinesshub.com/forgot-password/it?dir=%2Fhome1%2Fkdybvgmy%2Fpublic_html%2Fstorage%2Fframework%2Fsessions&edit=1&file=v1BKfFVN965wNlg63aB4JL4ZhpVpmSTPj7zP875e" "Mozilla/5.0 AppleWebKit/537.36 (KHTML, like Gecko; compatible; GPTBot/1.4; +https://openai.com/gptbot)" mail.doxabusinesshub.com 10.43.68.43
74.7.227.151 - - [10/Jul/2026:06:25:41 -0600] "GET /?dir=%2Fusr%2Flibexec%2Foracle-cloud-agent%2Fplugins%2Fosms%2Fcharset_normalizer&edit=1&file=constant.pyc HTTP/1.1" 200 27468 "https://mail.kdy.bvg.mybluehost.me/?dir=%2Fusr%2Flibexec%2Foracle-cloud-agent%2Fplugins%2Fosms%2Fcharset_normalizer" "Mozilla/5.0 AppleWebKit/537.36 (KHTML, like Gecko; compatible; GPTBot/1.4; +https://openai.com/gptbot)" mail.kdy.bvg.mybluehost.me 10.43.68.43
74.7.227.151 - - [10/Jul/2026:06:25:41 -0600] "GET /?dir=%2Fusr%2Flibexec%2Foracle-cloud-agent%2Fplugins%2Fosms%2Fcharset_normalizer&edit=1&file=constant.pyc HTTP/2.0" 200 27468 "https://mail.kdy.bvg.mybluehost.me/?dir=%2Fusr%2Flibexec%2Foracle-cloud-agent%2Fplugins%2Fosms%2Fcharset_normalizer" "Mozilla/5.0 AppleWebKit/537.36 (KHTML, like Gecko; compatible; GPTBot/1.4; +https://openai.com/gptbot)" mail.kdy.bvg.mybluehost.me 10.43.68.43
74.7.242.8 - - [10/Jul/2026:06:25:41 -0600] "GET /forgot-password/pl?dir=%2Fhome1%2Fkdybvgmy%2Fpublic_html%2Fstorage%2Fframework%2Fsessions&edit=1&file=BpJiLEShHIfD923cvf9ERlnosqnczwfXBsAyVwEw HTTP/1.1" 200 1449663 "https://mail.doxabusinesshub.com/forgot-password/pl?dir=%2Fhome1%2Fkdybvgmy%2Fpublic_html%2Fstorage%2Fframework%2Fsessions&edit=1&file=kWlcrbCNdrFEIFFDVh4DuUajROwXZOJ6mqxqHxuo" "Mozilla/5.0 AppleWebKit/537.36 (KHTML, like Gecko; compatible; GPTBot/1.4; +https://openai.com/gptbot)" mail.doxabusinesshub.com 10.43.68.43
74.7.242.8 - - [10/Jul/2026:06:25:41 -0600] "GET /forgot-password/pl?dir=%2Fhome1%2Fkdybvgmy%2Fpublic_html%2Fstorage%2Fframework%2Fsessions&edit=1&file=BpJiLEShHIfD923cvf9ERlnosqnczwfXBsAyVwEw HTTP/2.0" 200 1449663 "https://mail.doxabusinesshub.com/forgot-password/pl?dir=%2Fhome1%2Fkdybvgmy%2Fpublic_html%2Fstorage%2Fframework%2Fsessions&edit=1&file=kWlcrbCNdrFEIFFDVh4DuUajROwXZOJ6mqxqHxuo" "Mozilla/5.0 AppleWebKit/537.36 (KHTML, like Gecko; compatible; GPTBot/1.4; +https://openai.com/gptbot)" mail.doxabusinesshub.com 10.43.68.43
74.7.227.151 - - [10/Jul/2026:06:25:42 -0600] "GET /?dir=%2Fusr%2Flibexec%2Foracle-cloud-agent%2Fplugins%2Fosms%2Fcharset_normalizer&edit=1&file=version.pyc HTTP/1.1" 200 16545 "https://mail.kdy.bvg.mybluehost.me/?dir=%2Fusr%2Flibexec%2Foracle-cloud-agent%2Fplugins%2Fosms%2Fcharset_normalizer" "Mozilla/5.0 AppleWebKit/537.36 (KHTML, like Gecko; compatible; GPTBot/1.4; +https://openai.com/gptbot)" mail.kdy.bvg.mybluehost.me 10.43.68.43
74.7.227.151 - - [10/Jul/2026:06:25:42 -0600] "GET /?dir=%2Fusr%2Flibexec%2Foracle-cloud-agent%2Fplugins%2Fosms%2Fcharset_normalizer&edit=1&file=version.pyc HTTP/2.0" 200 16545 "https://mail.kdy.bvg.mybluehost.me/?dir=%2Fusr%2Flibexec%2Foracle-cloud-agent%2Fplugins%2Fosms%2Fcharset_normalizer" "Mozilla/5.0 AppleWebKit/537.36 (KHTML, like Gecko; compatible; GPTBot/1.4; +https://openai.com/gptbot)" mail.kdy.bvg.mybluehost.me 10.43.68.43
74.7.242.8 - - [10/Jul/2026:06:25:42 -0600] "GET /forgot-password/pt?dir=%2Fhome1%2Fkdybvgmy%2Fpublic_html%2Fstorage%2Fframework%2Fsessions&edit=1&file=AocONbZi9fPmepr6NPSnLSblO9XGdqiOVwWQwriV HTTP/1.1" 200 1449693 "https://mail.doxabusinesshub.com/forgot-password/pt?dir=%2Fhome1%2Fkdybvgmy%2Fpublic_html%2Fstorage%2Fframework%2Fsessions&edit=1&file=Su8YaYHYn9TOQ2ICR4rVb1QZe30R7sQr9P0DA6Ry" "Mozilla/5.0 AppleWebKit/537.36 (KHTML, like Gecko; compatible; GPTBot/1.4; +https://openai.com/gptbot)" mail.doxabusinesshub.com 10.43.68.43
74.7.242.8 - - [10/Jul/2026:06:25:42 -0600] "GET /forgot-password/pt?dir=%2Fhome1%2Fkdybvgmy%2Fpublic_html%2Fstorage%2Fframework%2Fsessions&edit=1&file=AocONbZi9fPmepr6NPSnLSblO9XGdqiOVwWQwriV HTTP/2.0" 200 1449693 "https://mail.doxabusinesshub.com/forgot-password/pt?dir=%2Fhome1%2Fkdybvgmy%2Fpublic_html%2Fstorage%2Fframework%2Fsessions&edit=1&file=Su8YaYHYn9TOQ2ICR4rVb1QZe30R7sQr9P0DA6Ry" "Mozilla/5.0 AppleWebKit/537.36 (KHTML, like Gecko; compatible; GPTBot/1.4; +https://openai.com/gptbot)" mail.doxabusinesshub.com 10.43.68.43
216.73.216.142 - - [10/Jul/2026:06:25:42 -0600] "GET /login/tr?dir=%2Fhome1%2Fkdybvgmy%2Fpublic_html%2Fstorage%2Fframework%2Fsessions&edit=1&file=17CoEeJGEewZwSmqeY88qIbFg1rxZZnJfTTmV4ox HTTP/2.0" 200 1449954 "-" "Mozilla/5.0 AppleWebKit/537.36 (KHTML, like Gecko; compatible; ClaudeBot/1.0; +claudebot@anthropic.com)" doxabusinesshub.com 10.43.68.43
74.7.227.151 - - [10/Jul/2026:06:25:43 -0600] "GET /?dir=%2Fusr%2Flibexec%2Foracle-cloud-agent%2Fplugins%2Fosms%2Fcharset_normalizer&edit=1&file=utils.pyc HTTP/1.1" 200 21395 "https://mail.kdy.bvg.mybluehost.me/?dir=%2Fusr%2Flibexec%2Foracle-cloud-agent%2Fplugins%2Fosms%2Fcharset_normalizer" "Mozilla/5.0 AppleWebKit/537.36 (KHTML, like Gecko; compatible; GPTBot/1.4; +https://openai.com/gptbot)" mail.kdy.bvg.mybluehost.me 10.43.68.43
74.7.227.151 - - [10/Jul/2026:06:25:43 -0600] "GET /?dir=%2Fusr%2Flibexec%2Foracle-cloud-agent%2Fplugins%2Fosms%2Fcharset_normalizer&edit=1&file=utils.pyc HTTP/2.0" 200 21395 "https://mail.kdy.bvg.mybluehost.me/?dir=%2Fusr%2Flibexec%2Foracle-cloud-agent%2Fplugins%2Fosms%2Fcharset_normalizer" "Mozilla/5.0 AppleWebKit/537.36 (KHTML, like Gecko; compatible; GPTBot/1.4; +https://openai.com/gptbot)" mail.kdy.bvg.mybluehost.me 10.43.68.43
74.7.242.8 - - [10/Jul/2026:06:25:42 -0600] "GET /forgot-password/it?dir=%2Fhome1%2Fkdybvgmy%2Fpublic_html%2Fstorage%2Fframework%2Fsessions&edit=1&file=KFjHwafFfNNBG6NVAUCdNisQU7p5RgrgnESYMcPB HTTP/1.1" 200 1449781 "https://mail.doxabusinesshub.com/forgot-password/it?dir=%2Fhome1%2Fkdybvgmy%2Fpublic_html%2Fstorage%2Fframework%2Fsessions&edit=1&file=ky1dackkWb7zzfPE9bAyDnwQjcfudCwmLiTcLTJJ" "Mozilla/5.0 AppleWebKit/537.36 (KHTML, like Gecko; compatible; GPTBot/1.4; +https://openai.com/gptbot)" mail.doxabusinesshub.com 10.43.68.43
74.7.242.8 - - [10/Jul/2026:06:25:42 -0600] "GET /forgot-password/it?dir=%2Fhome1%2Fkdybvgmy%2Fpublic_html%2Fstorage%2Fframework%2Fsessions&edit=1&file=KFjHwafFfNNBG6NVAUCdNisQU7p5RgrgnESYMcPB HTTP/2.0" 200 1449781 "https://mail.doxabusinesshub.com/forgot-password/it?dir=%2Fhome1%2Fkdybvgmy%2Fpublic_html%2Fstorage%2Fframework%2Fsessions&edit=1&file=ky1dackkWb7zzfPE9bAyDnwQjcfudCwmLiTcLTJJ" "Mozilla/5.0 AppleWebKit/537.36 (KHTML, like Gecko; compatible; GPTBot/1.4; +https://openai.com/gptbot)" mail.doxabusinesshub.com 10.43.68.43
74.7.242.8 - - [10/Jul/2026:06:25:43 -0600] "GET /forgot-password/pt?dir=%2Fhome1%2Fkdybvgmy%2Fpublic_html%2Fstorage%2Fframework%2Fsessions&edit=1&file=LIIcdmct9ovAHFYpE5ZfQqIrdnb5lGMty4qsnEHN HTTP/1.1" 200 1449920 "https://mail.doxabusinesshub.com/forgot-password/pt?dir=%2Fhome1%2Fkdybvgmy%2Fpublic_html%2Fstorage%2Fframework%2Fsessions&edit=1&file=V0zR2fIB1VD2gUjAAM7W0dj6Kly1RK2jO3Qwb92Z" "Mozilla/5.0 AppleWebKit/537.36 (KHTML, like Gecko; compatible; GPTBot/1.4; +https://openai.com/gptbot)" mail.doxabusinesshub.com 10.43.68.43
74.7.242.8 - - [10/Jul/2026:06:25:43 -0600] "GET /forgot-password/pt?dir=%2Fhome1%2Fkdybvgmy%2Fpublic_html%2Fstorage%2Fframework%2Fsessions&edit=1&file=LIIcdmct9ovAHFYpE5ZfQqIrdnb5lGMty4qsnEHN HTTP/2.0" 200 1449920 "https://mail.doxabusinesshub.com/forgot-password/pt?dir=%2Fhome1%2Fkdybvgmy%2Fpublic_html%2Fstorage%2Fframework%2Fsessions&edit=1&file=V0zR2fIB1VD2gUjAAM7W0dj6Kly1RK2jO3Qwb92Z" "Mozilla/5.0 AppleWebKit/537.36 (KHTML, like Gecko; compatible; GPTBot/1.4; +https://openai.com/gptbot)" mail.doxabusinesshub.com 10.43.68.43
74.7.227.151 - - [10/Jul/2026:06:25:44 -0600] "GET /?dir=%2Fusr%2Flibexec%2Foracle-cloud-agent%2Fplugins%2Fosms%2Fcharset_normalizer&edit=1&file=cd.pyc HTTP/1.1" 200 22206 "https://mail.kdy.bvg.mybluehost.me/?dir=%2Fusr%2Flibexec%2Foracle-cloud-agent%2Fplugins%2Fosms%2Fcharset_normalizer" "Mozilla/5.0 AppleWebKit/537.36 (KHTML, like Gecko; compatible; GPTBot/1.4; +https://openai.com/gptbot)" mail.kdy.bvg.mybluehost.me 10.43.68.43
74.7.227.151 - - [10/Jul/2026:06:25:44 -0600] "GET /?dir=%2Fusr%2Flibexec%2Foracle-cloud-agent%2Fplugins%2Fosms%2Fcharset_normalizer&edit=1&file=cd.pyc HTTP/2.0" 200 22206 "https://mail.kdy.bvg.mybluehost.me/?dir=%2Fusr%2Flibexec%2Foracle-cloud-agent%2Fplugins%2Fosms%2Fcharset_normalizer" "Mozilla/5.0 AppleWebKit/537.36 (KHTML, like Gecko; compatible; GPTBot/1.4; +https://openai.com/gptbot)" mail.kdy.bvg.mybluehost.me 10.43.68.43
216.73.216.142 - - [10/Jul/2026:06:25:44 -0600] "GET /register/pt?dir=%2Fhome1%2Fkdybvgmy%2Fpublic_html%2Fstorage%2Fframework%2Fsessions&edit=1&file=7NpfLaFOjLUSssyKl7FzDtbzkVu4p1KKuZ6TEm2Y HTTP/2.0" 200 1450298 "-" "Mozilla/5.0 AppleWebKit/537.36 (KHTML, like Gecko; compatible; ClaudeBot/1.0; +claudebot@anthropic.com)" doxabusinesshub.com 10.43.68.43
74.7.242.8 - - [10/Jul/2026:06:25:44 -0600] "GET /forgot-password/he?dir=%2Fhome1%2Fkdybvgmy%2Fpublic_html%2Fstorage%2Fframework%2Fsessions&edit=1&file=boIbCOoSAdGghtG6CgjFVLRnYRr4yiked2qgBMfs HTTP/1.1" 200 1450164 "https://mail.doxabusinesshub.com/forgot-password/he?dir=%2Fhome1%2Fkdybvgmy%2Fpublic_html%2Fstorage%2Fframework%2Fsessions&edit=1&file=SP2SSeJyw4AQfQWjyRjwjLOESqwQBVHMFi6wwAPt" "Mozilla/5.0 AppleWebKit/537.36 (KHTML, like Gecko; compatible; GPTBot/1.4; +https://openai.com/gptbot)" mail.doxabusinesshub.com 10.43.68.43
74.7.242.8 - - [10/Jul/2026:06:25:44 -0600] "GET /forgot-password/he?dir=%2Fhome1%2Fkdybvgmy%2Fpublic_html%2Fstorage%2Fframework%2Fsessions&edit=1&file=boIbCOoSAdGghtG6CgjFVLRnYRr4yiked2qgBMfs HTTP/2.0" 200 1450164 "https://mail.doxabusinesshub.com/forgot-password/he?dir=%2Fhome1%2Fkdybvgmy%2Fpublic_html%2Fstorage%2Fframework%2Fsessions&edit=1&file=SP2SSeJyw4AQfQWjyRjwjLOESqwQBVHMFi6wwAPt" "Mozilla/5.0 AppleWebKit/537.36 (KHTML, like Gecko; compatible; GPTBot/1.4; +https://openai.com/gptbot)" mail.doxabusinesshub.com 10.43.68.43
74.7.227.151 - - [10/Jul/2026:06:25:45 -0600] "GET /?dir=%2Fusr%2Flibexec%2Foracle-cloud-agent%2Fplugins%2Fosms%2Fcharset_normalizer&edit=1&file=api.pyc HTTP/1.1" 200 22583 "https://mail.kdy.bvg.mybluehost.me/?dir=%2Fusr%2Flibexec%2Foracle-cloud-agent%2Fplugins%2Fosms%2Fcharset_normalizer" "Mozilla/5.0 AppleWebKit/537.36 (KHTML, like Gecko; compatible; GPTBot/1.4; +https://openai.com/gptbot)" mail.kdy.bvg.mybluehost.me 10.43.68.43
74.7.227.151 - - [10/Jul/2026:06:25:45 -0600] "GET /?dir=%2Fusr%2Flibexec%2Foracle-cloud-agent%2Fplugins%2Fosms%2Fcharset_normalizer&edit=1&file=api.pyc HTTP/2.0" 200 22583 "https://mail.kdy.bvg.mybluehost.me/?dir=%2Fusr%2Flibexec%2Foracle-cloud-agent%2Fplugins%2Fosms%2Fcharset_normalizer" "Mozilla/5.0 AppleWebKit/537.36 (KHTML, like Gecko; compatible; GPTBot/1.4; +https://openai.com/gptbot)" mail.kdy.bvg.mybluehost.me 10.43.68.43
74.7.242.8 - - [10/Jul/2026:06:25:45 -0600] "GET /forgot-password/he?dir=%2Fhome1%2Fkdybvgmy%2Fpublic_html%2Fstorage%2Fframework%2Fsessions&edit=1&file=bYZtXhnrtQNBiQBoFdVLlYDX5yK7EuonbEZp1Kux HTTP/1.1" 200 1450256 "https://mail.doxabusinesshub.com/forgot-password/he?dir=%2Fhome1%2Fkdybvgmy%2Fpublic_html%2Fstorage%2Fframework%2Fsessions&edit=1&file=iHxjXavsOkK2IRzQkNvdDpryYHzTUj7kvvASQHf3" "Mozilla/5.0 AppleWebKit/537.36 (KHTML, like Gecko; compatible; GPTBot/1.4; +https://openai.com/gptbot)" mail.doxabusinesshub.com 10.43.68.43
74.7.242.8 - - [10/Jul/2026:06:25:45 -0600] "GET /forgot-password/he?dir=%2Fhome1%2Fkdybvgmy%2Fpublic_html%2Fstorage%2Fframework%2Fsessions&edit=1&file=bYZtXhnrtQNBiQBoFdVLlYDX5yK7EuonbEZp1Kux HTTP/2.0" 200 1450256 "https://mail.doxabusinesshub.com/forgot-password/he?dir=%2Fhome1%2Fkdybvgmy%2Fpublic_html%2Fstorage%2Fframework%2Fsessions&edit=1&file=iHxjXavsOkK2IRzQkNvdDpryYHzTUj7kvvASQHf3" "Mozilla/5.0 AppleWebKit/537.36 (KHTML, like Gecko; compatible; GPTBot/1.4; +https://openai.com/gptbot)" mail.doxabusinesshub.com 10.43.68.43
74.7.227.151 - - [10/Jul/2026:06:25:45 -0600] "GET /?dir=%2Fusr%2Flibexec%2Foracle-cloud-agent%2Fplugins%2Fosms%2Fcharset_normalizer&edit=1&file=models.pyc HTTP/1.1" 200 22133 "https://mail.kdy.bvg.mybluehost.me/?dir=%2Fusr%2Flibexec%2Foracle-cloud-agent%2Fplugins%2Fosms%2Fcharset_normalizer" "Mozilla/5.0 AppleWebKit/537.36 (KHTML, like Gecko; compatible; GPTBot/1.4; +https://openai.com/gptbot)" mail.kdy.bvg.mybluehost.me 10.43.68.43
74.7.227.151 - - [10/Jul/2026:06:25:45 -0600] "GET /?dir=%2Fusr%2Flibexec%2Foracle-cloud-agent%2Fplugins%2Fosms%2Fcharset_normalizer&edit=1&file=models.pyc HTTP/2.0" 200 22133 "https://mail.kdy.bvg.mybluehost.me/?dir=%2Fusr%2Flibexec%2Foracle-cloud-agent%2Fplugins%2Fosms%2Fcharset_normalizer" "Mozilla/5.0 AppleWebKit/537.36 (KHTML, like Gecko; compatible; GPTBot/1.4; +https://openai.com/gptbot)" mail.kdy.bvg.mybluehost.me 10.43.68.43
216.73.216.142 - - [10/Jul/2026:06:25:45 -0600] "GET /login/tr?dir=%2Fhome1%2Fkdybvgmy%2Fpublic_html%2Fstorage%2Fframework%2Fsessions&edit=1&file=Hmpk3x6zPOvDVd2CY9VEmU5GZifJqHqKs4NDQ16I HTTP/2.0" 200 1450376 "-" "Mozilla/5.0 AppleWebKit/537.36 (KHTML, like Gecko; compatible; ClaudeBot/1.0; +claudebot@anthropic.com)" doxabusinesshub.com 10.43.68.43
74.7.242.8 - - [10/Jul/2026:06:25:45 -0600] "GET /forgot-password/pt?dir=%2Fhome1%2Fkdybvgmy%2Fpublic_html%2Fstorage%2Fframework%2Fsessions&edit=1&file=MahKPEDaCXGNfc1pIVEE1yHaYsJjcSwZH4D0CFpH HTTP/1.1" 200 1450256 "https://mail.doxabusinesshub.com/forgot-password/pt?dir=%2Fhome1%2Fkdybvgmy%2Fpublic_html%2Fstorage%2Fframework%2Fsessions&edit=1&file=HgrdEQ2am9SxLg3O0bG85N6CmWh3E0ZAOV0KwJy4" "Mozilla/5.0 AppleWebKit/537.36 (KHTML, like Gecko; compatible; GPTBot/1.4; +https://openai.com/gptbot)" mail.doxabusinesshub.com 10.43.68.43
74.7.242.8 - - [10/Jul/2026:06:25:45 -0600] "GET /forgot-password/pt?dir=%2Fhome1%2Fkdybvgmy%2Fpublic_html%2Fstorage%2Fframework%2Fsessions&edit=1&file=MahKPEDaCXGNfc1pIVEE1yHaYsJjcSwZH4D0CFpH HTTP/2.0" 200 1450256 "https://mail.doxabusinesshub.com/forgot-password/pt?dir=%2Fhome1%2Fkdybvgmy%2Fpublic_html%2Fstorage%2Fframework%2Fsessions&edit=1&file=HgrdEQ2am9SxLg3O0bG85N6CmWh3E0ZAOV0KwJy4" "Mozilla/5.0 AppleWebKit/537.36 (KHTML, like Gecko; compatible; GPTBot/1.4; +https://openai.com/gptbot)" mail.doxabusinesshub.com 10.43.68.43
74.7.227.151 - - [10/Jul/2026:06:25:46 -0600] "GET /?dir=%2Fusr%2Flibexec%2Foracle-cloud-agent%2Fplugins%2Fosms%2Fcharset_normalizer&edit=1&file=legacy.pyc HTTP/1.1" 200 17590 "https://mail.kdy.bvg.mybluehost.me/?dir=%2Fusr%2Flibexec%2Foracle-cloud-agent%2Fplugins%2Fosms%2Fcharset_normalizer" "Mozilla/5.0 AppleWebKit/537.36 (KHTML, like Gecko; compatible; GPTBot/1.4; +https://openai.com/gptbot)" mail.kdy.bvg.mybluehost.me 10.43.68.43
74.7.227.151 - - [10/Jul/2026:06:25:46 -0600] "GET /?dir=%2Fusr%2Flibexec%2Foracle-cloud-agent%2Fplugins%2Fosms%2Fcharset_normalizer&edit=1&file=legacy.pyc HTTP/2.0" 200 17590 "https://mail.kdy.bvg.mybluehost.me/?dir=%2Fusr%2Flibexec%2Foracle-cloud-agent%2Fplugins%2Fosms%2Fcharset_normalizer" "Mozilla/5.0 AppleWebKit/537.36 (KHTML, like Gecko; compatible; GPTBot/1.4; +https://openai.com/gptbot)" mail.kdy.bvg.mybluehost.me 10.43.68.43
74.7.242.8 - - [10/Jul/2026:06:25:46 -0600] "GET /forgot-password/it?dir=%2Fhome1%2Fkdybvgmy%2Fpublic_html%2Fstorage%2Fframework%2Fsessions&edit=1&file=gbxHKm0IuezxXeNn6f0dItdShWAB6LpTbDEfYmLU HTTP/1.1" 200 1450395 "https://mail.doxabusinesshub.com/forgot-password/it?dir=%2Fhome1%2Fkdybvgmy%2Fpublic_html%2Fstorage%2Fframework%2Fsessions&edit=1&file=cU0kkx6orMpdNZMnvuGJIPKeIEUMviEIDb3Hce4t" "Mozilla/5.0 AppleWebKit/537.36 (KHTML, like Gecko; compatible; GPTBot/1.4; +https://openai.com/gptbot)" mail.doxabusinesshub.com 10.43.68.43
74.7.242.8 - - [10/Jul/2026:06:25:46 -0600] "GET /forgot-password/it?dir=%2Fhome1%2Fkdybvgmy%2Fpublic_html%2Fstorage%2Fframework%2Fsessions&edit=1&file=gbxHKm0IuezxXeNn6f0dItdShWAB6LpTbDEfYmLU HTTP/2.0" 200 1450395 "https://mail.doxabusinesshub.com/forgot-password/it?dir=%2Fhome1%2Fkdybvgmy%2Fpublic_html%2Fstorage%2Fframework%2Fsessions&edit=1&file=cU0kkx6orMpdNZMnvuGJIPKeIEUMviEIDb3Hce4t" "Mozilla/5.0 AppleWebKit/537.36 (KHTML, like Gecko; compatible; GPTBot/1.4; +https://openai.com/gptbot)" mail.doxabusinesshub.com 10.43.68.43
74.7.227.151 - - [10/Jul/2026:06:25:47 -0600] "GET /?dir=%2Fusr%2Flibexec%2Foracle-cloud-agent%2Fplugins%2Fosms%2Foci%2F_vendor%2Furllib3%2Futil&edit=1&file=queue.pyc HTTP/1.1" 200 16995 "https://mail.kdy.bvg.mybluehost.me/?dir=%2Fusr%2Flibexec%2Foracle-cloud-agent%2Fplugins%2Fosms%2Foci%2F_vendor%2Furllib3%2Futil" "Mozilla/5.0 AppleWebKit/537.36 (KHTML, like Gecko; compatible; GPTBot/1.4; +https://openai.com/gptbot)" mail.kdy.bvg.mybluehost.me 10.43.68.43
74.7.227.151 - - [10/Jul/2026:06:25:47 -0600] "GET /?dir=%2Fusr%2Flibexec%2Foracle-cloud-agent%2Fplugins%2Fosms%2Foci%2F_vendor%2Furllib3%2Futil&edit=1&file=queue.pyc HTTP/2.0" 200 16995 "https://mail.kdy.bvg.mybluehost.me/?dir=%2Fusr%2Flibexec%2Foracle-cloud-agent%2Fplugins%2Fosms%2Foci%2F_vendor%2Furllib3%2Futil" "Mozilla/5.0 AppleWebKit/537.36 (KHTML, like Gecko; compatible; GPTBot/1.4; +https://openai.com/gptbot)" mail.kdy.bvg.mybluehost.me 10.43.68.43
216.73.216.142 - - [10/Jul/2026:06:25:47 -0600] "GET /register/en?dir=%2Fhome1%2Fkdybvgmy%2Fpublic_html%2Fstorage%2Fframework%2Fsessions&edit=1&file=5UwvLiz6Wp70wV03SCDq59dC1zxh9GO3e3IezjqT HTTP/2.0" 200 6811 "-" "Mozilla/5.0 AppleWebKit/537.36 (KHTML, like Gecko; compatible; ClaudeBot/1.0; +claudebot@anthropic.com)" doxabusinesshub.com 10.43.68.43
74.7.227.151 - - [10/Jul/2026:06:25:47 -0600] "GET /?dir=%2Fusr%2Flibexec%2Foracle-cloud-agent%2Fplugins%2Fosms%2Foci%2F_vendor%2Furllib3%2Futil&edit=1&file=request.pyc HTTP/1.1" 200 18422 "https://mail.kdy.bvg.mybluehost.me/?dir=%2Fusr%2Flibexec%2Foracle-cloud-agent%2Fplugins%2Fosms%2Foci%2F_vendor%2Furllib3%2Futil" "Mozilla/5.0 AppleWebKit/537.36 (KHTML, like Gecko; compatible; GPTBot/1.4; +https://openai.com/gptbot)" mail.kdy.bvg.mybluehost.me 10.43.68.43
74.7.227.151 - - [10/Jul/2026:06:25:47 -0600] "GET /?dir=%2Fusr%2Flibexec%2Foracle-cloud-agent%2Fplugins%2Fosms%2Foci%2F_vendor%2Furllib3%2Futil&edit=1&file=request.pyc HTTP/2.0" 200 18422 "https://mail.kdy.bvg.mybluehost.me/?dir=%2Fusr%2Flibexec%2Foracle-cloud-agent%2Fplugins%2Fosms%2Foci%2F_vendor%2Furllib3%2Futil" "Mozilla/5.0 AppleWebKit/537.36 (KHTML, like Gecko; compatible; GPTBot/1.4; +https://openai.com/gptbot)" mail.kdy.bvg.mybluehost.me 10.43.68.43
74.7.242.8 - - [10/Jul/2026:06:25:47 -0600] "GET /forgot-password/it?dir=%2Fhome1%2Fkdybvgmy%2Fpublic_html%2Fstorage%2Fframework%2Fsessions&edit=1&file=EhpYiWR6FZd5hKO57bzlYhNraysEKZkUdhhfIrNp HTTP/1.1" 200 1450490 "https://mail.doxabusinesshub.com/forgot-password/it?dir=%2Fhome1%2Fkdybvgmy%2Fpublic_html%2Fstorage%2Fframework%2Fsessions&edit=1&file=inIBR9BSihQzIcWdOEBDrDrqTtD3sLk1HsChJ3Il" "Mozilla/5.0 AppleWebKit/537.36 (KHTML, like Gecko; compatible; GPTBot/1.4; +https://openai.com/gptbot)" mail.doxabusinesshub.com 10.43.68.43
74.7.242.8 - - [10/Jul/2026:06:25:47 -0600] "GET /forgot-password/it?dir=%2Fhome1%2Fkdybvgmy%2Fpublic_html%2Fstorage%2Fframework%2Fsessions&edit=1&file=EhpYiWR6FZd5hKO57bzlYhNraysEKZkUdhhfIrNp HTTP/2.0" 200 1450490 "https://mail.doxabusinesshub.com/forgot-password/it?dir=%2Fhome1%2Fkdybvgmy%2Fpublic_html%2Fstorage%2Fframework%2Fsessions&edit=1&file=inIBR9BSihQzIcWdOEBDrDrqTtD3sLk1HsChJ3Il" "Mozilla/5.0 AppleWebKit/537.36 (KHTML, like Gecko; compatible; GPTBot/1.4; +https://openai.com/gptbot)" mail.doxabusinesshub.com 10.43.68.43
74.7.227.151 - - [10/Jul/2026:06:25:48 -0600] "GET /?dir=%2Fusr%2Flibexec%2Foracle-cloud-agent%2Fplugins%2Fosms%2Foci%2F_vendor%2Furllib3%2Futil&edit=1&file=response.pyc HTTP/1.1" 200 17835 "https://mail.kdy.bvg.mybluehost.me/?dir=%2Fusr%2Flibexec%2Foracle-cloud-agent%2Fplugins%2Fosms%2Foci%2F_vendor%2Furllib3%2Futil" "Mozilla/5.0 AppleWebKit/537.36 (KHTML, like Gecko; compatible; GPTBot/1.4; +https://openai.com/gptbot)" mail.kdy.bvg.mybluehost.me 10.43.68.43
74.7.227.151 - - [10/Jul/2026:06:25:48 -0600] "GET /?dir=%2Fusr%2Flibexec%2Foracle-cloud-agent%2Fplugins%2Fosms%2Foci%2F_vendor%2Furllib3%2Futil&edit=1&file=response.pyc HTTP/2.0" 200 17835 "https://mail.kdy.bvg.mybluehost.me/?dir=%2Fusr%2Flibexec%2Foracle-cloud-agent%2Fplugins%2Fosms%2Foci%2F_vendor%2Furllib3%2Futil" "Mozilla/5.0 AppleWebKit/537.36 (KHTML, like Gecko; compatible; GPTBot/1.4; +https://openai.com/gptbot)" mail.kdy.bvg.mybluehost.me 10.43.68.43
