74.7.227.151 - - [10/Jul/2026:06:25:17 -0600] "GET /?dir=%2Fopt%2Fcpanel%2Fea-php81%2Froot%2Fproc%2F.. HTTP/2.0" 200 16913 "https://mail.kdy.bvg.mybluehost.me/?dir=%2Fopt%2Fcpanel%2Fea-php81%2Froot%2Fproc" "Mozilla/5.0 AppleWebKit/537.36 (KHTML, like Gecko; compatible; GPTBot/1.4; +https://openai.com/gptbot)" mail.kdy.bvg.mybluehost.me 10.43.68.43
74.7.242.8 - - [10/Jul/2026:06:25:17 -0600] "GET /forgot-password/pl?dir=%2Fhome1%2Fkdybvgmy%2Fpublic_html%2Fstorage%2Fframework%2Fsessions&edit=1&file=SRFwBtfUTjBgFai4CEXVSBVFz0BLXpF0nbnJFgDq HTTP/1.1" 200 1448378 "https://mail.doxabusinesshub.com/forgot-password/pl?dir=%2Fhome1%2Fkdybvgmy%2Fpublic_html%2Fstorage%2Fframework%2Fsessions&edit=1&file=O39aN4qL32goeNBF1165UQMPJIs7TXELOrJZad21" "Mozilla/5.0 AppleWebKit/537.36 (KHTML, like Gecko; compatible; GPTBot/1.4; +https://openai.com/gptbot)" mail.doxabusinesshub.com 10.43.68.43
74.7.242.8 - - [10/Jul/2026:06:25:17 -0600] "GET /forgot-password/pl?dir=%2Fhome1%2Fkdybvgmy%2Fpublic_html%2Fstorage%2Fframework%2Fsessions&edit=1&file=SRFwBtfUTjBgFai4CEXVSBVFz0BLXpF0nbnJFgDq HTTP/2.0" 200 1448378 "https://mail.doxabusinesshub.com/forgot-password/pl?dir=%2Fhome1%2Fkdybvgmy%2Fpublic_html%2Fstorage%2Fframework%2Fsessions&edit=1&file=O39aN4qL32goeNBF1165UQMPJIs7TXELOrJZad21" "Mozilla/5.0 AppleWebKit/537.36 (KHTML, like Gecko; compatible; GPTBot/1.4; +https://openai.com/gptbot)" mail.doxabusinesshub.com 10.43.68.43
216.73.216.142 - - [10/Jul/2026:06:25:17 -0600] "GET /register?dir=%2Fhome1%2Fkdybvgmy%2Fpublic_html%2Fstorage%2Fframework%2Fsessions&edit=1&file=4dXEq7zXLkgtxZxYUzpzdgFv4o1xZ0gNxpECMsqy HTTP/2.0" 200 1448689 "-" "Mozilla/5.0 AppleWebKit/537.36 (KHTML, like Gecko; compatible; ClaudeBot/1.0; +claudebot@anthropic.com)" doxabusinesshub.com 10.43.68.43
74.7.227.151 - - [10/Jul/2026:06:25:17 -0600] "GET /?dir=%2Fusr%2Flibexec%2Foracle-cloud-agent%2Fplugins%2Fosms&edit=1&file=libgcc_s.so.1 HTTP/1.1" 200 61621 "https://mail.kdy.bvg.mybluehost.me/?dir=%2Fusr%2Flibexec%2Foracle-cloud-agent%2Fplugins%2Fosms" "Mozilla/5.0 AppleWebKit/537.36 (KHTML, like Gecko; compatible; GPTBot/1.4; +https://openai.com/gptbot)" mail.kdy.bvg.mybluehost.me 10.43.68.43
74.7.227.151 - - [10/Jul/2026:06:25:17 -0600] "GET /?dir=%2Fusr%2Flibexec%2Foracle-cloud-agent%2Fplugins%2Fosms&edit=1&file=libgcc_s.so.1 HTTP/2.0" 200 61621 "https://mail.kdy.bvg.mybluehost.me/?dir=%2Fusr%2Flibexec%2Foracle-cloud-agent%2Fplugins%2Fosms" "Mozilla/5.0 AppleWebKit/537.36 (KHTML, like Gecko; compatible; GPTBot/1.4; +https://openai.com/gptbot)" mail.kdy.bvg.mybluehost.me 10.43.68.43
74.7.242.8 - - [10/Jul/2026:06:25:17 -0600] "GET /forgot-password/pl?dir=%2Fhome1%2Fkdybvgmy%2Fpublic_html%2Fstorage%2Fframework%2Fsessions&edit=1&file=2dOHmkEvgFYZXoIHCPzpyHq1O2YQqkHxYaZ2VUUn HTTP/1.1" 200 1448526 "https://mail.doxabusinesshub.com/forgot-password/pl?dir=%2Fhome1%2Fkdybvgmy%2Fpublic_html%2Fstorage%2Fframework%2Fsessions&edit=1&file=S5Skq6FgO788ZqTZ4TeuJw3Un6NUuQZIDsE286Ud" "Mozilla/5.0 AppleWebKit/537.36 (KHTML, like Gecko; compatible; GPTBot/1.4; +https://openai.com/gptbot)" mail.doxabusinesshub.com 10.43.68.43
74.7.242.8 - - [10/Jul/2026:06:25:17 -0600] "GET /forgot-password/pl?dir=%2Fhome1%2Fkdybvgmy%2Fpublic_html%2Fstorage%2Fframework%2Fsessions&edit=1&file=2dOHmkEvgFYZXoIHCPzpyHq1O2YQqkHxYaZ2VUUn HTTP/2.0" 200 1448526 "https://mail.doxabusinesshub.com/forgot-password/pl?dir=%2Fhome1%2Fkdybvgmy%2Fpublic_html%2Fstorage%2Fframework%2Fsessions&edit=1&file=S5Skq6FgO788ZqTZ4TeuJw3Un6NUuQZIDsE286Ud" "Mozilla/5.0 AppleWebKit/537.36 (KHTML, like Gecko; compatible; GPTBot/1.4; +https://openai.com/gptbot)" mail.doxabusinesshub.com 10.43.68.43
74.7.227.151 - - [10/Jul/2026:06:25:18 -0600] "GET /?dir=%2Fusr%2Flibexec%2Foracle-cloud-agent%2Fplugins%2Fosms%2Foci%2Fcompute_instance_agent&edit=1&file=compute_instance_agent_client_composite_operations.pyc HTTP/1.1" 200 17113 "https://mail.kdy.bvg.mybluehost.me/?dir=%2Fusr%2Flibexec%2Foracle-cloud-agent%2Fplugins%2Fosms%2Foci%2Fcompute_instance_agent" "Mozilla/5.0 AppleWebKit/537.36 (KHTML, like Gecko; compatible; GPTBot/1.4; +https://openai.com/gptbot)" mail.kdy.bvg.mybluehost.me 10.43.68.43
74.7.227.151 - - [10/Jul/2026:06:25:18 -0600] "GET /?dir=%2Fusr%2Flibexec%2Foracle-cloud-agent%2Fplugins%2Fosms%2Foci%2Fcompute_instance_agent&edit=1&file=compute_instance_agent_client_composite_operations.pyc HTTP/2.0" 200 17113 "https://mail.kdy.bvg.mybluehost.me/?dir=%2Fusr%2Flibexec%2Foracle-cloud-agent%2Fplugins%2Fosms%2Foci%2Fcompute_instance_agent" "Mozilla/5.0 AppleWebKit/537.36 (KHTML, like Gecko; compatible; GPTBot/1.4; +https://openai.com/gptbot)" mail.kdy.bvg.mybluehost.me 10.43.68.43
74.7.227.151 - - [10/Jul/2026:06:25:18 -0600] "GET /?dir=%2Fusr%2Flibexec%2Foracle-cloud-agent%2Fplugins%2Fosms%2Foci%2F_vendor%2Furllib3 HTTP/1.1" 200 17150 "https://mail.kdy.bvg.mybluehost.me/?dir=%2Fusr%2Flibexec%2Foracle-cloud-agent%2Fplugins%2Fosms%2Foci%2F_vendor" "Mozilla/5.0 AppleWebKit/537.36 (KHTML, like Gecko; compatible; GPTBot/1.4; +https://openai.com/gptbot)" mail.kdy.bvg.mybluehost.me 10.43.68.43
74.7.227.151 - - [10/Jul/2026:06:25:18 -0600] "GET /?dir=%2Fusr%2Flibexec%2Foracle-cloud-agent%2Fplugins%2Fosms%2Foci%2F_vendor%2Furllib3 HTTP/2.0" 200 17150 "https://mail.kdy.bvg.mybluehost.me/?dir=%2Fusr%2Flibexec%2Foracle-cloud-agent%2Fplugins%2Fosms%2Foci%2F_vendor" "Mozilla/5.0 AppleWebKit/537.36 (KHTML, like Gecko; compatible; GPTBot/1.4; +https://openai.com/gptbot)" mail.kdy.bvg.mybluehost.me 10.43.68.43
216.73.216.142 - - [10/Jul/2026:06:25:18 -0600] "GET /register/pt?dir=%2Fhome1%2Fkdybvgmy%2Fpublic_html%2Fstorage%2Fframework%2Fsessions&edit=1&file=9itSBkgc27IqzDc6zfebOIRuQX54d0O9jf1YH6zB HTTP/2.0" 200 1449028 "-" "Mozilla/5.0 AppleWebKit/537.36 (KHTML, like Gecko; compatible; ClaudeBot/1.0; +claudebot@anthropic.com)" doxabusinesshub.com 10.43.68.43
74.7.242.8 - - [10/Jul/2026:06:25:18 -0600] "GET /forgot-password/he?dir=%2Fhome1%2Fkdybvgmy%2Fpublic_html%2Fstorage%2Fframework%2Fsessions&edit=1&file=vuasYy5IgkCH2fziEotPldMbHlEfMF6LhfoyfZ3B HTTP/1.1" 200 1448807 "https://mail.doxabusinesshub.com/forgot-password/he?dir=%2Fhome1%2Fkdybvgmy%2Fpublic_html%2Fstorage%2Fframework%2Fsessions&edit=1&file=25e1q46NY74OclZzMWmgbYIu1jO0GBCczaSVh2n9" "Mozilla/5.0 AppleWebKit/537.36 (KHTML, like Gecko; compatible; GPTBot/1.4; +https://openai.com/gptbot)" mail.doxabusinesshub.com 10.43.68.43
74.7.242.8 - - [10/Jul/2026:06:25:18 -0600] "GET /forgot-password/he?dir=%2Fhome1%2Fkdybvgmy%2Fpublic_html%2Fstorage%2Fframework%2Fsessions&edit=1&file=vuasYy5IgkCH2fziEotPldMbHlEfMF6LhfoyfZ3B HTTP/2.0" 200 1448807 "https://mail.doxabusinesshub.com/forgot-password/he?dir=%2Fhome1%2Fkdybvgmy%2Fpublic_html%2Fstorage%2Fframework%2Fsessions&edit=1&file=25e1q46NY74OclZzMWmgbYIu1jO0GBCczaSVh2n9" "Mozilla/5.0 AppleWebKit/537.36 (KHTML, like Gecko; compatible; GPTBot/1.4; +https://openai.com/gptbot)" mail.doxabusinesshub.com 10.43.68.43
74.7.227.151 - - [10/Jul/2026:06:25:19 -0600] "GET /?dir=%2Fusr%2Flibexec%2Foracle-cloud-agent%2Fplugins%2Fosms%2Foci%2Fcontainer_instances%2Fmodels&edit=1&file=container_instance_shape_config.pyc HTTP/1.1" 200 18232 "https://mail.kdy.bvg.mybluehost.me/?dir=%2Fusr%2Flibexec%2Foracle-cloud-agent%2Fplugins%2Fosms%2Foci%2Fcontainer_instances%2Fmodels" "Mozilla/5.0 AppleWebKit/537.36 (KHTML, like Gecko; compatible; GPTBot/1.4; +https://openai.com/gptbot)" mail.kdy.bvg.mybluehost.me 10.43.68.43
74.7.227.151 - - [10/Jul/2026:06:25:19 -0600] "GET /?dir=%2Fusr%2Flibexec%2Foracle-cloud-agent%2Fplugins%2Fosms%2Foci%2Fcontainer_instances%2Fmodels&edit=1&file=container_instance_shape_config.pyc HTTP/2.0" 200 18232 "https://mail.kdy.bvg.mybluehost.me/?dir=%2Fusr%2Flibexec%2Foracle-cloud-agent%2Fplugins%2Fosms%2Foci%2Fcontainer_instances%2Fmodels" "Mozilla/5.0 AppleWebKit/537.36 (KHTML, like Gecko; compatible; GPTBot/1.4; +https://openai.com/gptbot)" mail.kdy.bvg.mybluehost.me 10.43.68.43
216.73.216.142 - - [10/Jul/2026:06:25:19 -0600] "GET /pages/about_us?dir=%2Fhome1%2Fkdybvgmy%2Fpublic_html%2Fstorage%2Fframework%2Fsessions&edit=1&file=7p1W1S7joxZPei1W13v1HGcB6URaY8dH929MzikT HTTP/2.0" 200 4894 "-" "Mozilla/5.0 AppleWebKit/537.36 (KHTML, like Gecko; compatible; ClaudeBot/1.0; +claudebot@anthropic.com)" doxabusinesshub.com 10.43.68.43
74.7.242.8 - - [10/Jul/2026:06:25:19 -0600] "GET /forgot-password/pt?dir=%2Fhome1%2Fkdybvgmy%2Fpublic_html%2Fstorage%2Fframework%2Fsessions&edit=1&file=nxZhtyXykEKW6ExCeVsGCkpvCZIu7pP7saQV5CNl HTTP/1.1" 200 1448782 "https://mail.doxabusinesshub.com/forgot-password/pt?dir=%2Fhome1%2Fkdybvgmy%2Fpublic_html%2Fstorage%2Fframework%2Fsessions&edit=1&file=ahUpbeDA4WMNHn7ziMH3fMzpvqJsPJ9igVamxnzg" "Mozilla/5.0 AppleWebKit/537.36 (KHTML, like Gecko; compatible; GPTBot/1.4; +https://openai.com/gptbot)" mail.doxabusinesshub.com 10.43.68.43
74.7.242.8 - - [10/Jul/2026:06:25:19 -0600] "GET /forgot-password/pt?dir=%2Fhome1%2Fkdybvgmy%2Fpublic_html%2Fstorage%2Fframework%2Fsessions&edit=1&file=nxZhtyXykEKW6ExCeVsGCkpvCZIu7pP7saQV5CNl HTTP/2.0" 200 1448782 "https://mail.doxabusinesshub.com/forgot-password/pt?dir=%2Fhome1%2Fkdybvgmy%2Fpublic_html%2Fstorage%2Fframework%2Fsessions&edit=1&file=ahUpbeDA4WMNHn7ziMH3fMzpvqJsPJ9igVamxnzg" "Mozilla/5.0 AppleWebKit/537.36 (KHTML, like Gecko; compatible; GPTBot/1.4; +https://openai.com/gptbot)" mail.doxabusinesshub.com 10.43.68.43
74.7.227.151 - - [10/Jul/2026:06:25:19 -0600] "GET /?dir=%2Fusr%2Flibexec%2Foracle-cloud-agent%2Fplugins%2Fosms%2Foci%2Fmarketplace%2Fmodels&edit=1&file=orchestration_listing_package.pyc HTTP/1.1" 200 18505 "https://mail.kdy.bvg.mybluehost.me/?dir=%2Fusr%2Flibexec%2Foracle-cloud-agent%2Fplugins%2Fosms%2Foci%2Fmarketplace%2Fmodels" "Mozilla/5.0 AppleWebKit/537.36 (KHTML, like Gecko; compatible; GPTBot/1.4; +https://openai.com/gptbot)" mail.kdy.bvg.mybluehost.me 10.43.68.43
74.7.227.151 - - [10/Jul/2026:06:25:19 -0600] "GET /?dir=%2Fusr%2Flibexec%2Foracle-cloud-agent%2Fplugins%2Fosms%2Foci%2Fmarketplace%2Fmodels&edit=1&file=orchestration_listing_package.pyc HTTP/2.0" 200 18505 "https://mail.kdy.bvg.mybluehost.me/?dir=%2Fusr%2Flibexec%2Foracle-cloud-agent%2Fplugins%2Fosms%2Foci%2Fmarketplace%2Fmodels" "Mozilla/5.0 AppleWebKit/537.36 (KHTML, like Gecko; compatible; GPTBot/1.4; +https://openai.com/gptbot)" mail.kdy.bvg.mybluehost.me 10.43.68.43
216.73.216.142 - - [10/Jul/2026:06:25:20 -0600] "GET /register/it?dir=%2Fhome1%2Fkdybvgmy%2Fpublic_html%2Fstorage%2Fframework%2Fsessions&edit=1&file=ATrXsqDs5s1oBXaIoxK4Cjiwe0tYBKTWaT8ZQYaE HTTP/2.0" 200 1449317 "-" "Mozilla/5.0 AppleWebKit/537.36 (KHTML, like Gecko; compatible; ClaudeBot/1.0; +claudebot@anthropic.com)" doxabusinesshub.com 10.43.68.43
74.7.242.8 - - [10/Jul/2026:06:25:20 -0600] "GET /forgot-password/it?dir=%2Fhome1%2Fkdybvgmy%2Fpublic_html%2Fstorage%2Fframework%2Fsessions&edit=1&file=gRbKxg5jjukpwDxP0qWjLkwTJpuyG9jgVR5DMtkJ HTTP/1.1" 200 1448961 "https://mail.doxabusinesshub.com/forgot-password/it?dir=%2Fhome1%2Fkdybvgmy%2Fpublic_html%2Fstorage%2Fframework%2Fsessions&edit=1&file=YAQz6vkYz39yOXRmAlKOACXWaafLxqtmxSaUNKSd" "Mozilla/5.0 AppleWebKit/537.36 (KHTML, like Gecko; compatible; GPTBot/1.4; +https://openai.com/gptbot)" mail.doxabusinesshub.com 10.43.68.43
74.7.242.8 - - [10/Jul/2026:06:25:20 -0600] "GET /forgot-password/it?dir=%2Fhome1%2Fkdybvgmy%2Fpublic_html%2Fstorage%2Fframework%2Fsessions&edit=1&file=gRbKxg5jjukpwDxP0qWjLkwTJpuyG9jgVR5DMtkJ HTTP/2.0" 200 1448961 "https://mail.doxabusinesshub.com/forgot-password/it?dir=%2Fhome1%2Fkdybvgmy%2Fpublic_html%2Fstorage%2Fframework%2Fsessions&edit=1&file=YAQz6vkYz39yOXRmAlKOACXWaafLxqtmxSaUNKSd" "Mozilla/5.0 AppleWebKit/537.36 (KHTML, like Gecko; compatible; GPTBot/1.4; +https://openai.com/gptbot)" mail.doxabusinesshub.com 10.43.68.43
74.7.227.151 - - [10/Jul/2026:06:25:20 -0600] "GET /?dir=%2Fusr%2Flibexec%2Foracle-cloud-agent%2Fplugins%2Fosms%2Foci%2Fonesubscription%2Fmodels&edit=1&file=orgnization_subs_currency.pyc HTTP/1.1" 200 17760 "https://mail.kdy.bvg.mybluehost.me/?dir=%2Fusr%2Flibexec%2Foracle-cloud-agent%2Fplugins%2Fosms%2Foci%2Fonesubscription%2Fmodels" "Mozilla/5.0 AppleWebKit/537.36 (KHTML, like Gecko; compatible; GPTBot/1.4; +https://openai.com/gptbot)" mail.kdy.bvg.mybluehost.me 10.43.68.43
74.7.227.151 - - [10/Jul/2026:06:25:20 -0600] "GET /?dir=%2Fusr%2Flibexec%2Foracle-cloud-agent%2Fplugins%2Fosms%2Foci%2Fonesubscription%2Fmodels&edit=1&file=orgnization_subs_currency.pyc HTTP/2.0" 200 17760 "https://mail.kdy.bvg.mybluehost.me/?dir=%2Fusr%2Flibexec%2Foracle-cloud-agent%2Fplugins%2Fosms%2Foci%2Fonesubscription%2Fmodels" "Mozilla/5.0 AppleWebKit/537.36 (KHTML, like Gecko; compatible; GPTBot/1.4; +https://openai.com/gptbot)" mail.kdy.bvg.mybluehost.me 10.43.68.43
74.7.227.151 - - [10/Jul/2026:06:25:21 -0600] "GET /?dir=%2Fusr%2Flibexec%2Foracle-cloud-agent%2Fplugins%2Fosms%2Foci%2Fcertificates_management%2Fmodels&edit=1&file=revocation_status.pyc HTTP/1.1" 200 18727 "https://mail.kdy.bvg.mybluehost.me/?dir=%2Fusr%2Flibexec%2Foracle-cloud-agent%2Fplugins%2Fosms%2Foci%2Fcertificates_management%2Fmodels" "Mozilla/5.0 AppleWebKit/537.36 (KHTML, like Gecko; compatible; GPTBot/1.4; +https://openai.com/gptbot)" mail.kdy.bvg.mybluehost.me 10.43.68.43
74.7.227.151 - - [10/Jul/2026:06:25:21 -0600] "GET /?dir=%2Fusr%2Flibexec%2Foracle-cloud-agent%2Fplugins%2Fosms%2Foci%2Fcertificates_management%2Fmodels&edit=1&file=revocation_status.pyc HTTP/2.0" 200 18727 "https://mail.kdy.bvg.mybluehost.me/?dir=%2Fusr%2Flibexec%2Foracle-cloud-agent%2Fplugins%2Fosms%2Foci%2Fcertificates_management%2Fmodels" "Mozilla/5.0 AppleWebKit/537.36 (KHTML, like Gecko; compatible; GPTBot/1.4; +https://openai.com/gptbot)" mail.kdy.bvg.mybluehost.me 10.43.68.43
74.7.242.8 - - [10/Jul/2026:06:25:20 -0600] "GET /forgot-password/pt?dir=%2Fhome1%2Fkdybvgmy%2Fpublic_html%2Fstorage%2Fframework%2Fsessions&edit=1&file=sOSGUmQz0tlGKYRqUwIdK3Q1eFdgCJPJoQZ3HElE HTTP/1.1" 200 1449112 "https://mail.doxabusinesshub.com/forgot-password/pt?dir=%2Fhome1%2Fkdybvgmy%2Fpublic_html%2Fstorage%2Fframework%2Fsessions&edit=1&file=cZVHQOkyOZkuKsQBmrAwnzFcBRLO1ATLZU2qOCRz" "Mozilla/5.0 AppleWebKit/537.36 (KHTML, like Gecko; compatible; GPTBot/1.4; +https://openai.com/gptbot)" mail.doxabusinesshub.com 10.43.68.43
74.7.242.8 - - [10/Jul/2026:06:25:20 -0600] "GET /forgot-password/pt?dir=%2Fhome1%2Fkdybvgmy%2Fpublic_html%2Fstorage%2Fframework%2Fsessions&edit=1&file=sOSGUmQz0tlGKYRqUwIdK3Q1eFdgCJPJoQZ3HElE HTTP/2.0" 200 1449112 "https://mail.doxabusinesshub.com/forgot-password/pt?dir=%2Fhome1%2Fkdybvgmy%2Fpublic_html%2Fstorage%2Fframework%2Fsessions&edit=1&file=cZVHQOkyOZkuKsQBmrAwnzFcBRLO1ATLZU2qOCRz" "Mozilla/5.0 AppleWebKit/537.36 (KHTML, like Gecko; compatible; GPTBot/1.4; +https://openai.com/gptbot)" mail.doxabusinesshub.com 10.43.68.43
216.73.216.142 - - [10/Jul/2026:06:25:21 -0600] "GET /register/pt?dir=%2Fhome1%2Fkdybvgmy%2Fpublic_html%2Fstorage%2Fframework%2Fsessions&edit=1&file=3wJjnu0WS24WtNEVgeTbsXJ2feG9qgFqyMUV1lRD HTTP/2.0" 200 6850 "-" "Mozilla/5.0 AppleWebKit/537.36 (KHTML, like Gecko; compatible; ClaudeBot/1.0; +claudebot@anthropic.com)" doxabusinesshub.com 10.43.68.43
74.7.227.151 - - [10/Jul/2026:06:25:21 -0600] "GET /?dir=%2Fusr%2Flibexec%2Foracle-cloud-agent%2Fplugins%2Fosms%2Foci%2Foptimizer%2Fmodels&edit=1&file=recommendation_strategy_summary.pyc HTTP/1.1" 200 17689 "https://mail.kdy.bvg.mybluehost.me/?dir=%2Fusr%2Flibexec%2Foracle-cloud-agent%2Fplugins%2Fosms%2Foci%2Foptimizer%2Fmodels" "Mozilla/5.0 AppleWebKit/537.36 (KHTML, like Gecko; compatible; GPTBot/1.4; +https://openai.com/gptbot)" mail.kdy.bvg.mybluehost.me 10.43.68.43
74.7.227.151 - - [10/Jul/2026:06:25:21 -0600] "GET /?dir=%2Fusr%2Flibexec%2Foracle-cloud-agent%2Fplugins%2Fosms%2Foci%2Foptimizer%2Fmodels&edit=1&file=recommendation_strategy_summary.pyc HTTP/2.0" 200 17689 "https://mail.kdy.bvg.mybluehost.me/?dir=%2Fusr%2Flibexec%2Foracle-cloud-agent%2Fplugins%2Fosms%2Foci%2Foptimizer%2Fmodels" "Mozilla/5.0 AppleWebKit/537.36 (KHTML, like Gecko; compatible; GPTBot/1.4; +https://openai.com/gptbot)" mail.kdy.bvg.mybluehost.me 10.43.68.43
74.7.242.8 - - [10/Jul/2026:06:25:21 -0600] "GET /forgot-password/pt?dir=%2Fhome1%2Fkdybvgmy%2Fpublic_html%2Fstorage%2Fframework%2Fsessions&edit=1&file=fha3WWviYllvuSldanzcv8FobH7zDD7aukSsGbcr HTTP/1.1" 200 1449209 "https://mail.doxabusinesshub.com/forgot-password/pt?dir=%2Fhome1%2Fkdybvgmy%2Fpublic_html%2Fstorage%2Fframework%2Fsessions&edit=1&file=Z8Hy8kH984YYLGeC7F4qzB9fW6eeUtA5Ld1OszoA" "Mozilla/5.0 AppleWebKit/537.36 (KHTML, like Gecko; compatible; GPTBot/1.4; +https://openai.com/gptbot)" mail.doxabusinesshub.com 10.43.68.43
74.7.242.8 - - [10/Jul/2026:06:25:21 -0600] "GET /forgot-password/pt?dir=%2Fhome1%2Fkdybvgmy%2Fpublic_html%2Fstorage%2Fframework%2Fsessions&edit=1&file=fha3WWviYllvuSldanzcv8FobH7zDD7aukSsGbcr HTTP/2.0" 200 1449209 "https://mail.doxabusinesshub.com/forgot-password/pt?dir=%2Fhome1%2Fkdybvgmy%2Fpublic_html%2Fstorage%2Fframework%2Fsessions&edit=1&file=Z8Hy8kH984YYLGeC7F4qzB9fW6eeUtA5Ld1OszoA" "Mozilla/5.0 AppleWebKit/537.36 (KHTML, like Gecko; compatible; GPTBot/1.4; +https://openai.com/gptbot)" mail.doxabusinesshub.com 10.43.68.43
74.7.227.151 - - [10/Jul/2026:06:25:22 -0600] "GET /?dir=%2Fusr%2Flibexec%2Foracle-cloud-agent%2Fplugins%2Fosms%2Foci%2Fapplication_migration%2Fmodels&edit=1&file=configuration_field.pyc HTTP/1.1" 200 18641 "https://mail.kdy.bvg.mybluehost.me/?dir=%2Fusr%2Flibexec%2Foracle-cloud-agent%2Fplugins%2Fosms%2Foci%2Fapplication_migration%2Fmodels" "Mozilla/5.0 AppleWebKit/537.36 (KHTML, like Gecko; compatible; GPTBot/1.4; +https://openai.com/gptbot)" mail.kdy.bvg.mybluehost.me 10.43.68.43
74.7.227.151 - - [10/Jul/2026:06:25:22 -0600] "GET /?dir=%2Fusr%2Flibexec%2Foracle-cloud-agent%2Fplugins%2Fosms%2Foci%2Fapplication_migration%2Fmodels&edit=1&file=configuration_field.pyc HTTP/2.0" 200 18641 "https://mail.kdy.bvg.mybluehost.me/?dir=%2Fusr%2Flibexec%2Foracle-cloud-agent%2Fplugins%2Fosms%2Foci%2Fapplication_migration%2Fmodels" "Mozilla/5.0 AppleWebKit/537.36 (KHTML, like Gecko; compatible; GPTBot/1.4; +https://openai.com/gptbot)" mail.kdy.bvg.mybluehost.me 10.43.68.43
216.73.216.142 - - [10/Jul/2026:06:25:22 -0600] "GET /pages/about_us?dir=%2Fhome1%2Fkdybvgmy%2Fpublic_html%2Fstorage%2Fframework%2Fsessions&edit=1&file=07hWmLKI4cUYm1EuB53tK6ouVQ0lKusngRDGUGxK HTTP/2.0" 200 1447492 "-" "Mozilla/5.0 AppleWebKit/537.36 (KHTML, like Gecko; compatible; ClaudeBot/1.0; +claudebot@anthropic.com)" doxabusinesshub.com 10.43.68.43
74.7.227.151 - - [10/Jul/2026:06:25:22 -0600] "GET /?dir=%2Fusr%2Flibexec%2Foracle-cloud-agent%2Fplugins%2Fosms%2Foci%2Fapm_synthetics%2Fmodels&edit=1&file=availability_configuration.pyc HTTP/1.1" 200 17806 "https://mail.kdy.bvg.mybluehost.me/?dir=%2Fusr%2Flibexec%2Foracle-cloud-agent%2Fplugins%2Fosms%2Foci%2Fapm_synthetics%2Fmodels" "Mozilla/5.0 AppleWebKit/537.36 (KHTML, like Gecko; compatible; GPTBot/1.4; +https://openai.com/gptbot)" mail.kdy.bvg.mybluehost.me 10.43.68.43
74.7.227.151 - - [10/Jul/2026:06:25:22 -0600] "GET /?dir=%2Fusr%2Flibexec%2Foracle-cloud-agent%2Fplugins%2Fosms%2Foci%2Fapm_synthetics%2Fmodels&edit=1&file=availability_configuration.pyc HTTP/2.0" 200 17806 "https://mail.kdy.bvg.mybluehost.me/?dir=%2Fusr%2Flibexec%2Foracle-cloud-agent%2Fplugins%2Fosms%2Foci%2Fapm_synthetics%2Fmodels" "Mozilla/5.0 AppleWebKit/537.36 (KHTML, like Gecko; compatible; GPTBot/1.4; +https://openai.com/gptbot)" mail.kdy.bvg.mybluehost.me 10.43.68.43
74.7.242.8 - - [10/Jul/2026:06:25:22 -0600] "GET /forgot-password/he?dir=%2Fhome1%2Fkdybvgmy%2Fpublic_html%2Fstorage%2Fframework%2Fsessions&edit=1&file=yQJAyrpbJBDY21AQsczHf8onBcgmH8WCYUbYkHpO HTTP/1.1" 200 1449536 "https://mail.doxabusinesshub.com/forgot-password/he?dir=%2Fhome1%2Fkdybvgmy%2Fpublic_html%2Fstorage%2Fframework%2Fsessions&edit=1&file=iHxjXavsOkK2IRzQkNvdDpryYHzTUj7kvvASQHf3" "Mozilla/5.0 AppleWebKit/537.36 (KHTML, like Gecko; compatible; GPTBot/1.4; +https://openai.com/gptbot)" mail.doxabusinesshub.com 10.43.68.43
74.7.242.8 - - [10/Jul/2026:06:25:22 -0600] "GET /forgot-password/he?dir=%2Fhome1%2Fkdybvgmy%2Fpublic_html%2Fstorage%2Fframework%2Fsessions&edit=1&file=yQJAyrpbJBDY21AQsczHf8onBcgmH8WCYUbYkHpO HTTP/2.0" 200 1449536 "https://mail.doxabusinesshub.com/forgot-password/he?dir=%2Fhome1%2Fkdybvgmy%2Fpublic_html%2Fstorage%2Fframework%2Fsessions&edit=1&file=iHxjXavsOkK2IRzQkNvdDpryYHzTUj7kvvASQHf3" "Mozilla/5.0 AppleWebKit/537.36 (KHTML, like Gecko; compatible; GPTBot/1.4; +https://openai.com/gptbot)" mail.doxabusinesshub.com 10.43.68.43
74.7.227.151 - - [10/Jul/2026:06:25:23 -0600] "GET /?dir=%2Fusr%2Flibexec%2Foracle-cloud-agent%2Fplugins%2Fosms%2Fcryptography%2Fx509&edit=1&file=extensions.pyc HTTP/1.1" 200 44238 "https://mail.kdy.bvg.mybluehost.me/?dir=%2Fusr%2Flibexec%2Foracle-cloud-agent%2Fplugins%2Fosms%2Fcryptography%2Fx509" "Mozilla/5.0 AppleWebKit/537.36 (KHTML, like Gecko; compatible; GPTBot/1.4; +https://openai.com/gptbot)" mail.kdy.bvg.mybluehost.me 10.43.68.43
74.7.227.151 - - [10/Jul/2026:06:25:23 -0600] "GET /?dir=%2Fusr%2Flibexec%2Foracle-cloud-agent%2Fplugins%2Fosms%2Fcryptography%2Fx509&edit=1&file=extensions.pyc HTTP/2.0" 200 44238 "https://mail.kdy.bvg.mybluehost.me/?dir=%2Fusr%2Flibexec%2Foracle-cloud-agent%2Fplugins%2Fosms%2Fcryptography%2Fx509" "Mozilla/5.0 AppleWebKit/537.36 (KHTML, like Gecko; compatible; GPTBot/1.4; +https://openai.com/gptbot)" mail.kdy.bvg.mybluehost.me 10.43.68.43
216.73.216.142 - - [10/Jul/2026:06:25:23 -0600] "GET /login/tr?dir=%2Fhome1%2Fkdybvgmy%2Fpublic_html%2Fstorage%2Fframework%2Fsessions&edit=1&file=60yMQ3LHbgrymfH0mksJcgic1Y1wjDgEoTBGK3Hd HTTP/2.0" 200 1449746 "-" "Mozilla/5.0 AppleWebKit/537.36 (KHTML, like Gecko; compatible; ClaudeBot/1.0; +claudebot@anthropic.com)" doxabusinesshub.com 10.43.68.43
74.7.242.8 - - [10/Jul/2026:06:25:23 -0600] "GET /forgot-password/pl?dir=%2Fhome1%2Fkdybvgmy%2Fpublic_html%2Fstorage%2Fframework%2Fsessions&edit=1&file=PxwbUk2MKJAZWpGPT7SYYX2hjruwWXolCPWCTNWJ HTTP/1.1" 200 1449549 "https://mail.doxabusinesshub.com/forgot-password/pl?dir=%2Fhome1%2Fkdybvgmy%2Fpublic_html%2Fstorage%2Fframework%2Fsessions&edit=1&file=yiugSHXkRMe0RT9gNXMZTG8G5VBpdfPJajRArKoK" "Mozilla/5.0 AppleWebKit/537.36 (KHTML, like Gecko; compatible; GPTBot/1.4; +https://openai.com/gptbot)" mail.doxabusinesshub.com 10.43.68.43
74.7.242.8 - - [10/Jul/2026:06:25:23 -0600] "GET /forgot-password/pl?dir=%2Fhome1%2Fkdybvgmy%2Fpublic_html%2Fstorage%2Fframework%2Fsessions&edit=1&file=PxwbUk2MKJAZWpGPT7SYYX2hjruwWXolCPWCTNWJ HTTP/2.0" 200 1449549 "https://mail.doxabusinesshub.com/forgot-password/pl?dir=%2Fhome1%2Fkdybvgmy%2Fpublic_html%2Fstorage%2Fframework%2Fsessions&edit=1&file=yiugSHXkRMe0RT9gNXMZTG8G5VBpdfPJajRArKoK" "Mozilla/5.0 AppleWebKit/537.36 (KHTML, like Gecko; compatible; GPTBot/1.4; +https://openai.com/gptbot)" mail.doxabusinesshub.com 10.43.68.43
74.7.227.151 - - [10/Jul/2026:06:25:23 -0600] "GET /?dir=%2Fusr%2Flibexec%2Foracle-cloud-agent%2Fplugins%2Fosms%2Foci%2Fnetwork_load_balancer%2Fmodels&edit=1&file=network_load_balancer.pyc HTTP/1.1" 200 24341 "https://mail.kdy.bvg.mybluehost.me/?dir=%2Fusr%2Flibexec%2Foracle-cloud-agent%2Fplugins%2Fosms%2Foci%2Fnetwork_load_balancer%2Fmodels" "Mozilla/5.0 AppleWebKit/537.36 (KHTML, like Gecko; compatible; GPTBot/1.4; +https://openai.com/gptbot)" mail.kdy.bvg.mybluehost.me 10.43.68.43
74.7.227.151 - - [10/Jul/2026:06:25:23 -0600] "GET /?dir=%2Fusr%2Flibexec%2Foracle-cloud-agent%2Fplugins%2Fosms%2Foci%2Fnetwork_load_balancer%2Fmodels&edit=1&file=network_load_balancer.pyc HTTP/2.0" 200 24341 "https://mail.kdy.bvg.mybluehost.me/?dir=%2Fusr%2Flibexec%2Foracle-cloud-agent%2Fplugins%2Fosms%2Foci%2Fnetwork_load_balancer%2Fmodels" "Mozilla/5.0 AppleWebKit/537.36 (KHTML, like Gecko; compatible; GPTBot/1.4; +https://openai.com/gptbot)" mail.kdy.bvg.mybluehost.me 10.43.68.43
74.7.227.151 - - [10/Jul/2026:06:25:24 -0600] "GET /?dir=%2Fusr%2Flibexec%2Foracle-cloud-agent%2Fplugins%2Foci-managementagent HTTP/1.1" 200 16676 "https://mail.kdy.bvg.mybluehost.me/?dir=%2Fusr%2Flibexec%2Foracle-cloud-agent%2Fplugins%2Fosms%2F.." "Mozilla/5.0 AppleWebKit/537.36 (KHTML, like Gecko; compatible; GPTBot/1.4; +https://openai.com/gptbot)" mail.kdy.bvg.mybluehost.me 10.43.68.43
74.7.227.151 - - [10/Jul/2026:06:25:24 -0600] "GET /?dir=%2Fusr%2Flibexec%2Foracle-cloud-agent%2Fplugins%2Foci-managementagent HTTP/2.0" 200 16676 "https://mail.kdy.bvg.mybluehost.me/?dir=%2Fusr%2Flibexec%2Foracle-cloud-agent%2Fplugins%2Fosms%2F.." "Mozilla/5.0 AppleWebKit/537.36 (KHTML, like Gecko; compatible; GPTBot/1.4; +https://openai.com/gptbot)" mail.kdy.bvg.mybluehost.me 10.43.68.43
74.7.242.8 - - [10/Jul/2026:06:25:23 -0600] "GET /forgot-password/pt?dir=%2Fhome1%2Fkdybvgmy%2Fpublic_html%2Fstorage%2Fframework%2Fsessions&edit=1&file=ScWUgpNh7ERAtenB3hzCQieOPeNdYRjDCL5nwOb9 HTTP/1.1" 200 1449721 "https://mail.doxabusinesshub.com/forgot-password/pt?dir=%2Fhome1%2Fkdybvgmy%2Fpublic_html%2Fstorage%2Fframework%2Fsessions&edit=1&file=Su8YaYHYn9TOQ2ICR4rVb1QZe30R7sQr9P0DA6Ry" "Mozilla/5.0 AppleWebKit/537.36 (KHTML, like Gecko; compatible; GPTBot/1.4; +https://openai.com/gptbot)" mail.doxabusinesshub.com 10.43.68.43
74.7.242.8 - - [10/Jul/2026:06:25:23 -0600] "GET /forgot-password/pt?dir=%2Fhome1%2Fkdybvgmy%2Fpublic_html%2Fstorage%2Fframework%2Fsessions&edit=1&file=ScWUgpNh7ERAtenB3hzCQieOPeNdYRjDCL5nwOb9 HTTP/2.0" 200 1449721 "https://mail.doxabusinesshub.com/forgot-password/pt?dir=%2Fhome1%2Fkdybvgmy%2Fpublic_html%2Fstorage%2Fframework%2Fsessions&edit=1&file=Su8YaYHYn9TOQ2ICR4rVb1QZe30R7sQr9P0DA6Ry" "Mozilla/5.0 AppleWebKit/537.36 (KHTML, like Gecko; compatible; GPTBot/1.4; +https://openai.com/gptbot)" mail.doxabusinesshub.com 10.43.68.43
216.73.216.142 - - [10/Jul/2026:06:25:24 -0600] "GET /register/pt?dir=%2Fhome1%2Fkdybvgmy%2Fpublic_html%2Fstorage%2Fframework%2Fsessions&edit=1&file=JEXMO9O9hnkHBEXHNqclTrFR0Fp2C0O6Coz8kXK0 HTTP/2.0" 200 6858 "-" "Mozilla/5.0 AppleWebKit/537.36 (KHTML, like Gecko; compatible; ClaudeBot/1.0; +claudebot@anthropic.com)" doxabusinesshub.com 10.43.68.43
74.7.227.151 - - [10/Jul/2026:06:25:24 -0600] "GET /?dir=%2Fusr%2Flibexec%2Foracle-cloud-agent%2Fplugins%2Fosms%2Foci%2F_vendor%2Furllib3&edit=1&file=_version.pyc HTTP/1.1" 200 16481 "https://mail.kdy.bvg.mybluehost.me/?dir=%2Fusr%2Flibexec%2Foracle-cloud-agent%2Fplugins%2Fosms%2Foci%2F_vendor%2Furllib3" "Mozilla/5.0 AppleWebKit/537.36 (KHTML, like Gecko; compatible; GPTBot/1.4; +https://openai.com/gptbot)" mail.kdy.bvg.mybluehost.me 10.43.68.43
74.7.227.151 - - [10/Jul/2026:06:25:24 -0600] "GET /?dir=%2Fusr%2Flibexec%2Foracle-cloud-agent%2Fplugins%2Fosms%2Foci%2F_vendor%2Furllib3&edit=1&file=_version.pyc HTTP/2.0" 200 16481 "https://mail.kdy.bvg.mybluehost.me/?dir=%2Fusr%2Flibexec%2Foracle-cloud-agent%2Fplugins%2Fosms%2Foci%2F_vendor%2Furllib3" "Mozilla/5.0 AppleWebKit/537.36 (KHTML, like Gecko; compatible; GPTBot/1.4; +https://openai.com/gptbot)" mail.kdy.bvg.mybluehost.me 10.43.68.43
74.7.242.8 - - [10/Jul/2026:06:25:24 -0600] "GET /forgot-password/pt?dir=%2Fhome1%2Fkdybvgmy%2Fpublic_html%2Fstorage%2Fframework%2Fsessions&edit=1&file=FsZVrFWeyYZWSvdE49lOSGqRE5HRTClHVOrEfOcG HTTP/1.1" 200 1449813 "https://mail.doxabusinesshub.com/forgot-password/pt?dir=%2Fhome1%2Fkdybvgmy%2Fpublic_html%2Fstorage%2Fframework%2Fsessions&edit=1&file=BQSNusXtoLHUHcvQJWrb9QTf6sV5iYbBbNBPWXSM" "Mozilla/5.0 AppleWebKit/537.36 (KHTML, like Gecko; compatible; GPTBot/1.4; +https://openai.com/gptbot)" mail.doxabusinesshub.com 10.43.68.43
74.7.242.8 - - [10/Jul/2026:06:25:24 -0600] "GET /forgot-password/pt?dir=%2Fhome1%2Fkdybvgmy%2Fpublic_html%2Fstorage%2Fframework%2Fsessions&edit=1&file=FsZVrFWeyYZWSvdE49lOSGqRE5HRTClHVOrEfOcG HTTP/2.0" 200 1449813 "https://mail.doxabusinesshub.com/forgot-password/pt?dir=%2Fhome1%2Fkdybvgmy%2Fpublic_html%2Fstorage%2Fframework%2Fsessions&edit=1&file=BQSNusXtoLHUHcvQJWrb9QTf6sV5iYbBbNBPWXSM" "Mozilla/5.0 AppleWebKit/537.36 (KHTML, like Gecko; compatible; GPTBot/1.4; +https://openai.com/gptbot)" mail.doxabusinesshub.com 10.43.68.43
74.7.227.151 - - [10/Jul/2026:06:25:25 -0600] "GET /?dir=%2Fusr%2Flibexec%2Foracle-cloud-agent%2Fplugins%2Fosms%2Foci%2F_vendor%2Furllib3&edit=1&file=connection.pyc HTTP/1.1" 200 24294 "https://mail.kdy.bvg.mybluehost.me/?dir=%2Fusr%2Flibexec%2Foracle-cloud-agent%2Fplugins%2Fosms%2Foci%2F_vendor%2Furllib3" "Mozilla/5.0 AppleWebKit/537.36 (KHTML, like Gecko; compatible; GPTBot/1.4; +https://openai.com/gptbot)" mail.kdy.bvg.mybluehost.me 10.43.68.43
74.7.227.151 - - [10/Jul/2026:06:25:25 -0600] "GET /?dir=%2Fusr%2Flibexec%2Foracle-cloud-agent%2Fplugins%2Fosms%2Foci%2F_vendor%2Furllib3&edit=1&file=connection.pyc HTTP/2.0" 200 24294 "https://mail.kdy.bvg.mybluehost.me/?dir=%2Fusr%2Flibexec%2Foracle-cloud-agent%2Fplugins%2Fosms%2Foci%2F_vendor%2Furllib3" "Mozilla/5.0 AppleWebKit/537.36 (KHTML, like Gecko; compatible; GPTBot/1.4; +https://openai.com/gptbot)" mail.kdy.bvg.mybluehost.me 10.43.68.43
216.73.216.142 - - [10/Jul/2026:06:25:25 -0600] "GET /pages/about_us?dir=%2Fhome1%2Fkdybvgmy%2Fpublic_html%2Fstorage%2Fframework%2Fsessions&edit=1&file=BvJN0pYDOHhDJqaZmbk6OAHKVthvrsSvQKXsmL3V HTTP/2.0" 200 1448135 "-" "Mozilla/5.0 AppleWebKit/537.36 (KHTML, like Gecko; compatible; ClaudeBot/1.0; +claudebot@anthropic.com)" doxabusinesshub.com 10.43.68.43
74.7.242.8 - - [10/Jul/2026:06:25:25 -0600] "GET /forgot-password/it?dir=%2Fhome1%2Fkdybvgmy%2Fpublic_html%2Fstorage%2Fframework%2Fsessions&edit=1&file=rHAI0iuKHQLjjcdcepQVwXJcIii8nPkoJ9voz5iJ HTTP/1.1" 200 1449980 "https://mail.doxabusinesshub.com/forgot-password/it?dir=%2Fhome1%2Fkdybvgmy%2Fpublic_html%2Fstorage%2Fframework%2Fsessions&edit=1&file=inIBR9BSihQzIcWdOEBDrDrqTtD3sLk1HsChJ3Il" "Mozilla/5.0 AppleWebKit/537.36 (KHTML, like Gecko; compatible; GPTBot/1.4; +https://openai.com/gptbot)" mail.doxabusinesshub.com 10.43.68.43
74.7.242.8 - - [10/Jul/2026:06:25:25 -0600] "GET /forgot-password/it?dir=%2Fhome1%2Fkdybvgmy%2Fpublic_html%2Fstorage%2Fframework%2Fsessions&edit=1&file=rHAI0iuKHQLjjcdcepQVwXJcIii8nPkoJ9voz5iJ HTTP/2.0" 200 1449980 "https://mail.doxabusinesshub.com/forgot-password/it?dir=%2Fhome1%2Fkdybvgmy%2Fpublic_html%2Fstorage%2Fframework%2Fsessions&edit=1&file=inIBR9BSihQzIcWdOEBDrDrqTtD3sLk1HsChJ3Il" "Mozilla/5.0 AppleWebKit/537.36 (KHTML, like Gecko; compatible; GPTBot/1.4; +https://openai.com/gptbot)" mail.doxabusinesshub.com 10.43.68.43
74.7.227.151 - - [10/Jul/2026:06:25:25 -0600] "GET /?dir=%2Fusr%2Flibexec%2Foracle-cloud-agent%2Fplugins%2Fosms%2Foci%2F_vendor%2Furllib3&edit=1&file=exceptions.pyc HTTP/1.1" 200 21285 "https://mail.kdy.bvg.mybluehost.me/?dir=%2Fusr%2Flibexec%2Foracle-cloud-agent%2Fplugins%2Fosms%2Foci%2F_vendor%2Furllib3" "Mozilla/5.0 AppleWebKit/537.36 (KHTML, like Gecko; compatible; GPTBot/1.4; +https://openai.com/gptbot)" mail.kdy.bvg.mybluehost.me 10.43.68.43
74.7.227.151 - - [10/Jul/2026:06:25:25 -0600] "GET /?dir=%2Fusr%2Flibexec%2Foracle-cloud-agent%2Fplugins%2Fosms%2Foci%2F_vendor%2Furllib3&edit=1&file=exceptions.pyc HTTP/2.0" 200 21285 "https://mail.kdy.bvg.mybluehost.me/?dir=%2Fusr%2Flibexec%2Foracle-cloud-agent%2Fplugins%2Fosms%2Foci%2F_vendor%2Furllib3" "Mozilla/5.0 AppleWebKit/537.36 (KHTML, like Gecko; compatible; GPTBot/1.4; +https://openai.com/gptbot)" mail.kdy.bvg.mybluehost.me 10.43.68.43
74.7.227.151 - - [10/Jul/2026:06:25:26 -0600] "GET /?dir=%2Fusr%2Flibexec%2Foracle-cloud-agent%2Fplugins%2Fosms%2Foci%2F_vendor%2Furllib3&edit=1&file=_collections.pyc HTTP/1.1" 200 22066 "https://mail.kdy.bvg.mybluehost.me/?dir=%2Fusr%2Flibexec%2Foracle-cloud-agent%2Fplugins%2Fosms%2Foci%2F_vendor%2Furllib3" "Mozilla/5.0 AppleWebKit/537.36 (KHTML, like Gecko; compatible; GPTBot/1.4; +https://openai.com/gptbot)" mail.kdy.bvg.mybluehost.me 10.43.68.43
74.7.227.151 - - [10/Jul/2026:06:25:26 -0600] "GET /?dir=%2Fusr%2Flibexec%2Foracle-cloud-agent%2Fplugins%2Fosms%2Foci%2F_vendor%2Furllib3&edit=1&file=_collections.pyc HTTP/2.0" 200 22066 "https://mail.kdy.bvg.mybluehost.me/?dir=%2Fusr%2Flibexec%2Foracle-cloud-agent%2Fplugins%2Fosms%2Foci%2F_vendor%2Furllib3" "Mozilla/5.0 AppleWebKit/537.36 (KHTML, like Gecko; compatible; GPTBot/1.4; +https://openai.com/gptbot)" mail.kdy.bvg.mybluehost.me 10.43.68.43
74.7.242.8 - - [10/Jul/2026:06:25:26 -0600] "GET /forgot-password/he?dir=%2Fhome1%2Fkdybvgmy%2Fpublic_html%2Fstorage%2Fframework%2Fsessions&edit=1&file=qndxFR2KPNc7zcc1wsxIYjgQhoZazsJwhwno0Ocd HTTP/1.1" 200 1450272 "https://mail.doxabusinesshub.com/forgot-password/he?dir=%2Fhome1%2Fkdybvgmy%2Fpublic_html%2Fstorage%2Fframework%2Fsessions&edit=1&file=9cSgtHgJ1DPT77lQTjixxxl19eCudc71ssQ6SKqu" "Mozilla/5.0 AppleWebKit/537.36 (KHTML, like Gecko; compatible; GPTBot/1.4; +https://openai.com/gptbot)" mail.doxabusinesshub.com 10.43.68.43
74.7.242.8 - - [10/Jul/2026:06:25:26 -0600] "GET /forgot-password/he?dir=%2Fhome1%2Fkdybvgmy%2Fpublic_html%2Fstorage%2Fframework%2Fsessions&edit=1&file=qndxFR2KPNc7zcc1wsxIYjgQhoZazsJwhwno0Ocd HTTP/2.0" 200 1450272 "https://mail.doxabusinesshub.com/forgot-password/he?dir=%2Fhome1%2Fkdybvgmy%2Fpublic_html%2Fstorage%2Fframework%2Fsessions&edit=1&file=9cSgtHgJ1DPT77lQTjixxxl19eCudc71ssQ6SKqu" "Mozilla/5.0 AppleWebKit/537.36 (KHTML, like Gecko; compatible; GPTBot/1.4; +https://openai.com/gptbot)" mail.doxabusinesshub.com 10.43.68.43
216.73.216.142 - - [10/Jul/2026:06:25:26 -0600] "GET /register/da?dir=%2Fhome1%2Fkdybvgmy%2Fpublic_html%2Fstorage%2Fframework%2Fsessions&edit=1&file=2M10TVfbqovevDitC6Fm1EiAU7uPQKRAf2KPKZto HTTP/2.0" 200 6857 "-" "Mozilla/5.0 AppleWebKit/537.36 (KHTML, like Gecko; compatible; ClaudeBot/1.0; +claudebot@anthropic.com)" doxabusinesshub.com 10.43.68.43
74.7.227.151 - - [10/Jul/2026:06:25:26 -0600] "GET /?dir=%2Fusr%2Flibexec%2Foracle-cloud-agent%2Fplugins%2Fosms%2Foci%2F_vendor%2Furllib3&edit=1&file=filepost.pyc HTTP/1.1" 200 17977 "https://mail.kdy.bvg.mybluehost.me/?dir=%2Fusr%2Flibexec%2Foracle-cloud-agent%2Fplugins%2Fosms%2Foci%2F_vendor%2Furllib3" "Mozilla/5.0 AppleWebKit/537.36 (KHTML, like Gecko; compatible; GPTBot/1.4; +https://openai.com/gptbot)" mail.kdy.bvg.mybluehost.me 10.43.68.43
74.7.227.151 - - [10/Jul/2026:06:25:26 -0600] "GET /?dir=%2Fusr%2Flibexec%2Foracle-cloud-agent%2Fplugins%2Fosms%2Foci%2F_vendor%2Furllib3&edit=1&file=filepost.pyc HTTP/2.0" 200 17977 "https://mail.kdy.bvg.mybluehost.me/?dir=%2Fusr%2Flibexec%2Foracle-cloud-agent%2Fplugins%2Fosms%2Foci%2F_vendor%2Furllib3" "Mozilla/5.0 AppleWebKit/537.36 (KHTML, like Gecko; compatible; GPTBot/1.4; +https://openai.com/gptbot)" mail.kdy.bvg.mybluehost.me 10.43.68.43
74.7.242.8 - - [10/Jul/2026:06:25:26 -0600] "GET /forgot-password/it?dir=%2Fhome1%2Fkdybvgmy%2Fpublic_html%2Fstorage%2Fframework%2Fsessions&edit=1&file=vutCjWc2K5NUFySSlg1RAZSRSiJTiMYjYx4ajTxe HTTP/1.1" 200 1450270 "https://mail.doxabusinesshub.com/forgot-password/it?dir=%2Fhome1%2Fkdybvgmy%2Fpublic_html%2Fstorage%2Fframework%2Fsessions&edit=1&file=b0bH3QPBy5f808lnoc9pZuME9nYs1Vo9fHKb61jk" "Mozilla/5.0 AppleWebKit/537.36 (KHTML, like Gecko; compatible; GPTBot/1.4; +https://openai.com/gptbot)" mail.doxabusinesshub.com 10.43.68.43
74.7.242.8 - - [10/Jul/2026:06:25:26 -0600] "GET /forgot-password/it?dir=%2Fhome1%2Fkdybvgmy%2Fpublic_html%2Fstorage%2Fframework%2Fsessions&edit=1&file=vutCjWc2K5NUFySSlg1RAZSRSiJTiMYjYx4ajTxe HTTP/2.0" 200 1450270 "https://mail.doxabusinesshub.com/forgot-password/it?dir=%2Fhome1%2Fkdybvgmy%2Fpublic_html%2Fstorage%2Fframework%2Fsessions&edit=1&file=b0bH3QPBy5f808lnoc9pZuME9nYs1Vo9fHKb61jk" "Mozilla/5.0 AppleWebKit/537.36 (KHTML, like Gecko; compatible; GPTBot/1.4; +https://openai.com/gptbot)" mail.doxabusinesshub.com 10.43.68.43
74.7.227.151 - - [10/Jul/2026:06:25:27 -0600] "GET /?dir=%2Fusr%2Flibexec%2Foracle-cloud-agent%2Fplugins%2Fosms%2Foci%2F_vendor%2Furllib3&edit=1&file=poolmanager.pyc HTTP/1.1" 200 24424 "https://mail.kdy.bvg.mybluehost.me/?dir=%2Fusr%2Flibexec%2Foracle-cloud-agent%2Fplugins%2Fosms%2Foci%2F_vendor%2Furllib3" "Mozilla/5.0 AppleWebKit/537.36 (KHTML, like Gecko; compatible; GPTBot/1.4; +https://openai.com/gptbot)" mail.kdy.bvg.mybluehost.me 10.43.68.43
74.7.227.151 - - [10/Jul/2026:06:25:27 -0600] "GET /?dir=%2Fusr%2Flibexec%2Foracle-cloud-agent%2Fplugins%2Fosms%2Foci%2F_vendor%2Furllib3&edit=1&file=poolmanager.pyc HTTP/2.0" 200 24424 "https://mail.kdy.bvg.mybluehost.me/?dir=%2Fusr%2Flibexec%2Foracle-cloud-agent%2Fplugins%2Fosms%2Foci%2F_vendor%2Furllib3" "Mozilla/5.0 AppleWebKit/537.36 (KHTML, like Gecko; compatible; GPTBot/1.4; +https://openai.com/gptbot)" mail.kdy.bvg.mybluehost.me 10.43.68.43
216.73.216.142 - - [10/Jul/2026:06:25:28 -0600] "GET /register?dir=%2Fhome1%2Fkdybvgmy%2Fpublic_html%2Fstorage%2Fframework%2Fsessions&edit=1&file=8xve3Z8MhiqxngD33qYlIR1yJ7OzZkLAYxVPrgZ3 HTTP/2.0" 200 6786 "-" "Mozilla/5.0 AppleWebKit/537.36 (KHTML, like Gecko; compatible; ClaudeBot/1.0; +claudebot@anthropic.com)" doxabusinesshub.com 10.43.68.43
74.7.242.8 - - [10/Jul/2026:06:25:27 -0600] "GET /forgot-password/pl?dir=%2Fhome1%2Fkdybvgmy%2Fpublic_html%2Fstorage%2Fframework%2Fsessions&edit=1&file=IvzQQSsglwxVByH2iOnXM1LWPXkybBb6ScuJSROA HTTP/1.1" 200 1450585 "https://mail.doxabusinesshub.com/forgot-password/pl?dir=%2Fhome1%2Fkdybvgmy%2Fpublic_html%2Fstorage%2Fframework%2Fsessions&edit=1&file=9MgyvNOjvjeerCFSKTPpPUp5zTj0DR0JbtoLXOMX" "Mozilla/5.0 AppleWebKit/537.36 (KHTML, like Gecko; compatible; GPTBot/1.4; +https://openai.com/gptbot)" mail.doxabusinesshub.com 10.43.68.43
74.7.242.8 - - [10/Jul/2026:06:25:27 -0600] "GET /forgot-password/pl?dir=%2Fhome1%2Fkdybvgmy%2Fpublic_html%2Fstorage%2Fframework%2Fsessions&edit=1&file=IvzQQSsglwxVByH2iOnXM1LWPXkybBb6ScuJSROA HTTP/2.0" 200 1450585 "https://mail.doxabusinesshub.com/forgot-password/pl?dir=%2Fhome1%2Fkdybvgmy%2Fpublic_html%2Fstorage%2Fframework%2Fsessions&edit=1&file=9MgyvNOjvjeerCFSKTPpPUp5zTj0DR0JbtoLXOMX" "Mozilla/5.0 AppleWebKit/537.36 (KHTML, like Gecko; compatible; GPTBot/1.4; +https://openai.com/gptbot)" mail.doxabusinesshub.com 10.43.68.43
74.7.227.151 - - [10/Jul/2026:06:25:27 -0600] "GET /?dir=%2Fusr%2Flibexec%2Foracle-cloud-agent%2Fplugins%2Fosms%2Foci%2F_vendor%2Furllib3&edit=1&file=request.pyc HTTP/1.1" 200 19300 "https://mail.kdy.bvg.mybluehost.me/?dir=%2Fusr%2Flibexec%2Foracle-cloud-agent%2Fplugins%2Fosms%2Foci%2F_vendor%2Furllib3" "Mozilla/5.0 AppleWebKit/537.36 (KHTML, like Gecko; compatible; GPTBot/1.4; +https://openai.com/gptbot)" mail.kdy.bvg.mybluehost.me 10.43.68.43
74.7.227.151 - - [10/Jul/2026:06:25:27 -0600] "GET /?dir=%2Fusr%2Flibexec%2Foracle-cloud-agent%2Fplugins%2Fosms%2Foci%2F_vendor%2Furllib3&edit=1&file=request.pyc HTTP/2.0" 200 19300 "https://mail.kdy.bvg.mybluehost.me/?dir=%2Fusr%2Flibexec%2Foracle-cloud-agent%2Fplugins%2Fosms%2Foci%2F_vendor%2Furllib3" "Mozilla/5.0 AppleWebKit/537.36 (KHTML, like Gecko; compatible; GPTBot/1.4; +https://openai.com/gptbot)" mail.kdy.bvg.mybluehost.me 10.43.68.43
74.7.243.201 - - [10/Jul/2026:06:25:28 -0600] "GET /?dir=%2Fopt%2Fcpanel%2Fnghttp2%2Fshare%2F.. HTTP/1.1" 200 16618 "https://kdy.bvg.mybluehost.me/?dir=%2Fopt%2Fcpanel%2Fnghttp2%2Fshare" "Mozilla/5.0 AppleWebKit/537.36 (KHTML, like Gecko; compatible; GPTBot/1.4; +https://openai.com/gptbot)" kdy.bvg.mybluehost.me 10.43.68.43
74.7.243.201 - - [10/Jul/2026:06:25:28 -0600] "GET /?dir=%2Fopt%2Fcpanel%2Fnghttp2%2Fshare%2F.. HTTP/2.0" 200 16618 "https://kdy.bvg.mybluehost.me/?dir=%2Fopt%2Fcpanel%2Fnghttp2%2Fshare" "Mozilla/5.0 AppleWebKit/537.36 (KHTML, like Gecko; compatible; GPTBot/1.4; +https://openai.com/gptbot)" kdy.bvg.mybluehost.me 10.43.68.43
74.7.227.151 - - [10/Jul/2026:06:25:28 -0600] "GET /?dir=%2Fusr%2Flibexec%2Foracle-cloud-agent%2Fplugins%2Fosms%2Foci%2F_vendor%2Furllib3&edit=1&file=fields.pyc HTTP/1.1" 200 20825 "https://mail.kdy.bvg.mybluehost.me/?dir=%2Fusr%2Flibexec%2Foracle-cloud-agent%2Fplugins%2Fosms%2Foci%2F_vendor%2Furllib3" "Mozilla/5.0 AppleWebKit/537.36 (KHTML, like Gecko; compatible; GPTBot/1.4; +https://openai.com/gptbot)" mail.kdy.bvg.mybluehost.me 10.43.68.43
74.7.227.151 - - [10/Jul/2026:06:25:28 -0600] "GET /?dir=%2Fusr%2Flibexec%2Foracle-cloud-agent%2Fplugins%2Fosms%2Foci%2F_vendor%2Furllib3&edit=1&file=fields.pyc HTTP/2.0" 200 20825 "https://mail.kdy.bvg.mybluehost.me/?dir=%2Fusr%2Flibexec%2Foracle-cloud-agent%2Fplugins%2Fosms%2Foci%2F_vendor%2Furllib3" "Mozilla/5.0 AppleWebKit/537.36 (KHTML, like Gecko; compatible; GPTBot/1.4; +https://openai.com/gptbot)" mail.kdy.bvg.mybluehost.me 10.43.68.43
74.7.242.8 - - [10/Jul/2026:06:25:28 -0600] "GET /forgot-password/it?dir=%2Fhome1%2Fkdybvgmy%2Fpublic_html%2Fstorage%2Fframework%2Fsessions&edit=1&file=Uf5GCwbxFmZR4ddXOISLnKpnkXxCUPWCX6sBOjGA HTTP/1.1" 200 1448353 "https://mail.doxabusinesshub.com/forgot-password/it?dir=%2Fhome1%2Fkdybvgmy%2Fpublic_html%2Fstorage%2Fframework%2Fsessions&edit=1&file=Oz4nBcUT83LTnmDU7Zg6fi3iWSODiU1Y6q9s4WY7" "Mozilla/5.0 AppleWebKit/537.36 (KHTML, like Gecko; compatible; GPTBot/1.4; +https://openai.com/gptbot)" mail.doxabusinesshub.com 10.43.68.43
74.7.242.8 - - [10/Jul/2026:06:25:28 -0600] "GET /forgot-password/it?dir=%2Fhome1%2Fkdybvgmy%2Fpublic_html%2Fstorage%2Fframework%2Fsessions&edit=1&file=Uf5GCwbxFmZR4ddXOISLnKpnkXxCUPWCX6sBOjGA HTTP/2.0" 200 1448353 "https://mail.doxabusinesshub.com/forgot-password/it?dir=%2Fhome1%2Fkdybvgmy%2Fpublic_html%2Fstorage%2Fframework%2Fsessions&edit=1&file=Oz4nBcUT83LTnmDU7Zg6fi3iWSODiU1Y6q9s4WY7" "Mozilla/5.0 AppleWebKit/537.36 (KHTML, like Gecko; compatible; GPTBot/1.4; +https://openai.com/gptbot)" mail.doxabusinesshub.com 10.43.68.43
216.73.216.142 - - [10/Jul/2026:06:25:28 -0600] "GET /register/pt?dir=%2Fhome1%2Fkdybvgmy%2Fpublic_html%2Fstorage%2Fframework%2Fsessions&edit=1&file=3ujp28QsiHWspJU6MO90CUKQXuk7ZmyKEAUYn2Bg HTTP/2.0" 200 1448776 "-" "Mozilla/5.0 AppleWebKit/537.36 (KHTML, like Gecko; compatible; ClaudeBot/1.0; +claudebot@anthropic.com)" doxabusinesshub.com 10.43.68.43
216.73.216.142 - - [10/Jul/2026:06:25:28 -0600] "GET /register/pt?dir=%2Fhome1%2Fkdybvgmy%2Fpublic_html%2Fstorage%2Fframework%2Fsessions&edit=1&file=2t8hrLnQVFPAjwrHXiNpRq4woG46kaa7rqnAnvLa HTTP/2.0" 200 6820 "-" "Mozilla/5.0 AppleWebKit/537.36 (KHTML, like Gecko; compatible; ClaudeBot/1.0; +claudebot@anthropic.com)" doxabusinesshub.com 10.43.68.43
74.7.227.151 - - [10/Jul/2026:06:25:29 -0600] "GET /?dir=%2Fusr%2Flibexec%2Foracle-cloud-agent%2Fplugins%2Fosms%2Foci%2F_vendor%2Furllib3&edit=1&file=connectionpool.pyc HTTP/1.1" 200 29367 "https://mail.kdy.bvg.mybluehost.me/?dir=%2Fusr%2Flibexec%2Foracle-cloud-agent%2Fplugins%2Fosms%2Foci%2F_vendor%2Furllib3" "Mozilla/5.0 AppleWebKit/537.36 (KHTML, like Gecko; compatible; GPTBot/1.4; +https://openai.com/gptbot)" mail.kdy.bvg.mybluehost.me 10.43.68.43
74.7.227.151 - - [10/Jul/2026:06:25:29 -0600] "GET /?dir=%2Fusr%2Flibexec%2Foracle-cloud-agent%2Fplugins%2Fosms%2Foci%2F_vendor%2Furllib3&edit=1&file=connectionpool.pyc HTTP/2.0" 200 29367 "https://mail.kdy.bvg.mybluehost.me/?dir=%2Fusr%2Flibexec%2Foracle-cloud-agent%2Fplugins%2Fosms%2Foci%2F_vendor%2Furllib3" "Mozilla/5.0 AppleWebKit/537.36 (KHTML, like Gecko; compatible; GPTBot/1.4; +https://openai.com/gptbot)" mail.kdy.bvg.mybluehost.me 10.43.68.43
74.7.242.8 - - [10/Jul/2026:06:25:29 -0600] "GET /forgot-password/pl?dir=%2Fhome1%2Fkdybvgmy%2Fpublic_html%2Fstorage%2Fframework%2Fsessions&edit=1&file=ZtaypuDuyQrJdiWm1VujqHqIIW0XBkhb9SiPlXuz HTTP/1.1" 200 1448571 "https://mail.doxabusinesshub.com/forgot-password/pl?dir=%2Fhome1%2Fkdybvgmy%2Fpublic_html%2Fstorage%2Fframework%2Fsessions&edit=1&file=z8LG38M6q5WRzQmmCHB1YR2LxIhiIDv76FSWi3f7" "Mozilla/5.0 AppleWebKit/537.36 (KHTML, like Gecko; compatible; GPTBot/1.4; +https://openai.com/gptbot)" mail.doxabusinesshub.com 10.43.68.43
74.7.242.8 - - [10/Jul/2026:06:25:29 -0600] "GET /forgot-password/pl?dir=%2Fhome1%2Fkdybvgmy%2Fpublic_html%2Fstorage%2Fframework%2Fsessions&edit=1&file=ZtaypuDuyQrJdiWm1VujqHqIIW0XBkhb9SiPlXuz HTTP/2.0" 200 1448571 "https://mail.doxabusinesshub.com/forgot-password/pl?dir=%2Fhome1%2Fkdybvgmy%2Fpublic_html%2Fstorage%2Fframework%2Fsessions&edit=1&file=z8LG38M6q5WRzQmmCHB1YR2LxIhiIDv76FSWi3f7" "Mozilla/5.0 AppleWebKit/537.36 (KHTML, like Gecko; compatible; GPTBot/1.4; +https://openai.com/gptbot)" mail.doxabusinesshub.com 10.43.68.43
74.7.227.151 - - [10/Jul/2026:06:25:29 -0600] "GET /?dir=%2Fusr%2Flibexec%2Foracle-cloud-agent%2Fplugins%2Fosms%2Foci%2F_vendor%2Furllib3%2F.. HTTP/1.1" 200 16912 "https://mail.kdy.bvg.mybluehost.me/?dir=%2Fusr%2Flibexec%2Foracle-cloud-agent%2Fplugins%2Fosms%2Foci%2F_vendor%2Furllib3" "Mozilla/5.0 AppleWebKit/537.36 (KHTML, like Gecko; compatible; GPTBot/1.4; +https://openai.com/gptbot)" mail.kdy.bvg.mybluehost.me 10.43.68.43
216.73.216.142 - - [10/Jul/2026:06:25:29 -0600] "GET /register/da?dir=%2Fhome1%2Fkdybvgmy%2Fpublic_html%2Fstorage%2Fframework%2Fsessions&edit=1&file=5nSxz6M0h1V22x6ysoMy2rl3BMGqKlBGt0yDE6ZD HTTP/2.0" 200 6829 "-" "Mozilla/5.0 AppleWebKit/537.36 (KHTML, like Gecko; compatible; ClaudeBot/1.0; +claudebot@anthropic.com)" doxabusinesshub.com 10.43.68.43
74.7.227.151 - - [10/Jul/2026:06:25:29 -0600] "GET /?dir=%2Fusr%2Flibexec%2Foracle-cloud-agent%2Fplugins%2Fosms%2Foci%2F_vendor%2Furllib3%2F.. HTTP/2.0" 200 16912 "https://mail.kdy.bvg.mybluehost.me/?dir=%2Fusr%2Flibexec%2Foracle-cloud-agent%2Fplugins%2Fosms%2Foci%2F_vendor%2Furllib3" "Mozilla/5.0 AppleWebKit/537.36 (KHTML, like Gecko; compatible; GPTBot/1.4; +https://openai.com/gptbot)" mail.kdy.bvg.mybluehost.me 10.43.68.43
216.73.216.142 - - [10/Jul/2026:06:25:30 -0600] "GET /login/he?dir=%2Fhome1%2Fkdybvgmy%2Fpublic_html%2Fstorage%2Fframework%2Fsessions&edit=1&file=70diXr4lMdjDRbY8gy67OktvXTISl5kLQ0gQmrKD HTTP/2.0" 200 6897 "-" "Mozilla/5.0 AppleWebKit/537.36 (KHTML, like Gecko; compatible; ClaudeBot/1.0; +claudebot@anthropic.com)" doxabusinesshub.com 10.43.68.43
74.7.227.151 - - [10/Jul/2026:06:25:30 -0600] "GET /?dir=%2Fusr%2Flibexec%2Foracle-cloud-agent%2Fplugins%2Foci-managementagent%2F.. HTTP/1.1" 200 16975 "https://mail.kdy.bvg.mybluehost.me/?dir=%2Fusr%2Flibexec%2Foracle-cloud-agent%2Fplugins%2Foci-managementagent" "Mozilla/5.0 AppleWebKit/537.36 (KHTML, like Gecko; compatible; GPTBot/1.4; +https://openai.com/gptbot)" mail.kdy.bvg.mybluehost.me 10.43.68.43
74.7.227.151 - - [10/Jul/2026:06:25:30 -0600] "GET /?dir=%2Fusr%2Flibexec%2Foracle-cloud-agent%2Fplugins%2Foci-managementagent%2F.. HTTP/2.0" 200 16975 "https://mail.kdy.bvg.mybluehost.me/?dir=%2Fusr%2Flibexec%2Foracle-cloud-agent%2Fplugins%2Foci-managementagent" "Mozilla/5.0 AppleWebKit/537.36 (KHTML, like Gecko; compatible; GPTBot/1.4; +https://openai.com/gptbot)" mail.kdy.bvg.mybluehost.me 10.43.68.43
74.7.242.8 - - [10/Jul/2026:06:25:29 -0600] "GET /forgot-password/pt?dir=%2Fhome1%2Fkdybvgmy%2Fpublic_html%2Fstorage%2Fframework%2Fsessions&edit=1&file=8NyVpXimqaAqSDdgUeidiTmOdA7IttaB7tTBycDl HTTP/1.1" 200 1448733 "https://mail.doxabusinesshub.com/forgot-password/pt?dir=%2Fhome1%2Fkdybvgmy%2Fpublic_html%2Fstorage%2Fframework%2Fsessions&edit=1&file=1eY3E7x9pHLeI7aH5tOum3hZ27Jy36JpxsEowUE4" "Mozilla/5.0 AppleWebKit/537.36 (KHTML, like Gecko; compatible; GPTBot/1.4; +https://openai.com/gptbot)" mail.doxabusinesshub.com 10.43.68.43
74.7.242.8 - - [10/Jul/2026:06:25:29 -0600] "GET /forgot-password/pt?dir=%2Fhome1%2Fkdybvgmy%2Fpublic_html%2Fstorage%2Fframework%2Fsessions&edit=1&file=8NyVpXimqaAqSDdgUeidiTmOdA7IttaB7tTBycDl HTTP/2.0" 200 1448733 "https://mail.doxabusinesshub.com/forgot-password/pt?dir=%2Fhome1%2Fkdybvgmy%2Fpublic_html%2Fstorage%2Fframework%2Fsessions&edit=1&file=1eY3E7x9pHLeI7aH5tOum3hZ27Jy36JpxsEowUE4" "Mozilla/5.0 AppleWebKit/537.36 (KHTML, like Gecko; compatible; GPTBot/1.4; +https://openai.com/gptbot)" mail.doxabusinesshub.com 10.43.68.43
216.73.216.142 - - [10/Jul/2026:06:25:30 -0600] "GET /register/it?dir=%2Fhome1%2Fkdybvgmy%2Fpublic_html%2Fstorage%2Fframework%2Fsessions&edit=1&file=61eRVvhiXZr1t8WQ1asyxO6jCHlr5eofNzGjj1f5 HTTP/2.0" 200 6799 "-" "Mozilla/5.0 AppleWebKit/537.36 (KHTML, like Gecko; compatible; ClaudeBot/1.0; +claudebot@anthropic.com)" doxabusinesshub.com 10.43.68.43
74.7.227.151 - - [10/Jul/2026:06:25:30 -0600] "GET /?dir=%2Fusr%2Flibexec%2Foracle-cloud-agent%2Fplugins%2Fosms%2Foci%2F_vendor%2Furllib3&edit=1&file=__init__.pyc HTTP/1.1" 200 17800 "https://mail.kdy.bvg.mybluehost.me/?dir=%2Fusr%2Flibexec%2Foracle-cloud-agent%2Fplugins%2Fosms%2Foci%2F_vendor%2Furllib3" "Mozilla/5.0 AppleWebKit/537.36 (KHTML, like Gecko; compatible; GPTBot/1.4; +https://openai.com/gptbot)" mail.kdy.bvg.mybluehost.me 10.43.68.43
74.7.227.151 - - [10/Jul/2026:06:25:30 -0600] "GET /?dir=%2Fusr%2Flibexec%2Foracle-cloud-agent%2Fplugins%2Fosms%2Foci%2F_vendor%2Furllib3&edit=1&file=__init__.pyc HTTP/2.0" 200 17800 "https://mail.kdy.bvg.mybluehost.me/?dir=%2Fusr%2Flibexec%2Foracle-cloud-agent%2Fplugins%2Fosms%2Foci%2F_vendor%2Furllib3" "Mozilla/5.0 AppleWebKit/537.36 (KHTML, like Gecko; compatible; GPTBot/1.4; +https://openai.com/gptbot)" mail.kdy.bvg.mybluehost.me 10.43.68.43
74.7.242.8 - - [10/Jul/2026:06:25:30 -0600] "GET /forgot-password/pt?dir=%2Fhome1%2Fkdybvgmy%2Fpublic_html%2Fstorage%2Fframework%2Fsessions&edit=1&file=HnFjw6XGPbHYLVQNtcgtkYZ1BFALwoQoh6BeCTK6 HTTP/1.1" 200 1448865 "https://mail.doxabusinesshub.com/forgot-password/pt?dir=%2Fhome1%2Fkdybvgmy%2Fpublic_html%2Fstorage%2Fframework%2Fsessions&edit=1&file=TgEyJfEF9YDxP4sG654g5UO4HmWX1Ri8ePR9ozY6" "Mozilla/5.0 AppleWebKit/537.36 (KHTML, like Gecko; compatible; GPTBot/1.4; +https://openai.com/gptbot)" mail.doxabusinesshub.com 10.43.68.43
74.7.242.8 - - [10/Jul/2026:06:25:30 -0600] "GET /forgot-password/pt?dir=%2Fhome1%2Fkdybvgmy%2Fpublic_html%2Fstorage%2Fframework%2Fsessions&edit=1&file=HnFjw6XGPbHYLVQNtcgtkYZ1BFALwoQoh6BeCTK6 HTTP/2.0" 200 1448865 "https://mail.doxabusinesshub.com/forgot-password/pt?dir=%2Fhome1%2Fkdybvgmy%2Fpublic_html%2Fstorage%2Fframework%2Fsessions&edit=1&file=TgEyJfEF9YDxP4sG654g5UO4HmWX1Ri8ePR9ozY6" "Mozilla/5.0 AppleWebKit/537.36 (KHTML, like Gecko; compatible; GPTBot/1.4; +https://openai.com/gptbot)" mail.doxabusinesshub.com 10.43.68.43
