74.7.242.8 - - [10/Jul/2026:06:17:45 -0600] "GET /forgot-password/it?dir=%2Fhome1%2Fkdybvgmy%2Fpublic_html%2Fstorage%2Fframework%2Fsessions&edit=1&file=z6Hml1dIUMMJAyNPyqL6aRJSJLKNlMUmIVqdqN2K HTTP/1.1" 200 1487488 "https://mail.doxabusinesshub.com/forgot-password/it?dir=%2Fhome1%2Fkdybvgmy%2Fpublic_html%2Fstorage%2Fframework%2Fsessions&edit=1&file=3O1SyMgXvmZ36l9S3LcNTtm2fuUW8Qf4M8zg2YeC" "Mozilla/5.0 AppleWebKit/537.36 (KHTML, like Gecko; compatible; GPTBot/1.4; +https://openai.com/gptbot)" mail.doxabusinesshub.com 10.43.68.43
74.7.242.8 - - [10/Jul/2026:06:17:45 -0600] "GET /forgot-password/it?dir=%2Fhome1%2Fkdybvgmy%2Fpublic_html%2Fstorage%2Fframework%2Fsessions&edit=1&file=z6Hml1dIUMMJAyNPyqL6aRJSJLKNlMUmIVqdqN2K HTTP/2.0" 200 1487488 "https://mail.doxabusinesshub.com/forgot-password/it?dir=%2Fhome1%2Fkdybvgmy%2Fpublic_html%2Fstorage%2Fframework%2Fsessions&edit=1&file=3O1SyMgXvmZ36l9S3LcNTtm2fuUW8Qf4M8zg2YeC" "Mozilla/5.0 AppleWebKit/537.36 (KHTML, like Gecko; compatible; GPTBot/1.4; +https://openai.com/gptbot)" mail.doxabusinesshub.com 10.43.68.43
74.7.242.8 - - [10/Jul/2026:06:17:46 -0600] "GET /forgot-password/it?dir=%2Fhome1%2Fkdybvgmy%2Fpublic_html%2Fstorage%2Fframework%2Fsessions&edit=1&file=DghNDnMCrG7Vj5waxnktB2l4gVVYjreSebZvgWHo HTTP/1.1" 200 1487518 "https://mail.doxabusinesshub.com/forgot-password/it?dir=%2Fhome1%2Fkdybvgmy%2Fpublic_html%2Fstorage%2Fframework%2Fsessions&edit=1&file=Oz4nBcUT83LTnmDU7Zg6fi3iWSODiU1Y6q9s4WY7" "Mozilla/5.0 AppleWebKit/537.36 (KHTML, like Gecko; compatible; GPTBot/1.4; +https://openai.com/gptbot)" mail.doxabusinesshub.com 10.43.68.43
74.7.242.8 - - [10/Jul/2026:06:17:46 -0600] "GET /forgot-password/it?dir=%2Fhome1%2Fkdybvgmy%2Fpublic_html%2Fstorage%2Fframework%2Fsessions&edit=1&file=DghNDnMCrG7Vj5waxnktB2l4gVVYjreSebZvgWHo HTTP/2.0" 200 1487518 "https://mail.doxabusinesshub.com/forgot-password/it?dir=%2Fhome1%2Fkdybvgmy%2Fpublic_html%2Fstorage%2Fframework%2Fsessions&edit=1&file=Oz4nBcUT83LTnmDU7Zg6fi3iWSODiU1Y6q9s4WY7" "Mozilla/5.0 AppleWebKit/537.36 (KHTML, like Gecko; compatible; GPTBot/1.4; +https://openai.com/gptbot)" mail.doxabusinesshub.com 10.43.68.43
74.7.242.8 - - [10/Jul/2026:06:17:47 -0600] "GET /forgot-password/it?dir=%2Fhome1%2Fkdybvgmy%2Fpublic_html%2Fstorage%2Fframework%2Fsessions&edit=1&file=3imTLtBnWePVEp9M2P3lEWVUowsFAOIWZEhETeVG HTTP/1.1" 200 1487542 "https://mail.doxabusinesshub.com/forgot-password/it?dir=%2Fhome1%2Fkdybvgmy%2Fpublic_html%2Fstorage%2Fframework%2Fsessions&edit=1&file=H9kDLNK0MCRlEpm0ADYjEvZjB3VZ0QyWgwaCOSzN" "Mozilla/5.0 AppleWebKit/537.36 (KHTML, like Gecko; compatible; GPTBot/1.4; +https://openai.com/gptbot)" mail.doxabusinesshub.com 10.43.68.43
74.7.242.8 - - [10/Jul/2026:06:17:47 -0600] "GET /forgot-password/it?dir=%2Fhome1%2Fkdybvgmy%2Fpublic_html%2Fstorage%2Fframework%2Fsessions&edit=1&file=3imTLtBnWePVEp9M2P3lEWVUowsFAOIWZEhETeVG HTTP/2.0" 200 1487542 "https://mail.doxabusinesshub.com/forgot-password/it?dir=%2Fhome1%2Fkdybvgmy%2Fpublic_html%2Fstorage%2Fframework%2Fsessions&edit=1&file=H9kDLNK0MCRlEpm0ADYjEvZjB3VZ0QyWgwaCOSzN" "Mozilla/5.0 AppleWebKit/537.36 (KHTML, like Gecko; compatible; GPTBot/1.4; +https://openai.com/gptbot)" mail.doxabusinesshub.com 10.43.68.43
216.73.216.142 - - [10/Jul/2026:06:17:48 -0600] "GET /register/pt?dir=%2Fhome1%2Fkdybvgmy%2Fpublic_html%2Fstorage%2Fframework%2Fsessions&edit=1&file=BPKHxguafVSCZw9k2uaVT98OutdfksCN0yjkA0eR HTTP/2.0" 200 6811 "-" "Mozilla/5.0 AppleWebKit/537.36 (KHTML, like Gecko; compatible; ClaudeBot/1.0; +claudebot@anthropic.com)" doxabusinesshub.com 10.43.68.43
74.7.242.8 - - [10/Jul/2026:06:17:47 -0600] "GET /forgot-password/pl?dir=%2Fhome1%2Fkdybvgmy%2Fpublic_html%2Fstorage%2Fframework%2Fsessions&edit=1&file=dA7lfUy1NcdRiHvpcusTy1gsGbpUxYrvHYKbGSY1 HTTP/1.1" 200 1487600 "https://mail.doxabusinesshub.com/forgot-password/pl?dir=%2Fhome1%2Fkdybvgmy%2Fpublic_html%2Fstorage%2Fframework%2Fsessions&edit=1&file=S5Skq6FgO788ZqTZ4TeuJw3Un6NUuQZIDsE286Ud" "Mozilla/5.0 AppleWebKit/537.36 (KHTML, like Gecko; compatible; GPTBot/1.4; +https://openai.com/gptbot)" mail.doxabusinesshub.com 10.43.68.43
74.7.242.8 - - [10/Jul/2026:06:17:47 -0600] "GET /forgot-password/pl?dir=%2Fhome1%2Fkdybvgmy%2Fpublic_html%2Fstorage%2Fframework%2Fsessions&edit=1&file=dA7lfUy1NcdRiHvpcusTy1gsGbpUxYrvHYKbGSY1 HTTP/2.0" 200 1487600 "https://mail.doxabusinesshub.com/forgot-password/pl?dir=%2Fhome1%2Fkdybvgmy%2Fpublic_html%2Fstorage%2Fframework%2Fsessions&edit=1&file=S5Skq6FgO788ZqTZ4TeuJw3Un6NUuQZIDsE286Ud" "Mozilla/5.0 AppleWebKit/537.36 (KHTML, like Gecko; compatible; GPTBot/1.4; +https://openai.com/gptbot)" mail.doxabusinesshub.com 10.43.68.43
74.7.242.8 - - [10/Jul/2026:06:17:48 -0600] "GET /forgot-password/it?dir=%2Fhome1%2Fkdybvgmy%2Fpublic_html%2Fstorage%2Fframework%2Fsessions&edit=1&file=2FoKYpozHmr7UyaTWsZroqeOFQekkuHVSNM0lTZJ HTTP/1.1" 200 1487642 "https://mail.doxabusinesshub.com/forgot-password/it?dir=%2Fhome1%2Fkdybvgmy%2Fpublic_html%2Fstorage%2Fframework%2Fsessions&edit=1&file=zMc13o5tVN3scA45wiw1N7AfJ0CE6gltoW7KuD3O" "Mozilla/5.0 AppleWebKit/537.36 (KHTML, like Gecko; compatible; GPTBot/1.4; +https://openai.com/gptbot)" mail.doxabusinesshub.com 10.43.68.43
74.7.242.8 - - [10/Jul/2026:06:17:48 -0600] "GET /forgot-password/it?dir=%2Fhome1%2Fkdybvgmy%2Fpublic_html%2Fstorage%2Fframework%2Fsessions&edit=1&file=2FoKYpozHmr7UyaTWsZroqeOFQekkuHVSNM0lTZJ HTTP/2.0" 200 1487642 "https://mail.doxabusinesshub.com/forgot-password/it?dir=%2Fhome1%2Fkdybvgmy%2Fpublic_html%2Fstorage%2Fframework%2Fsessions&edit=1&file=zMc13o5tVN3scA45wiw1N7AfJ0CE6gltoW7KuD3O" "Mozilla/5.0 AppleWebKit/537.36 (KHTML, like Gecko; compatible; GPTBot/1.4; +https://openai.com/gptbot)" mail.doxabusinesshub.com 10.43.68.43
74.7.227.151 - - [10/Jul/2026:06:17:49 -0600] "GET /?dir=%2Fopt%2Fcpanel%2Fea-wappspector%2Fvendor%2Fsquizlabs%2Fphp_codesniffer&edit=1&file=licence.txt HTTP/1.1" 200 17211 "https://mail.kdy.bvg.mybluehost.me/?dir=%2Fopt%2Fcpanel%2Fea-wappspector%2Fvendor%2Fsquizlabs%2Fphp_codesniffer" "Mozilla/5.0 AppleWebKit/537.36 (KHTML, like Gecko; compatible; GPTBot/1.4; +https://openai.com/gptbot)" mail.kdy.bvg.mybluehost.me 10.43.68.43
74.7.227.151 - - [10/Jul/2026:06:17:49 -0600] "GET /?dir=%2Fopt%2Fcpanel%2Fea-wappspector%2Fvendor%2Fsquizlabs%2Fphp_codesniffer&edit=1&file=licence.txt HTTP/2.0" 200 17211 "https://mail.kdy.bvg.mybluehost.me/?dir=%2Fopt%2Fcpanel%2Fea-wappspector%2Fvendor%2Fsquizlabs%2Fphp_codesniffer" "Mozilla/5.0 AppleWebKit/537.36 (KHTML, like Gecko; compatible; GPTBot/1.4; +https://openai.com/gptbot)" mail.kdy.bvg.mybluehost.me 10.43.68.43
74.7.242.8 - - [10/Jul/2026:06:17:49 -0600] "GET /forgot-password/pt?dir=%2Fhome1%2Fkdybvgmy%2Fpublic_html%2Fstorage%2Fframework%2Fsessions&edit=1&file=Jm3rYeMgQHN1aNciPsNELULs7nk0oPPniLDUtGVT HTTP/1.1" 200 1487668 "https://mail.doxabusinesshub.com/forgot-password/pt?dir=%2Fhome1%2Fkdybvgmy%2Fpublic_html%2Fstorage%2Fframework%2Fsessions&edit=1&file=zzuaoIQJRhO8Ks9DrOquyce1TwLNatXFGgdNPDv5" "Mozilla/5.0 AppleWebKit/537.36 (KHTML, like Gecko; compatible; GPTBot/1.4; +https://openai.com/gptbot)" mail.doxabusinesshub.com 10.43.68.43
74.7.242.8 - - [10/Jul/2026:06:17:49 -0600] "GET /forgot-password/pt?dir=%2Fhome1%2Fkdybvgmy%2Fpublic_html%2Fstorage%2Fframework%2Fsessions&edit=1&file=Jm3rYeMgQHN1aNciPsNELULs7nk0oPPniLDUtGVT HTTP/2.0" 200 1487668 "https://mail.doxabusinesshub.com/forgot-password/pt?dir=%2Fhome1%2Fkdybvgmy%2Fpublic_html%2Fstorage%2Fframework%2Fsessions&edit=1&file=zzuaoIQJRhO8Ks9DrOquyce1TwLNatXFGgdNPDv5" "Mozilla/5.0 AppleWebKit/537.36 (KHTML, like Gecko; compatible; GPTBot/1.4; +https://openai.com/gptbot)" mail.doxabusinesshub.com 10.43.68.43
74.7.227.5 - - [10/Jul/2026:06:17:50 -0600] "GET /storage/uploads/landing_page_image/site_logo.png?timestamp=1783683933 HTTP/2.0" 200 2094 "https://mail.kdy.bvg.mybluehost.me" "Mozilla/5.0 AppleWebKit/537.36 (KHTML, like Gecko; compatible; GPTBot/1.4; +https://openai.com/gptbot)" doxabusinesshub.com 10.43.68.43
74.7.242.8 - - [10/Jul/2026:06:17:50 -0600] "GET /forgot-password/pt?dir=%2Fhome1%2Fkdybvgmy%2Fpublic_html%2Fstorage%2Fframework%2Fsessions&edit=1&file=xeXmNZdrODaXMsBygGON0VeTeoMdBie8Z9Uf5HBH HTTP/1.1" 200 1487715 "https://mail.doxabusinesshub.com/forgot-password/pt?dir=%2Fhome1%2Fkdybvgmy%2Fpublic_html%2Fstorage%2Fframework%2Fsessions&edit=1&file=V0zR2fIB1VD2gUjAAM7W0dj6Kly1RK2jO3Qwb92Z" "Mozilla/5.0 AppleWebKit/537.36 (KHTML, like Gecko; compatible; GPTBot/1.4; +https://openai.com/gptbot)" mail.doxabusinesshub.com 10.43.68.43
74.7.242.8 - - [10/Jul/2026:06:17:50 -0600] "GET /forgot-password/pt?dir=%2Fhome1%2Fkdybvgmy%2Fpublic_html%2Fstorage%2Fframework%2Fsessions&edit=1&file=xeXmNZdrODaXMsBygGON0VeTeoMdBie8Z9Uf5HBH HTTP/2.0" 200 1487715 "https://mail.doxabusinesshub.com/forgot-password/pt?dir=%2Fhome1%2Fkdybvgmy%2Fpublic_html%2Fstorage%2Fframework%2Fsessions&edit=1&file=V0zR2fIB1VD2gUjAAM7W0dj6Kly1RK2jO3Qwb92Z" "Mozilla/5.0 AppleWebKit/537.36 (KHTML, like Gecko; compatible; GPTBot/1.4; +https://openai.com/gptbot)" mail.doxabusinesshub.com 10.43.68.43
74.7.242.8 - - [10/Jul/2026:06:17:50 -0600] "GET /forgot-password/pt?dir=%2Fhome1%2Fkdybvgmy%2Fpublic_html%2Fstorage%2Fframework%2Fsessions&edit=1&file=c6fFziHoT4gVkzoOArEhDnW4uHXonjPbHZq3XHMV HTTP/1.1" 200 1487749 "https://mail.doxabusinesshub.com/forgot-password/pt?dir=%2Fhome1%2Fkdybvgmy%2Fpublic_html%2Fstorage%2Fframework%2Fsessions&edit=1&file=ahUpbeDA4WMNHn7ziMH3fMzpvqJsPJ9igVamxnzg" "Mozilla/5.0 AppleWebKit/537.36 (KHTML, like Gecko; compatible; GPTBot/1.4; +https://openai.com/gptbot)" mail.doxabusinesshub.com 10.43.68.43
74.7.242.8 - - [10/Jul/2026:06:17:50 -0600] "GET /forgot-password/pt?dir=%2Fhome1%2Fkdybvgmy%2Fpublic_html%2Fstorage%2Fframework%2Fsessions&edit=1&file=c6fFziHoT4gVkzoOArEhDnW4uHXonjPbHZq3XHMV HTTP/2.0" 200 1487749 "https://mail.doxabusinesshub.com/forgot-password/pt?dir=%2Fhome1%2Fkdybvgmy%2Fpublic_html%2Fstorage%2Fframework%2Fsessions&edit=1&file=ahUpbeDA4WMNHn7ziMH3fMzpvqJsPJ9igVamxnzg" "Mozilla/5.0 AppleWebKit/537.36 (KHTML, like Gecko; compatible; GPTBot/1.4; +https://openai.com/gptbot)" mail.doxabusinesshub.com 10.43.68.43
74.7.242.8 - - [10/Jul/2026:06:17:51 -0600] "GET /forgot-password/pl?dir=%2Fhome1%2Fkdybvgmy%2Fpublic_html%2Fstorage%2Fframework%2Fsessions&edit=1&file=NBVFep4afNlMqIlSbkv9Q8SX8fgoEQvNCJVvdnYe HTTP/1.1" 200 1487812 "https://mail.doxabusinesshub.com/forgot-password/pl?dir=%2Fhome1%2Fkdybvgmy%2Fpublic_html%2Fstorage%2Fframework%2Fsessions&edit=1&file=wIaPtQ3UNUxu1AXEz1q2luzuQQQaJ4YuN3cvWB6B" "Mozilla/5.0 AppleWebKit/537.36 (KHTML, like Gecko; compatible; GPTBot/1.4; +https://openai.com/gptbot)" mail.doxabusinesshub.com 10.43.68.43
74.7.242.8 - - [10/Jul/2026:06:17:51 -0600] "GET /forgot-password/pl?dir=%2Fhome1%2Fkdybvgmy%2Fpublic_html%2Fstorage%2Fframework%2Fsessions&edit=1&file=NBVFep4afNlMqIlSbkv9Q8SX8fgoEQvNCJVvdnYe HTTP/2.0" 200 1487812 "https://mail.doxabusinesshub.com/forgot-password/pl?dir=%2Fhome1%2Fkdybvgmy%2Fpublic_html%2Fstorage%2Fframework%2Fsessions&edit=1&file=wIaPtQ3UNUxu1AXEz1q2luzuQQQaJ4YuN3cvWB6B" "Mozilla/5.0 AppleWebKit/537.36 (KHTML, like Gecko; compatible; GPTBot/1.4; +https://openai.com/gptbot)" mail.doxabusinesshub.com 10.43.68.43
74.7.242.8 - - [10/Jul/2026:06:17:52 -0600] "GET /forgot-password/pt?dir=%2Fhome1%2Fkdybvgmy%2Fpublic_html%2Fstorage%2Fframework%2Fsessions&edit=1&file=fuplpve1iOOkW0xwQuXaBsllI9lzuPyPAdF3NEZi HTTP/1.1" 200 1487818 "https://mail.doxabusinesshub.com/forgot-password/pt?dir=%2Fhome1%2Fkdybvgmy%2Fpublic_html%2Fstorage%2Fframework%2Fsessions&edit=1&file=Su8YaYHYn9TOQ2ICR4rVb1QZe30R7sQr9P0DA6Ry" "Mozilla/5.0 AppleWebKit/537.36 (KHTML, like Gecko; compatible; GPTBot/1.4; +https://openai.com/gptbot)" mail.doxabusinesshub.com 10.43.68.43
74.7.242.8 - - [10/Jul/2026:06:17:52 -0600] "GET /forgot-password/pt?dir=%2Fhome1%2Fkdybvgmy%2Fpublic_html%2Fstorage%2Fframework%2Fsessions&edit=1&file=fuplpve1iOOkW0xwQuXaBsllI9lzuPyPAdF3NEZi HTTP/2.0" 200 1487818 "https://mail.doxabusinesshub.com/forgot-password/pt?dir=%2Fhome1%2Fkdybvgmy%2Fpublic_html%2Fstorage%2Fframework%2Fsessions&edit=1&file=Su8YaYHYn9TOQ2ICR4rVb1QZe30R7sQr9P0DA6Ry" "Mozilla/5.0 AppleWebKit/537.36 (KHTML, like Gecko; compatible; GPTBot/1.4; +https://openai.com/gptbot)" mail.doxabusinesshub.com 10.43.68.43
216.73.216.142 - - [10/Jul/2026:06:17:53 -0600] "GET /register/pt?dir=%2Fhome1%2Fkdybvgmy%2Fpublic_html%2Fstorage%2Fframework%2Fsessions&edit=1&file=1KmbVy42P0gkHApsejtS9J9JGdejAoOWWIUIZYky HTTP/2.0" 200 6847 "-" "Mozilla/5.0 AppleWebKit/537.36 (KHTML, like Gecko; compatible; ClaudeBot/1.0; +claudebot@anthropic.com)" doxabusinesshub.com 10.43.68.43
74.7.242.8 - - [10/Jul/2026:06:17:53 -0600] "GET /forgot-password/pt?dir=%2Fhome1%2Fkdybvgmy%2Fpublic_html%2Fstorage%2Fframework%2Fsessions&edit=1&file=xYURftYq00YMsjDIPsg8bAMfQPQBCEWcmjlAJImE HTTP/1.1" 200 1487848 "https://mail.doxabusinesshub.com/forgot-password/pt?dir=%2Fhome1%2Fkdybvgmy%2Fpublic_html%2Fstorage%2Fframework%2Fsessions&edit=1&file=y1HiEDvdrOBqiv7g1XIVzI000drhFoWNkbpCCCYA" "Mozilla/5.0 AppleWebKit/537.36 (KHTML, like Gecko; compatible; GPTBot/1.4; +https://openai.com/gptbot)" mail.doxabusinesshub.com 10.43.68.43
74.7.242.8 - - [10/Jul/2026:06:17:53 -0600] "GET /forgot-password/pt?dir=%2Fhome1%2Fkdybvgmy%2Fpublic_html%2Fstorage%2Fframework%2Fsessions&edit=1&file=xYURftYq00YMsjDIPsg8bAMfQPQBCEWcmjlAJImE HTTP/2.0" 200 1487848 "https://mail.doxabusinesshub.com/forgot-password/pt?dir=%2Fhome1%2Fkdybvgmy%2Fpublic_html%2Fstorage%2Fframework%2Fsessions&edit=1&file=y1HiEDvdrOBqiv7g1XIVzI000drhFoWNkbpCCCYA" "Mozilla/5.0 AppleWebKit/537.36 (KHTML, like Gecko; compatible; GPTBot/1.4; +https://openai.com/gptbot)" mail.doxabusinesshub.com 10.43.68.43
74.7.242.8 - - [10/Jul/2026:06:17:53 -0600] "GET /forgot-password/he?dir=%2Fhome1%2Fkdybvgmy%2Fpublic_html%2Fstorage%2Fframework%2Fsessions&edit=1&file=GDAe6WSWnijlvUqmCERYyPlBQoP5G1qNqRGghRnN HTTP/1.1" 200 1488057 "https://mail.doxabusinesshub.com/forgot-password/he?dir=%2Fhome1%2Fkdybvgmy%2Fpublic_html%2Fstorage%2Fframework%2Fsessions&edit=1&file=25e1q46NY74OclZzMWmgbYIu1jO0GBCczaSVh2n9" "Mozilla/5.0 AppleWebKit/537.36 (KHTML, like Gecko; compatible; GPTBot/1.4; +https://openai.com/gptbot)" mail.doxabusinesshub.com 10.43.68.43
74.7.242.8 - - [10/Jul/2026:06:17:53 -0600] "GET /forgot-password/he?dir=%2Fhome1%2Fkdybvgmy%2Fpublic_html%2Fstorage%2Fframework%2Fsessions&edit=1&file=GDAe6WSWnijlvUqmCERYyPlBQoP5G1qNqRGghRnN HTTP/2.0" 200 1488057 "https://mail.doxabusinesshub.com/forgot-password/he?dir=%2Fhome1%2Fkdybvgmy%2Fpublic_html%2Fstorage%2Fframework%2Fsessions&edit=1&file=25e1q46NY74OclZzMWmgbYIu1jO0GBCczaSVh2n9" "Mozilla/5.0 AppleWebKit/537.36 (KHTML, like Gecko; compatible; GPTBot/1.4; +https://openai.com/gptbot)" mail.doxabusinesshub.com 10.43.68.43
74.7.227.5 - - [10/Jul/2026:06:17:54 -0600] "GET /storage/uploads/logo/favicon.png?timestamp=1783683933 HTTP/2.0" 200 21584 "https://mail.kdy.bvg.mybluehost.me" "Mozilla/5.0 AppleWebKit/537.36 (KHTML, like Gecko; compatible; GPTBot/1.4; +https://openai.com/gptbot)" doxabusinesshub.com 10.43.68.43
74.7.242.8 - - [10/Jul/2026:06:17:54 -0600] "GET /forgot-password/it?dir=%2Fhome1%2Fkdybvgmy%2Fpublic_html%2Fstorage%2Fframework%2Fsessions&edit=1&file=gHRvl0KqCLanlKD14zlMAaVAzzMru7rBXpqRoYEz HTTP/1.1" 200 1487932 "https://mail.doxabusinesshub.com/forgot-password/it?dir=%2Fhome1%2Fkdybvgmy%2Fpublic_html%2Fstorage%2Fframework%2Fsessions&edit=1&file=Oz4nBcUT83LTnmDU7Zg6fi3iWSODiU1Y6q9s4WY7" "Mozilla/5.0 AppleWebKit/537.36 (KHTML, like Gecko; compatible; GPTBot/1.4; +https://openai.com/gptbot)" mail.doxabusinesshub.com 10.43.68.43
74.7.242.8 - - [10/Jul/2026:06:17:54 -0600] "GET /forgot-password/it?dir=%2Fhome1%2Fkdybvgmy%2Fpublic_html%2Fstorage%2Fframework%2Fsessions&edit=1&file=gHRvl0KqCLanlKD14zlMAaVAzzMru7rBXpqRoYEz HTTP/2.0" 200 1487932 "https://mail.doxabusinesshub.com/forgot-password/it?dir=%2Fhome1%2Fkdybvgmy%2Fpublic_html%2Fstorage%2Fframework%2Fsessions&edit=1&file=Oz4nBcUT83LTnmDU7Zg6fi3iWSODiU1Y6q9s4WY7" "Mozilla/5.0 AppleWebKit/537.36 (KHTML, like Gecko; compatible; GPTBot/1.4; +https://openai.com/gptbot)" mail.doxabusinesshub.com 10.43.68.43
74.7.242.8 - - [10/Jul/2026:06:17:55 -0600] "GET /forgot-password/it?dir=%2Fhome1%2Fkdybvgmy%2Fpublic_html%2Fstorage%2Fframework%2Fsessions&edit=1&file=M0rkVkOJUGdqc6mAMKToyD6IJZbTQqDmItpu4eLj HTTP/1.1" 200 1487962 "https://mail.doxabusinesshub.com/forgot-password/it?dir=%2Fhome1%2Fkdybvgmy%2Fpublic_html%2Fstorage%2Fframework%2Fsessions&edit=1&file=ky1dackkWb7zzfPE9bAyDnwQjcfudCwmLiTcLTJJ" "Mozilla/5.0 AppleWebKit/537.36 (KHTML, like Gecko; compatible; GPTBot/1.4; +https://openai.com/gptbot)" mail.doxabusinesshub.com 10.43.68.43
74.7.242.8 - - [10/Jul/2026:06:17:55 -0600] "GET /forgot-password/it?dir=%2Fhome1%2Fkdybvgmy%2Fpublic_html%2Fstorage%2Fframework%2Fsessions&edit=1&file=M0rkVkOJUGdqc6mAMKToyD6IJZbTQqDmItpu4eLj HTTP/2.0" 200 1487962 "https://mail.doxabusinesshub.com/forgot-password/it?dir=%2Fhome1%2Fkdybvgmy%2Fpublic_html%2Fstorage%2Fframework%2Fsessions&edit=1&file=ky1dackkWb7zzfPE9bAyDnwQjcfudCwmLiTcLTJJ" "Mozilla/5.0 AppleWebKit/537.36 (KHTML, like Gecko; compatible; GPTBot/1.4; +https://openai.com/gptbot)" mail.doxabusinesshub.com 10.43.68.43
74.7.242.8 - - [10/Jul/2026:06:17:56 -0600] "GET /forgot-password/it?dir=%2Fhome1%2Fkdybvgmy%2Fpublic_html%2Fstorage%2Fframework%2Fsessions&edit=1&file=Smi0xiTBQPb1siOL1usrtapogPkJBKGvpOqnVn4K HTTP/1.1" 200 1487990 "https://mail.doxabusinesshub.com/forgot-password/it?dir=%2Fhome1%2Fkdybvgmy%2Fpublic_html%2Fstorage%2Fframework%2Fsessions&edit=1&file=cU0kkx6orMpdNZMnvuGJIPKeIEUMviEIDb3Hce4t" "Mozilla/5.0 AppleWebKit/537.36 (KHTML, like Gecko; compatible; GPTBot/1.4; +https://openai.com/gptbot)" mail.doxabusinesshub.com 10.43.68.43
74.7.242.8 - - [10/Jul/2026:06:17:56 -0600] "GET /forgot-password/it?dir=%2Fhome1%2Fkdybvgmy%2Fpublic_html%2Fstorage%2Fframework%2Fsessions&edit=1&file=Smi0xiTBQPb1siOL1usrtapogPkJBKGvpOqnVn4K HTTP/2.0" 200 1487990 "https://mail.doxabusinesshub.com/forgot-password/it?dir=%2Fhome1%2Fkdybvgmy%2Fpublic_html%2Fstorage%2Fframework%2Fsessions&edit=1&file=cU0kkx6orMpdNZMnvuGJIPKeIEUMviEIDb3Hce4t" "Mozilla/5.0 AppleWebKit/537.36 (KHTML, like Gecko; compatible; GPTBot/1.4; +https://openai.com/gptbot)" mail.doxabusinesshub.com 10.43.68.43
74.7.242.8 - - [10/Jul/2026:06:17:56 -0600] "GET /forgot-password/pl?dir=%2Fhome1%2Fkdybvgmy%2Fpublic_html%2Fstorage%2Fframework%2Fsessions&edit=1&file=Tmxkub1raCgvMlo2mwjUlTaGVl0YQmmKmuAtC8vI HTTP/1.1" 200 1488054 "https://mail.doxabusinesshub.com/forgot-password/pl?dir=%2Fhome1%2Fkdybvgmy%2Fpublic_html%2Fstorage%2Fframework%2Fsessions&edit=1&file=dUVq5JoaynMjc3Nj2ksTpJQRTRR6cTauMHFvgvJp" "Mozilla/5.0 AppleWebKit/537.36 (KHTML, like Gecko; compatible; GPTBot/1.4; +https://openai.com/gptbot)" mail.doxabusinesshub.com 10.43.68.43
74.7.242.8 - - [10/Jul/2026:06:17:56 -0600] "GET /forgot-password/pl?dir=%2Fhome1%2Fkdybvgmy%2Fpublic_html%2Fstorage%2Fframework%2Fsessions&edit=1&file=Tmxkub1raCgvMlo2mwjUlTaGVl0YQmmKmuAtC8vI HTTP/2.0" 200 1488054 "https://mail.doxabusinesshub.com/forgot-password/pl?dir=%2Fhome1%2Fkdybvgmy%2Fpublic_html%2Fstorage%2Fframework%2Fsessions&edit=1&file=dUVq5JoaynMjc3Nj2ksTpJQRTRR6cTauMHFvgvJp" "Mozilla/5.0 AppleWebKit/537.36 (KHTML, like Gecko; compatible; GPTBot/1.4; +https://openai.com/gptbot)" mail.doxabusinesshub.com 10.43.68.43
74.7.227.151 - - [10/Jul/2026:06:17:58 -0600] "GET /?dir=%2Fopt%2Fcpanel%2Fea-wappspector%2Fvendor%2Fsquizlabs%2Fphp_codesniffer&edit=1&file=phpcs.xsd HTTP/1.1" 200 17598 "https://mail.kdy.bvg.mybluehost.me/?dir=%2Fopt%2Fcpanel%2Fea-wappspector%2Fvendor%2Fsquizlabs%2Fphp_codesniffer" "Mozilla/5.0 AppleWebKit/537.36 (KHTML, like Gecko; compatible; GPTBot/1.4; +https://openai.com/gptbot)" mail.kdy.bvg.mybluehost.me 10.43.68.43
74.7.227.151 - - [10/Jul/2026:06:17:58 -0600] "GET /?dir=%2Fopt%2Fcpanel%2Fea-wappspector%2Fvendor%2Fsquizlabs%2Fphp_codesniffer&edit=1&file=phpcs.xsd HTTP/2.0" 200 17598 "https://mail.kdy.bvg.mybluehost.me/?dir=%2Fopt%2Fcpanel%2Fea-wappspector%2Fvendor%2Fsquizlabs%2Fphp_codesniffer" "Mozilla/5.0 AppleWebKit/537.36 (KHTML, like Gecko; compatible; GPTBot/1.4; +https://openai.com/gptbot)" mail.kdy.bvg.mybluehost.me 10.43.68.43
216.73.216.142 - - [10/Jul/2026:06:17:58 -0600] "GET /register/pt?dir=%2Fhome1%2Fkdybvgmy%2Fpublic_html%2Fstorage%2Fframework%2Fsessions&edit=1&file=9LYslZP5RQM9mLUgogjZPhCokiklFpVjsnEHwl0l HTTP/2.0" 200 6829 "-" "Mozilla/5.0 AppleWebKit/537.36 (KHTML, like Gecko; compatible; ClaudeBot/1.0; +claudebot@anthropic.com)" doxabusinesshub.com 10.43.68.43
74.7.242.8 - - [10/Jul/2026:06:17:57 -0600] "GET /forgot-password/it?dir=%2Fhome1%2Fkdybvgmy%2Fpublic_html%2Fstorage%2Fframework%2Fsessions&edit=1&file=hWvTJDb5rFWP3zbUhTdoDOhuDQWlfhiGL8KXNhFg HTTP/1.1" 200 1488057 "https://mail.doxabusinesshub.com/forgot-password/it?dir=%2Fhome1%2Fkdybvgmy%2Fpublic_html%2Fstorage%2Fframework%2Fsessions&edit=1&file=IZyY3WVL8fX2LBES0hkS90tj9fcR23Rb7P5YCF8j" "Mozilla/5.0 AppleWebKit/537.36 (KHTML, like Gecko; compatible; GPTBot/1.4; +https://openai.com/gptbot)" mail.doxabusinesshub.com 10.43.68.43
74.7.242.8 - - [10/Jul/2026:06:17:57 -0600] "GET /forgot-password/it?dir=%2Fhome1%2Fkdybvgmy%2Fpublic_html%2Fstorage%2Fframework%2Fsessions&edit=1&file=hWvTJDb5rFWP3zbUhTdoDOhuDQWlfhiGL8KXNhFg HTTP/2.0" 200 1488057 "https://mail.doxabusinesshub.com/forgot-password/it?dir=%2Fhome1%2Fkdybvgmy%2Fpublic_html%2Fstorage%2Fframework%2Fsessions&edit=1&file=IZyY3WVL8fX2LBES0hkS90tj9fcR23Rb7P5YCF8j" "Mozilla/5.0 AppleWebKit/537.36 (KHTML, like Gecko; compatible; GPTBot/1.4; +https://openai.com/gptbot)" mail.doxabusinesshub.com 10.43.68.43
74.7.227.5 - - [10/Jul/2026:06:17:58 -0600] "GET /storage/uploads/logo/favicon.png?timestamp=1783683987 HTTP/2.0" 200 21584 "https://mail.kdy.bvg.mybluehost.me" "Mozilla/5.0 AppleWebKit/537.36 (KHTML, like Gecko; compatible; GPTBot/1.4; +https://openai.com/gptbot)" doxabusinesshub.com 10.43.68.43
74.7.242.8 - - [10/Jul/2026:06:17:58 -0600] "GET /forgot-password/it?dir=%2Fhome1%2Fkdybvgmy%2Fpublic_html%2Fstorage%2Fframework%2Fsessions&edit=1&file=cFGd9kSTaiHVmEASlZk1MSVNwqkgX8GMucjQGXCP HTTP/1.1" 200 1488135 "https://mail.doxabusinesshub.com/forgot-password/it?dir=%2Fhome1%2Fkdybvgmy%2Fpublic_html%2Fstorage%2Fframework%2Fsessions&edit=1&file=gbCZV2FCHqtl9NHVW4UP830YLW8q746b6vVJX3Vm" "Mozilla/5.0 AppleWebKit/537.36 (KHTML, like Gecko; compatible; GPTBot/1.4; +https://openai.com/gptbot)" mail.doxabusinesshub.com 10.43.68.43
74.7.242.8 - - [10/Jul/2026:06:17:58 -0600] "GET /forgot-password/it?dir=%2Fhome1%2Fkdybvgmy%2Fpublic_html%2Fstorage%2Fframework%2Fsessions&edit=1&file=cFGd9kSTaiHVmEASlZk1MSVNwqkgX8GMucjQGXCP HTTP/2.0" 200 1488135 "https://mail.doxabusinesshub.com/forgot-password/it?dir=%2Fhome1%2Fkdybvgmy%2Fpublic_html%2Fstorage%2Fframework%2Fsessions&edit=1&file=gbCZV2FCHqtl9NHVW4UP830YLW8q746b6vVJX3Vm" "Mozilla/5.0 AppleWebKit/537.36 (KHTML, like Gecko; compatible; GPTBot/1.4; +https://openai.com/gptbot)" mail.doxabusinesshub.com 10.43.68.43
74.7.242.8 - - [10/Jul/2026:06:17:59 -0600] "GET /forgot-password/pl?dir=%2Fhome1%2Fkdybvgmy%2Fpublic_html%2Fstorage%2Fframework%2Fsessions&edit=1&file=mlYhwQTQFzhcatrNdDvjmWqftQSMaiJC8385zRKg HTTP/1.1" 200 1488211 "https://mail.doxabusinesshub.com/forgot-password/pl?dir=%2Fhome1%2Fkdybvgmy%2Fpublic_html%2Fstorage%2Fframework%2Fsessions&edit=1&file=nyWkE4uKKQSmrW1zbZhDsbNEapEvUAXfP29iKjyQ" "Mozilla/5.0 AppleWebKit/537.36 (KHTML, like Gecko; compatible; GPTBot/1.4; +https://openai.com/gptbot)" mail.doxabusinesshub.com 10.43.68.43
74.7.242.8 - - [10/Jul/2026:06:17:59 -0600] "GET /forgot-password/pl?dir=%2Fhome1%2Fkdybvgmy%2Fpublic_html%2Fstorage%2Fframework%2Fsessions&edit=1&file=mlYhwQTQFzhcatrNdDvjmWqftQSMaiJC8385zRKg HTTP/2.0" 200 1488211 "https://mail.doxabusinesshub.com/forgot-password/pl?dir=%2Fhome1%2Fkdybvgmy%2Fpublic_html%2Fstorage%2Fframework%2Fsessions&edit=1&file=nyWkE4uKKQSmrW1zbZhDsbNEapEvUAXfP29iKjyQ" "Mozilla/5.0 AppleWebKit/537.36 (KHTML, like Gecko; compatible; GPTBot/1.4; +https://openai.com/gptbot)" mail.doxabusinesshub.com 10.43.68.43
74.7.242.8 - - [10/Jul/2026:06:18:00 -0600] "GET /forgot-password/pt?dir=%2Fhome1%2Fkdybvgmy%2Fpublic_html%2Fstorage%2Fframework%2Fsessions&edit=1&file=8wLsmtnPbrzDanWnQsltvt16rOlk0ejljujeLAOZ HTTP/1.1" 200 1488244 "https://mail.doxabusinesshub.com/forgot-password/pt?dir=%2Fhome1%2Fkdybvgmy%2Fpublic_html%2Fstorage%2Fframework%2Fsessions&edit=1&file=YpE3uQXIVb32byB0jZYuz945Z9e6jkoXGHRgmPLN" "Mozilla/5.0 AppleWebKit/537.36 (KHTML, like Gecko; compatible; GPTBot/1.4; +https://openai.com/gptbot)" mail.doxabusinesshub.com 10.43.68.43
74.7.242.8 - - [10/Jul/2026:06:18:00 -0600] "GET /forgot-password/pt?dir=%2Fhome1%2Fkdybvgmy%2Fpublic_html%2Fstorage%2Fframework%2Fsessions&edit=1&file=8wLsmtnPbrzDanWnQsltvt16rOlk0ejljujeLAOZ HTTP/2.0" 200 1488244 "https://mail.doxabusinesshub.com/forgot-password/pt?dir=%2Fhome1%2Fkdybvgmy%2Fpublic_html%2Fstorage%2Fframework%2Fsessions&edit=1&file=YpE3uQXIVb32byB0jZYuz945Z9e6jkoXGHRgmPLN" "Mozilla/5.0 AppleWebKit/537.36 (KHTML, like Gecko; compatible; GPTBot/1.4; +https://openai.com/gptbot)" mail.doxabusinesshub.com 10.43.68.43
74.7.242.8 - - [10/Jul/2026:06:18:01 -0600] "GET /forgot-password/it?dir=%2Fhome1%2Fkdybvgmy%2Fpublic_html%2Fstorage%2Fframework%2Fsessions&edit=1&file=U1IkyUcyZ2SAZHxKcAukfMJISBjeZldmcQTJ7sUF HTTP/1.1" 200 1488298 "https://mail.doxabusinesshub.com/forgot-password/it?dir=%2Fhome1%2Fkdybvgmy%2Fpublic_html%2Fstorage%2Fframework%2Fsessions&edit=1&file=7t8TyevXMxYZlHDUTdqLEvFmdmRCgEx3lr5NIGIt" "Mozilla/5.0 AppleWebKit/537.36 (KHTML, like Gecko; compatible; GPTBot/1.4; +https://openai.com/gptbot)" mail.doxabusinesshub.com 10.43.68.43
74.7.242.8 - - [10/Jul/2026:06:18:01 -0600] "GET /forgot-password/it?dir=%2Fhome1%2Fkdybvgmy%2Fpublic_html%2Fstorage%2Fframework%2Fsessions&edit=1&file=U1IkyUcyZ2SAZHxKcAukfMJISBjeZldmcQTJ7sUF HTTP/2.0" 200 1488298 "https://mail.doxabusinesshub.com/forgot-password/it?dir=%2Fhome1%2Fkdybvgmy%2Fpublic_html%2Fstorage%2Fframework%2Fsessions&edit=1&file=7t8TyevXMxYZlHDUTdqLEvFmdmRCgEx3lr5NIGIt" "Mozilla/5.0 AppleWebKit/537.36 (KHTML, like Gecko; compatible; GPTBot/1.4; +https://openai.com/gptbot)" mail.doxabusinesshub.com 10.43.68.43
74.7.227.5 - - [10/Jul/2026:06:18:02 -0600] "GET /storage/uploads/landing_page_image/site_logo.png?timestamp=1783683987 HTTP/2.0" 200 2094 "https://mail.kdy.bvg.mybluehost.me" "Mozilla/5.0 AppleWebKit/537.36 (KHTML, like Gecko; compatible; GPTBot/1.4; +https://openai.com/gptbot)" doxabusinesshub.com 10.43.68.43
74.7.242.8 - - [10/Jul/2026:06:18:01 -0600] "GET /forgot-password/he?dir=%2Fhome1%2Fkdybvgmy%2Fpublic_html%2Fstorage%2Fframework%2Fsessions&edit=1&file=xsZSwqJoVypVpbr5cFZM2yEZQdiwgpEFds24jtHo HTTP/1.1" 200 1488486 "https://mail.doxabusinesshub.com/forgot-password/he?dir=%2Fhome1%2Fkdybvgmy%2Fpublic_html%2Fstorage%2Fframework%2Fsessions&edit=1&file=25e1q46NY74OclZzMWmgbYIu1jO0GBCczaSVh2n9" "Mozilla/5.0 AppleWebKit/537.36 (KHTML, like Gecko; compatible; GPTBot/1.4; +https://openai.com/gptbot)" mail.doxabusinesshub.com 10.43.68.43
74.7.242.8 - - [10/Jul/2026:06:18:01 -0600] "GET /forgot-password/he?dir=%2Fhome1%2Fkdybvgmy%2Fpublic_html%2Fstorage%2Fframework%2Fsessions&edit=1&file=xsZSwqJoVypVpbr5cFZM2yEZQdiwgpEFds24jtHo HTTP/2.0" 200 1488486 "https://mail.doxabusinesshub.com/forgot-password/he?dir=%2Fhome1%2Fkdybvgmy%2Fpublic_html%2Fstorage%2Fframework%2Fsessions&edit=1&file=25e1q46NY74OclZzMWmgbYIu1jO0GBCczaSVh2n9" "Mozilla/5.0 AppleWebKit/537.36 (KHTML, like Gecko; compatible; GPTBot/1.4; +https://openai.com/gptbot)" mail.doxabusinesshub.com 10.43.68.43
74.7.242.8 - - [10/Jul/2026:06:18:02 -0600] "GET /forgot-password/he?dir=%2Fhome1%2Fkdybvgmy%2Fpublic_html%2Fstorage%2Fframework%2Fsessions&edit=1&file=55hXim0bozCVzYatdpSJDkCavMDTUcGKJdbL3CVi HTTP/1.1" 200 1488542 "https://mail.doxabusinesshub.com/forgot-password/he?dir=%2Fhome1%2Fkdybvgmy%2Fpublic_html%2Fstorage%2Fframework%2Fsessions&edit=1&file=iHxjXavsOkK2IRzQkNvdDpryYHzTUj7kvvASQHf3" "Mozilla/5.0 AppleWebKit/537.36 (KHTML, like Gecko; compatible; GPTBot/1.4; +https://openai.com/gptbot)" mail.doxabusinesshub.com 10.43.68.43
74.7.242.8 - - [10/Jul/2026:06:18:02 -0600] "GET /forgot-password/he?dir=%2Fhome1%2Fkdybvgmy%2Fpublic_html%2Fstorage%2Fframework%2Fsessions&edit=1&file=55hXim0bozCVzYatdpSJDkCavMDTUcGKJdbL3CVi HTTP/2.0" 200 1488542 "https://mail.doxabusinesshub.com/forgot-password/he?dir=%2Fhome1%2Fkdybvgmy%2Fpublic_html%2Fstorage%2Fframework%2Fsessions&edit=1&file=iHxjXavsOkK2IRzQkNvdDpryYHzTUj7kvvASQHf3" "Mozilla/5.0 AppleWebKit/537.36 (KHTML, like Gecko; compatible; GPTBot/1.4; +https://openai.com/gptbot)" mail.doxabusinesshub.com 10.43.68.43
216.73.216.142 - - [10/Jul/2026:06:18:03 -0600] "GET /register/pt?dir=%2Fhome1%2Fkdybvgmy%2Fpublic_html%2Fstorage%2Fframework%2Fsessions&edit=1&file=7KhTqdIHDHn4T5DgraEDAKIBgMftQXfNgoykmbeN HTTP/2.0" 200 1488805 "-" "Mozilla/5.0 AppleWebKit/537.36 (KHTML, like Gecko; compatible; ClaudeBot/1.0; +claudebot@anthropic.com)" doxabusinesshub.com 10.43.68.43
74.7.242.8 - - [10/Jul/2026:06:18:03 -0600] "GET /forgot-password/it?dir=%2Fhome1%2Fkdybvgmy%2Fpublic_html%2Fstorage%2Fframework%2Fsessions&edit=1&file=N3WzjbmlyBYcfdHv7KoQYxUCxOcofDuqtNzKyiM8 HTTP/1.1" 200 1488460 "https://mail.doxabusinesshub.com/forgot-password/it?dir=%2Fhome1%2Fkdybvgmy%2Fpublic_html%2Fstorage%2Fframework%2Fsessions&edit=1&file=3O1SyMgXvmZ36l9S3LcNTtm2fuUW8Qf4M8zg2YeC" "Mozilla/5.0 AppleWebKit/537.36 (KHTML, like Gecko; compatible; GPTBot/1.4; +https://openai.com/gptbot)" mail.doxabusinesshub.com 10.43.68.43
74.7.242.8 - - [10/Jul/2026:06:18:03 -0600] "GET /forgot-password/it?dir=%2Fhome1%2Fkdybvgmy%2Fpublic_html%2Fstorage%2Fframework%2Fsessions&edit=1&file=N3WzjbmlyBYcfdHv7KoQYxUCxOcofDuqtNzKyiM8 HTTP/2.0" 200 1488460 "https://mail.doxabusinesshub.com/forgot-password/it?dir=%2Fhome1%2Fkdybvgmy%2Fpublic_html%2Fstorage%2Fframework%2Fsessions&edit=1&file=3O1SyMgXvmZ36l9S3LcNTtm2fuUW8Qf4M8zg2YeC" "Mozilla/5.0 AppleWebKit/537.36 (KHTML, like Gecko; compatible; GPTBot/1.4; +https://openai.com/gptbot)" mail.doxabusinesshub.com 10.43.68.43
74.7.242.8 - - [10/Jul/2026:06:18:04 -0600] "GET /forgot-password/he?dir=%2Fhome1%2Fkdybvgmy%2Fpublic_html%2Fstorage%2Fframework%2Fsessions&edit=1&file=kKHnJJBjYQZsQz7dGfZk1INSjPk7wvcekmKrIzQ9 HTTP/1.1" 200 1488709 "https://mail.doxabusinesshub.com/forgot-password/he?dir=%2Fhome1%2Fkdybvgmy%2Fpublic_html%2Fstorage%2Fframework%2Fsessions&edit=1&file=Xun1uig2xp9Lr1ZA549Jb9Ou77AOE3Z6yCHflHfa" "Mozilla/5.0 AppleWebKit/537.36 (KHTML, like Gecko; compatible; GPTBot/1.4; +https://openai.com/gptbot)" mail.doxabusinesshub.com 10.43.68.43
74.7.242.8 - - [10/Jul/2026:06:18:04 -0600] "GET /forgot-password/he?dir=%2Fhome1%2Fkdybvgmy%2Fpublic_html%2Fstorage%2Fframework%2Fsessions&edit=1&file=kKHnJJBjYQZsQz7dGfZk1INSjPk7wvcekmKrIzQ9 HTTP/2.0" 200 1488709 "https://mail.doxabusinesshub.com/forgot-password/he?dir=%2Fhome1%2Fkdybvgmy%2Fpublic_html%2Fstorage%2Fframework%2Fsessions&edit=1&file=Xun1uig2xp9Lr1ZA549Jb9Ou77AOE3Z6yCHflHfa" "Mozilla/5.0 AppleWebKit/537.36 (KHTML, like Gecko; compatible; GPTBot/1.4; +https://openai.com/gptbot)" mail.doxabusinesshub.com 10.43.68.43
74.7.241.16 - - [10/Jul/2026:06:18:05 -0600] "GET /?dir=%2Fsys%2Fmodule%2Fudmabuf%2Fparameters&edit=1&file=list_limit HTTP/2.0" 200 16179 "https://www.doxabusinesshub.com/?dir=%2Fsys%2Fmodule%2Fudmabuf%2Fparameters" "Mozilla/5.0 AppleWebKit/537.36 (KHTML, like Gecko; compatible; GPTBot/1.4; +https://openai.com/gptbot)" www.doxabusinesshub.com 10.43.68.43
74.7.242.8 - - [10/Jul/2026:06:18:04 -0600] "GET /forgot-password/pt?dir=%2Fhome1%2Fkdybvgmy%2Fpublic_html%2Fstorage%2Fframework%2Fsessions&edit=1&file=neg2PFqVLYhEKWlpQU9XLLeGLzUyWrdJG5Sti2QK HTTP/1.1" 200 1488635 "https://mail.doxabusinesshub.com/forgot-password/pt?dir=%2Fhome1%2Fkdybvgmy%2Fpublic_html%2Fstorage%2Fframework%2Fsessions&edit=1&file=HgrdEQ2am9SxLg3O0bG85N6CmWh3E0ZAOV0KwJy4" "Mozilla/5.0 AppleWebKit/537.36 (KHTML, like Gecko; compatible; GPTBot/1.4; +https://openai.com/gptbot)" mail.doxabusinesshub.com 10.43.68.43
74.7.242.8 - - [10/Jul/2026:06:18:04 -0600] "GET /forgot-password/pt?dir=%2Fhome1%2Fkdybvgmy%2Fpublic_html%2Fstorage%2Fframework%2Fsessions&edit=1&file=neg2PFqVLYhEKWlpQU9XLLeGLzUyWrdJG5Sti2QK HTTP/2.0" 200 1488635 "https://mail.doxabusinesshub.com/forgot-password/pt?dir=%2Fhome1%2Fkdybvgmy%2Fpublic_html%2Fstorage%2Fframework%2Fsessions&edit=1&file=HgrdEQ2am9SxLg3O0bG85N6CmWh3E0ZAOV0KwJy4" "Mozilla/5.0 AppleWebKit/537.36 (KHTML, like Gecko; compatible; GPTBot/1.4; +https://openai.com/gptbot)" mail.doxabusinesshub.com 10.43.68.43
74.7.227.5 - - [10/Jul/2026:06:18:05 -0600] "GET /storage/uploads/landing_page_image/site_logo.png?timestamp=1783685002 HTTP/2.0" 200 2094 "https://mail.kdy.bvg.mybluehost.me" "Mozilla/5.0 AppleWebKit/537.36 (KHTML, like Gecko; compatible; GPTBot/1.4; +https://openai.com/gptbot)" doxabusinesshub.com 10.43.68.43
74.7.242.8 - - [10/Jul/2026:06:18:05 -0600] "GET /forgot-password/he?dir=%2Fhome1%2Fkdybvgmy%2Fpublic_html%2Fstorage%2Fframework%2Fsessions&edit=1&file=Ukotq1L7DdBmMGu6SPWynKraOuILQEcZeo0DiFlH HTTP/1.1" 200 1488884 "https://mail.doxabusinesshub.com/forgot-password/he?dir=%2Fhome1%2Fkdybvgmy%2Fpublic_html%2Fstorage%2Fframework%2Fsessions&edit=1&file=xFznE2SN1nXUijAyZYPcNHEDnGgodlhJqtn2YX2g" "Mozilla/5.0 AppleWebKit/537.36 (KHTML, like Gecko; compatible; GPTBot/1.4; +https://openai.com/gptbot)" mail.doxabusinesshub.com 10.43.68.43
74.7.242.8 - - [10/Jul/2026:06:18:05 -0600] "GET /forgot-password/he?dir=%2Fhome1%2Fkdybvgmy%2Fpublic_html%2Fstorage%2Fframework%2Fsessions&edit=1&file=Ukotq1L7DdBmMGu6SPWynKraOuILQEcZeo0DiFlH HTTP/2.0" 200 1488884 "https://mail.doxabusinesshub.com/forgot-password/he?dir=%2Fhome1%2Fkdybvgmy%2Fpublic_html%2Fstorage%2Fframework%2Fsessions&edit=1&file=xFznE2SN1nXUijAyZYPcNHEDnGgodlhJqtn2YX2g" "Mozilla/5.0 AppleWebKit/537.36 (KHTML, like Gecko; compatible; GPTBot/1.4; +https://openai.com/gptbot)" mail.doxabusinesshub.com 10.43.68.43
74.7.227.151 - - [10/Jul/2026:06:18:06 -0600] "GET /?dir=%2Fopt%2Fcpanel%2Fea-wappspector%2Fvendor%2Fsquizlabs%2Fphp_codesniffer%2Ftests HTTP/1.1" 200 17001 "https://mail.kdy.bvg.mybluehost.me/?dir=%2Fopt%2Fcpanel%2Fea-wappspector%2Fvendor%2Fsquizlabs%2Fphp_codesniffer" "Mozilla/5.0 AppleWebKit/537.36 (KHTML, like Gecko; compatible; GPTBot/1.4; +https://openai.com/gptbot)" mail.kdy.bvg.mybluehost.me 10.43.68.43
74.7.227.151 - - [10/Jul/2026:06:18:06 -0600] "GET /?dir=%2Fopt%2Fcpanel%2Fea-wappspector%2Fvendor%2Fsquizlabs%2Fphp_codesniffer%2Ftests HTTP/2.0" 200 17001 "https://mail.kdy.bvg.mybluehost.me/?dir=%2Fopt%2Fcpanel%2Fea-wappspector%2Fvendor%2Fsquizlabs%2Fphp_codesniffer" "Mozilla/5.0 AppleWebKit/537.36 (KHTML, like Gecko; compatible; GPTBot/1.4; +https://openai.com/gptbot)" mail.kdy.bvg.mybluehost.me 10.43.68.43
216.73.216.142 - - [10/Jul/2026:06:18:06 -0600] "GET /register/ar?dir=%2Fhome1%2Fkdybvgmy%2Fpublic_html%2Fstorage%2Fframework%2Fsessions&edit=1&file=1RWqXxC5NgOuFk8NECrr5Er3RAfERRgYeRmFBuHC HTTP/2.0" 200 1489267 "-" "Mozilla/5.0 AppleWebKit/537.36 (KHTML, like Gecko; compatible; ClaudeBot/1.0; +claudebot@anthropic.com)" doxabusinesshub.com 10.43.68.43
74.7.242.8 - - [10/Jul/2026:06:18:06 -0600] "GET /forgot-password/he?dir=%2Fhome1%2Fkdybvgmy%2Fpublic_html%2Fstorage%2Fframework%2Fsessions&edit=1&file=lmzkSmwrGWqZC0bZfrwjsg2ZJJ9zMBYdSytvm8HX HTTP/1.1" 200 1488934 "https://mail.doxabusinesshub.com/forgot-password/he?dir=%2Fhome1%2Fkdybvgmy%2Fpublic_html%2Fstorage%2Fframework%2Fsessions&edit=1&file=xFznE2SN1nXUijAyZYPcNHEDnGgodlhJqtn2YX2g" "Mozilla/5.0 AppleWebKit/537.36 (KHTML, like Gecko; compatible; GPTBot/1.4; +https://openai.com/gptbot)" mail.doxabusinesshub.com 10.43.68.43
74.7.242.8 - - [10/Jul/2026:06:18:06 -0600] "GET /forgot-password/he?dir=%2Fhome1%2Fkdybvgmy%2Fpublic_html%2Fstorage%2Fframework%2Fsessions&edit=1&file=lmzkSmwrGWqZC0bZfrwjsg2ZJJ9zMBYdSytvm8HX HTTP/2.0" 200 1488934 "https://mail.doxabusinesshub.com/forgot-password/he?dir=%2Fhome1%2Fkdybvgmy%2Fpublic_html%2Fstorage%2Fframework%2Fsessions&edit=1&file=xFznE2SN1nXUijAyZYPcNHEDnGgodlhJqtn2YX2g" "Mozilla/5.0 AppleWebKit/537.36 (KHTML, like Gecko; compatible; GPTBot/1.4; +https://openai.com/gptbot)" mail.doxabusinesshub.com 10.43.68.43
74.7.242.8 - - [10/Jul/2026:06:18:07 -0600] "GET /forgot-password/it?dir=%2Fhome1%2Fkdybvgmy%2Fpublic_html%2Fstorage%2Fframework%2Fsessions&edit=1&file=VpRUN3XGyXevTdnpq8jCtBjxry4mjQaPMctWcXYd HTTP/1.1" 200 1488967 "https://mail.doxabusinesshub.com/forgot-password/it?dir=%2Fhome1%2Fkdybvgmy%2Fpublic_html%2Fstorage%2Fframework%2Fsessions&edit=1&file=3O1SyMgXvmZ36l9S3LcNTtm2fuUW8Qf4M8zg2YeC" "Mozilla/5.0 AppleWebKit/537.36 (KHTML, like Gecko; compatible; GPTBot/1.4; +https://openai.com/gptbot)" mail.doxabusinesshub.com 10.43.68.43
74.7.242.8 - - [10/Jul/2026:06:18:07 -0600] "GET /forgot-password/it?dir=%2Fhome1%2Fkdybvgmy%2Fpublic_html%2Fstorage%2Fframework%2Fsessions&edit=1&file=VpRUN3XGyXevTdnpq8jCtBjxry4mjQaPMctWcXYd HTTP/2.0" 200 1488967 "https://mail.doxabusinesshub.com/forgot-password/it?dir=%2Fhome1%2Fkdybvgmy%2Fpublic_html%2Fstorage%2Fframework%2Fsessions&edit=1&file=3O1SyMgXvmZ36l9S3LcNTtm2fuUW8Qf4M8zg2YeC" "Mozilla/5.0 AppleWebKit/537.36 (KHTML, like Gecko; compatible; GPTBot/1.4; +https://openai.com/gptbot)" mail.doxabusinesshub.com 10.43.68.43
74.7.242.8 - - [10/Jul/2026:06:18:07 -0600] "GET /forgot-password/it?dir=%2Fhome1%2Fkdybvgmy%2Fpublic_html%2Fstorage%2Fframework%2Fsessions&edit=1&file=fe19WaYrckCnFBeLEev4WbrCuDBnX6srrUOxnUie HTTP/1.1" 200 1489015 "https://mail.doxabusinesshub.com/forgot-password/it?dir=%2Fhome1%2Fkdybvgmy%2Fpublic_html%2Fstorage%2Fframework%2Fsessions&edit=1&file=Oz4nBcUT83LTnmDU7Zg6fi3iWSODiU1Y6q9s4WY7" "Mozilla/5.0 AppleWebKit/537.36 (KHTML, like Gecko; compatible; GPTBot/1.4; +https://openai.com/gptbot)" mail.doxabusinesshub.com 10.43.68.43
74.7.242.8 - - [10/Jul/2026:06:18:07 -0600] "GET /forgot-password/it?dir=%2Fhome1%2Fkdybvgmy%2Fpublic_html%2Fstorage%2Fframework%2Fsessions&edit=1&file=fe19WaYrckCnFBeLEev4WbrCuDBnX6srrUOxnUie HTTP/2.0" 200 1489015 "https://mail.doxabusinesshub.com/forgot-password/it?dir=%2Fhome1%2Fkdybvgmy%2Fpublic_html%2Fstorage%2Fframework%2Fsessions&edit=1&file=Oz4nBcUT83LTnmDU7Zg6fi3iWSODiU1Y6q9s4WY7" "Mozilla/5.0 AppleWebKit/537.36 (KHTML, like Gecko; compatible; GPTBot/1.4; +https://openai.com/gptbot)" mail.doxabusinesshub.com 10.43.68.43
74.7.227.5 - - [10/Jul/2026:06:18:08 -0600] "GET /storage/uploads/logo/favicon.png?timestamp=1783685002 HTTP/2.0" 200 21584 "https://mail.kdy.bvg.mybluehost.me" "Mozilla/5.0 AppleWebKit/537.36 (KHTML, like Gecko; compatible; GPTBot/1.4; +https://openai.com/gptbot)" doxabusinesshub.com 10.43.68.43
74.7.242.8 - - [10/Jul/2026:06:18:08 -0600] "GET /forgot-password/pt?dir=%2Fhome1%2Fkdybvgmy%2Fpublic_html%2Fstorage%2Fframework%2Fsessions&edit=1&file=H8DQYwsCBOjtEKTMfg6XjCjNd5PCeT7gblnUOFkr HTTP/1.1" 200 1489079 "https://mail.doxabusinesshub.com/forgot-password/pt?dir=%2Fhome1%2Fkdybvgmy%2Fpublic_html%2Fstorage%2Fframework%2Fsessions&edit=1&file=V0zR2fIB1VD2gUjAAM7W0dj6Kly1RK2jO3Qwb92Z" "Mozilla/5.0 AppleWebKit/537.36 (KHTML, like Gecko; compatible; GPTBot/1.4; +https://openai.com/gptbot)" mail.doxabusinesshub.com 10.43.68.43
74.7.242.8 - - [10/Jul/2026:06:18:08 -0600] "GET /forgot-password/pt?dir=%2Fhome1%2Fkdybvgmy%2Fpublic_html%2Fstorage%2Fframework%2Fsessions&edit=1&file=H8DQYwsCBOjtEKTMfg6XjCjNd5PCeT7gblnUOFkr HTTP/2.0" 200 1489079 "https://mail.doxabusinesshub.com/forgot-password/pt?dir=%2Fhome1%2Fkdybvgmy%2Fpublic_html%2Fstorage%2Fframework%2Fsessions&edit=1&file=V0zR2fIB1VD2gUjAAM7W0dj6Kly1RK2jO3Qwb92Z" "Mozilla/5.0 AppleWebKit/537.36 (KHTML, like Gecko; compatible; GPTBot/1.4; +https://openai.com/gptbot)" mail.doxabusinesshub.com 10.43.68.43
74.7.242.8 - - [10/Jul/2026:06:18:09 -0600] "GET /forgot-password/he?dir=%2Fhome1%2Fkdybvgmy%2Fpublic_html%2Fstorage%2Fframework%2Fsessions&edit=1&file=6JhrxQvPqsIQKOYvfoElKDIp3DLor8NtpabpfwQ1 HTTP/1.1" 200 1489263 "https://mail.doxabusinesshub.com/forgot-password/he?dir=%2Fhome1%2Fkdybvgmy%2Fpublic_html%2Fstorage%2Fframework%2Fsessions&edit=1&file=SP2SSeJyw4AQfQWjyRjwjLOESqwQBVHMFi6wwAPt" "Mozilla/5.0 AppleWebKit/537.36 (KHTML, like Gecko; compatible; GPTBot/1.4; +https://openai.com/gptbot)" mail.doxabusinesshub.com 10.43.68.43
74.7.242.8 - - [10/Jul/2026:06:18:09 -0600] "GET /forgot-password/he?dir=%2Fhome1%2Fkdybvgmy%2Fpublic_html%2Fstorage%2Fframework%2Fsessions&edit=1&file=6JhrxQvPqsIQKOYvfoElKDIp3DLor8NtpabpfwQ1 HTTP/2.0" 200 1489263 "https://mail.doxabusinesshub.com/forgot-password/he?dir=%2Fhome1%2Fkdybvgmy%2Fpublic_html%2Fstorage%2Fframework%2Fsessions&edit=1&file=SP2SSeJyw4AQfQWjyRjwjLOESqwQBVHMFi6wwAPt" "Mozilla/5.0 AppleWebKit/537.36 (KHTML, like Gecko; compatible; GPTBot/1.4; +https://openai.com/gptbot)" mail.doxabusinesshub.com 10.43.68.43
74.7.242.8 - - [10/Jul/2026:06:18:10 -0600] "GET /forgot-password/pl?dir=%2Fhome1%2Fkdybvgmy%2Fpublic_html%2Fstorage%2Fframework%2Fsessions&edit=1&file=ssOHifrvtABhKHwZH9C76lDcJrgFVfXYjY3DXanI HTTP/1.1" 200 1489198 "https://mail.doxabusinesshub.com/forgot-password/pl?dir=%2Fhome1%2Fkdybvgmy%2Fpublic_html%2Fstorage%2Fframework%2Fsessions&edit=1&file=xTqLn0SsKOeCxhCLGVwSyyF9U1wsoZSqAs3WZFaj" "Mozilla/5.0 AppleWebKit/537.36 (KHTML, like Gecko; compatible; GPTBot/1.4; +https://openai.com/gptbot)" mail.doxabusinesshub.com 10.43.68.43
74.7.242.8 - - [10/Jul/2026:06:18:10 -0600] "GET /forgot-password/pl?dir=%2Fhome1%2Fkdybvgmy%2Fpublic_html%2Fstorage%2Fframework%2Fsessions&edit=1&file=ssOHifrvtABhKHwZH9C76lDcJrgFVfXYjY3DXanI HTTP/2.0" 200 1489198 "https://mail.doxabusinesshub.com/forgot-password/pl?dir=%2Fhome1%2Fkdybvgmy%2Fpublic_html%2Fstorage%2Fframework%2Fsessions&edit=1&file=xTqLn0SsKOeCxhCLGVwSyyF9U1wsoZSqAs3WZFaj" "Mozilla/5.0 AppleWebKit/537.36 (KHTML, like Gecko; compatible; GPTBot/1.4; +https://openai.com/gptbot)" mail.doxabusinesshub.com 10.43.68.43
74.7.227.5 - - [10/Jul/2026:06:18:11 -0600] "GET /storage/uploads/logo/favicon.png?timestamp=1783685031 HTTP/2.0" 200 21584 "https://mail.kdy.bvg.mybluehost.me" "Mozilla/5.0 AppleWebKit/537.36 (KHTML, like Gecko; compatible; GPTBot/1.4; +https://openai.com/gptbot)" doxabusinesshub.com 10.43.68.43
74.7.242.8 - - [10/Jul/2026:06:18:10 -0600] "GET /forgot-password/he?dir=%2Fhome1%2Fkdybvgmy%2Fpublic_html%2Fstorage%2Fframework%2Fsessions&edit=1&file=mlMQyRpxy1kQjjZPeHw8rO4LdRweOlMmY5XonnpF HTTP/1.1" 200 1489364 "https://mail.doxabusinesshub.com/forgot-password/he?dir=%2Fhome1%2Fkdybvgmy%2Fpublic_html%2Fstorage%2Fframework%2Fsessions&edit=1&file=xFznE2SN1nXUijAyZYPcNHEDnGgodlhJqtn2YX2g" "Mozilla/5.0 AppleWebKit/537.36 (KHTML, like Gecko; compatible; GPTBot/1.4; +https://openai.com/gptbot)" mail.doxabusinesshub.com 10.43.68.43
74.7.242.8 - - [10/Jul/2026:06:18:10 -0600] "GET /forgot-password/he?dir=%2Fhome1%2Fkdybvgmy%2Fpublic_html%2Fstorage%2Fframework%2Fsessions&edit=1&file=mlMQyRpxy1kQjjZPeHw8rO4LdRweOlMmY5XonnpF HTTP/2.0" 200 1489364 "https://mail.doxabusinesshub.com/forgot-password/he?dir=%2Fhome1%2Fkdybvgmy%2Fpublic_html%2Fstorage%2Fframework%2Fsessions&edit=1&file=xFznE2SN1nXUijAyZYPcNHEDnGgodlhJqtn2YX2g" "Mozilla/5.0 AppleWebKit/537.36 (KHTML, like Gecko; compatible; GPTBot/1.4; +https://openai.com/gptbot)" mail.doxabusinesshub.com 10.43.68.43
216.73.216.142 - - [10/Jul/2026:06:18:11 -0600] "GET /register/it?dir=%2Fhome1%2Fkdybvgmy%2Fpublic_html%2Fstorage%2Fframework%2Fsessions&edit=1&file=Bx2m4np8MpjfbkKxMtWki9U7STCvCiw4c8kBtBb2 HTTP/2.0" 200 1489558 "-" "Mozilla/5.0 AppleWebKit/537.36 (KHTML, like Gecko; compatible; ClaudeBot/1.0; +claudebot@anthropic.com)" doxabusinesshub.com 10.43.68.43
74.7.242.8 - - [10/Jul/2026:06:18:11 -0600] "GET /forgot-password/he?dir=%2Fhome1%2Fkdybvgmy%2Fpublic_html%2Fstorage%2Fframework%2Fsessions&edit=1&file=reprLbDvhVKSnsPh1Tb9hwmmVtdEtmQdZ7H7DhuR HTTP/1.1" 200 1489468 "https://mail.doxabusinesshub.com/forgot-password/he?dir=%2Fhome1%2Fkdybvgmy%2Fpublic_html%2Fstorage%2Fframework%2Fsessions&edit=1&file=SP2SSeJyw4AQfQWjyRjwjLOESqwQBVHMFi6wwAPt" "Mozilla/5.0 AppleWebKit/537.36 (KHTML, like Gecko; compatible; GPTBot/1.4; +https://openai.com/gptbot)" mail.doxabusinesshub.com 10.43.68.43
74.7.242.8 - - [10/Jul/2026:06:18:11 -0600] "GET /forgot-password/he?dir=%2Fhome1%2Fkdybvgmy%2Fpublic_html%2Fstorage%2Fframework%2Fsessions&edit=1&file=reprLbDvhVKSnsPh1Tb9hwmmVtdEtmQdZ7H7DhuR HTTP/2.0" 200 1489468 "https://mail.doxabusinesshub.com/forgot-password/he?dir=%2Fhome1%2Fkdybvgmy%2Fpublic_html%2Fstorage%2Fframework%2Fsessions&edit=1&file=SP2SSeJyw4AQfQWjyRjwjLOESqwQBVHMFi6wwAPt" "Mozilla/5.0 AppleWebKit/537.36 (KHTML, like Gecko; compatible; GPTBot/1.4; +https://openai.com/gptbot)" mail.doxabusinesshub.com 10.43.68.43
74.7.242.8 - - [10/Jul/2026:06:18:12 -0600] "GET /forgot-password/it?dir=%2Fhome1%2Fkdybvgmy%2Fpublic_html%2Fstorage%2Fframework%2Fsessions&edit=1&file=aolrvLean9iGqwNpblPuEaETgT77RuFFvnkLfLRw HTTP/1.1" 200 1489389 "https://mail.doxabusinesshub.com/forgot-password/it?dir=%2Fhome1%2Fkdybvgmy%2Fpublic_html%2Fstorage%2Fframework%2Fsessions&edit=1&file=KZrDcfOnBCrxmgokOKkFSTz1evyZNhMpFYqs1FBH" "Mozilla/5.0 AppleWebKit/537.36 (KHTML, like Gecko; compatible; GPTBot/1.4; +https://openai.com/gptbot)" mail.doxabusinesshub.com 10.43.68.43
74.7.242.8 - - [10/Jul/2026:06:18:12 -0600] "GET /forgot-password/it?dir=%2Fhome1%2Fkdybvgmy%2Fpublic_html%2Fstorage%2Fframework%2Fsessions&edit=1&file=aolrvLean9iGqwNpblPuEaETgT77RuFFvnkLfLRw HTTP/2.0" 200 1489389 "https://mail.doxabusinesshub.com/forgot-password/it?dir=%2Fhome1%2Fkdybvgmy%2Fpublic_html%2Fstorage%2Fframework%2Fsessions&edit=1&file=KZrDcfOnBCrxmgokOKkFSTz1evyZNhMpFYqs1FBH" "Mozilla/5.0 AppleWebKit/537.36 (KHTML, like Gecko; compatible; GPTBot/1.4; +https://openai.com/gptbot)" mail.doxabusinesshub.com 10.43.68.43
74.7.227.5 - - [10/Jul/2026:06:18:13 -0600] "GET /storage/uploads/landing_page_image/site_logo.png?timestamp=1783685031 HTTP/2.0" 200 2094 "https://mail.kdy.bvg.mybluehost.me" "Mozilla/5.0 AppleWebKit/537.36 (KHTML, like Gecko; compatible; GPTBot/1.4; +https://openai.com/gptbot)" doxabusinesshub.com 10.43.68.43
74.7.227.151 - - [10/Jul/2026:06:18:13 -0600] "GET /?dir=%2Fopt%2Fcpanel%2Fea-wappspector%2Fvendor%2Fsquizlabs%2Fphp_codesniffer%2Fsrc HTTP/1.1" 200 17150 "https://mail.kdy.bvg.mybluehost.me/?dir=%2Fopt%2Fcpanel%2Fea-wappspector%2Fvendor%2Fsquizlabs%2Fphp_codesniffer" "Mozilla/5.0 AppleWebKit/537.36 (KHTML, like Gecko; compatible; GPTBot/1.4; +https://openai.com/gptbot)" mail.kdy.bvg.mybluehost.me 10.43.68.43
74.7.227.151 - - [10/Jul/2026:06:18:13 -0600] "GET /?dir=%2Fopt%2Fcpanel%2Fea-wappspector%2Fvendor%2Fsquizlabs%2Fphp_codesniffer%2Fsrc HTTP/2.0" 200 17150 "https://mail.kdy.bvg.mybluehost.me/?dir=%2Fopt%2Fcpanel%2Fea-wappspector%2Fvendor%2Fsquizlabs%2Fphp_codesniffer" "Mozilla/5.0 AppleWebKit/537.36 (KHTML, like Gecko; compatible; GPTBot/1.4; +https://openai.com/gptbot)" mail.kdy.bvg.mybluehost.me 10.43.68.43
74.7.242.8 - - [10/Jul/2026:06:18:13 -0600] "GET /forgot-password/he?dir=%2Fhome1%2Fkdybvgmy%2Fpublic_html%2Fstorage%2Fframework%2Fsessions&edit=1&file=At2Xj0zUGUnLJis4PEEXCpJMiMmle5GDxyYmCYqi HTTP/1.1" 200 1489578 "https://mail.doxabusinesshub.com/forgot-password/he?dir=%2Fhome1%2Fkdybvgmy%2Fpublic_html%2Fstorage%2Fframework%2Fsessions&edit=1&file=CFD9FczV1g7UNdXgz1t9C6WUTvQ5J4v6Jry72NdN" "Mozilla/5.0 AppleWebKit/537.36 (KHTML, like Gecko; compatible; GPTBot/1.4; +https://openai.com/gptbot)" mail.doxabusinesshub.com 10.43.68.43
74.7.242.8 - - [10/Jul/2026:06:18:13 -0600] "GET /forgot-password/he?dir=%2Fhome1%2Fkdybvgmy%2Fpublic_html%2Fstorage%2Fframework%2Fsessions&edit=1&file=At2Xj0zUGUnLJis4PEEXCpJMiMmle5GDxyYmCYqi HTTP/2.0" 200 1489578 "https://mail.doxabusinesshub.com/forgot-password/he?dir=%2Fhome1%2Fkdybvgmy%2Fpublic_html%2Fstorage%2Fframework%2Fsessions&edit=1&file=CFD9FczV1g7UNdXgz1t9C6WUTvQ5J4v6Jry72NdN" "Mozilla/5.0 AppleWebKit/537.36 (KHTML, like Gecko; compatible; GPTBot/1.4; +https://openai.com/gptbot)" mail.doxabusinesshub.com 10.43.68.43
74.7.242.8 - - [10/Jul/2026:06:18:13 -0600] "GET /forgot-password/it?dir=%2Fhome1%2Fkdybvgmy%2Fpublic_html%2Fstorage%2Fframework%2Fsessions&edit=1&file=9qr0dnnDhNnMSnPdsTdLOhMpkKJgbG21ghOASlgg HTTP/1.1" 200 1489527 "https://mail.doxabusinesshub.com/forgot-password/it?dir=%2Fhome1%2Fkdybvgmy%2Fpublic_html%2Fstorage%2Fframework%2Fsessions&edit=1&file=Oz4nBcUT83LTnmDU7Zg6fi3iWSODiU1Y6q9s4WY7" "Mozilla/5.0 AppleWebKit/537.36 (KHTML, like Gecko; compatible; GPTBot/1.4; +https://openai.com/gptbot)" mail.doxabusinesshub.com 10.43.68.43
74.7.242.8 - - [10/Jul/2026:06:18:13 -0600] "GET /forgot-password/it?dir=%2Fhome1%2Fkdybvgmy%2Fpublic_html%2Fstorage%2Fframework%2Fsessions&edit=1&file=9qr0dnnDhNnMSnPdsTdLOhMpkKJgbG21ghOASlgg HTTP/2.0" 200 1489527 "https://mail.doxabusinesshub.com/forgot-password/it?dir=%2Fhome1%2Fkdybvgmy%2Fpublic_html%2Fstorage%2Fframework%2Fsessions&edit=1&file=Oz4nBcUT83LTnmDU7Zg6fi3iWSODiU1Y6q9s4WY7" "Mozilla/5.0 AppleWebKit/537.36 (KHTML, like Gecko; compatible; GPTBot/1.4; +https://openai.com/gptbot)" mail.doxabusinesshub.com 10.43.68.43
74.7.242.8 - - [10/Jul/2026:06:18:14 -0600] "GET /forgot-password/pl?dir=%2Fhome1%2Fkdybvgmy%2Fpublic_html%2Fstorage%2Fframework%2Fsessions&edit=1&file=QbnurYwLlZqFaSEIrVnAetZ504UaQ3rsYOqedkuA HTTP/1.1" 200 1489605 "https://mail.doxabusinesshub.com/forgot-password/pl?dir=%2Fhome1%2Fkdybvgmy%2Fpublic_html%2Fstorage%2Fframework%2Fsessions&edit=1&file=nyWkE4uKKQSmrW1zbZhDsbNEapEvUAXfP29iKjyQ" "Mozilla/5.0 AppleWebKit/537.36 (KHTML, like Gecko; compatible; GPTBot/1.4; +https://openai.com/gptbot)" mail.doxabusinesshub.com 10.43.68.43
