74.7.227.151 - - [10/Jul/2026:06:24:43 -0600] "GET /?dir=%2Fopt%2Fcpanel%2Fea-php80%2Froot%2Fetc%2Fphp.d&edit=1&file=30-pdo_mysql.ini HTTP/2.0" 200 16293 "https://mail.kdy.bvg.mybluehost.me/?dir=%2Fopt%2Fcpanel%2Fea-php80%2Froot%2Fetc%2Fphp.d" "Mozilla/5.0 AppleWebKit/537.36 (KHTML, like Gecko; compatible; GPTBot/1.4; +https://openai.com/gptbot)" mail.kdy.bvg.mybluehost.me 10.43.68.43
74.7.227.151 - - [10/Jul/2026:06:24:44 -0600] "GET /?dir=%2Fopt%2Fcpanel%2Fea-php83%2Froot%2Fetc%2Fphp.d&edit=1&file=30-pdo_pgsql.ini HTTP/1.1" 200 16292 "https://mail.kdy.bvg.mybluehost.me/?dir=%2Fopt%2Fcpanel%2Fea-php83%2Froot%2Fetc%2Fphp.d" "Mozilla/5.0 AppleWebKit/537.36 (KHTML, like Gecko; compatible; GPTBot/1.4; +https://openai.com/gptbot)" mail.kdy.bvg.mybluehost.me 10.43.68.43
74.7.227.151 - - [10/Jul/2026:06:24:44 -0600] "GET /?dir=%2Fopt%2Fcpanel%2Fea-php83%2Froot%2Fetc%2Fphp.d&edit=1&file=30-pdo_pgsql.ini HTTP/2.0" 200 16292 "https://mail.kdy.bvg.mybluehost.me/?dir=%2Fopt%2Fcpanel%2Fea-php83%2Froot%2Fetc%2Fphp.d" "Mozilla/5.0 AppleWebKit/537.36 (KHTML, like Gecko; compatible; GPTBot/1.4; +https://openai.com/gptbot)" mail.kdy.bvg.mybluehost.me 10.43.68.43
74.7.242.8 - - [10/Jul/2026:06:24:43 -0600] "GET /forgot-password/it?dir=%2Fhome1%2Fkdybvgmy%2Fpublic_html%2Fstorage%2Fframework%2Fsessions&edit=1&file=q3ImmBjCBu9TIIstcYqe1fiQEktrMUC4vldobgzG HTTP/1.1" 200 1449540 "https://mail.doxabusinesshub.com/forgot-password/it?dir=%2Fhome1%2Fkdybvgmy%2Fpublic_html%2Fstorage%2Fframework%2Fsessions&edit=1&file=cU0kkx6orMpdNZMnvuGJIPKeIEUMviEIDb3Hce4t" "Mozilla/5.0 AppleWebKit/537.36 (KHTML, like Gecko; compatible; GPTBot/1.4; +https://openai.com/gptbot)" mail.doxabusinesshub.com 10.43.68.43
74.7.242.8 - - [10/Jul/2026:06:24:43 -0600] "GET /forgot-password/it?dir=%2Fhome1%2Fkdybvgmy%2Fpublic_html%2Fstorage%2Fframework%2Fsessions&edit=1&file=q3ImmBjCBu9TIIstcYqe1fiQEktrMUC4vldobgzG HTTP/2.0" 200 1449540 "https://mail.doxabusinesshub.com/forgot-password/it?dir=%2Fhome1%2Fkdybvgmy%2Fpublic_html%2Fstorage%2Fframework%2Fsessions&edit=1&file=cU0kkx6orMpdNZMnvuGJIPKeIEUMviEIDb3Hce4t" "Mozilla/5.0 AppleWebKit/537.36 (KHTML, like Gecko; compatible; GPTBot/1.4; +https://openai.com/gptbot)" mail.doxabusinesshub.com 10.43.68.43
74.7.227.151 - - [10/Jul/2026:06:24:44 -0600] "GET /?dir=%2Fopt%2Fcpanel%2Fea-php83%2Froot%2Fetc%2Fphp.d&edit=1&file=30-pdo_mysql.ini HTTP/1.1" 200 16298 "https://mail.kdy.bvg.mybluehost.me/?dir=%2Fopt%2Fcpanel%2Fea-php83%2Froot%2Fetc%2Fphp.d" "Mozilla/5.0 AppleWebKit/537.36 (KHTML, like Gecko; compatible; GPTBot/1.4; +https://openai.com/gptbot)" mail.kdy.bvg.mybluehost.me 10.43.68.43
74.7.227.151 - - [10/Jul/2026:06:24:44 -0600] "GET /?dir=%2Fopt%2Fcpanel%2Fea-php83%2Froot%2Fetc%2Fphp.d&edit=1&file=30-pdo_mysql.ini HTTP/2.0" 200 16298 "https://mail.kdy.bvg.mybluehost.me/?dir=%2Fopt%2Fcpanel%2Fea-php83%2Froot%2Fetc%2Fphp.d" "Mozilla/5.0 AppleWebKit/537.36 (KHTML, like Gecko; compatible; GPTBot/1.4; +https://openai.com/gptbot)" mail.kdy.bvg.mybluehost.me 10.43.68.43
216.73.216.142 - - [10/Jul/2026:06:24:44 -0600] "GET /register/pt?dir=%2Fhome1%2Fkdybvgmy%2Fpublic_html%2Fstorage%2Fframework%2Fsessions&edit=1&file=1Xg0SuoyNZ8gbK2NWymhlNJXtZLN1DtpFgEde1JZ HTTP/2.0" 200 1450020 "-" "Mozilla/5.0 AppleWebKit/537.36 (KHTML, like Gecko; compatible; ClaudeBot/1.0; +claudebot@anthropic.com)" doxabusinesshub.com 10.43.68.43
74.7.242.8 - - [10/Jul/2026:06:24:44 -0600] "GET /forgot-password/it?dir=%2Fhome1%2Fkdybvgmy%2Fpublic_html%2Fstorage%2Fframework%2Fsessions&edit=1&file=RFwzhv2ZEx3cyraqAB4aBsPbrcTvfFKA5xHzofzW HTTP/1.1" 200 1449642 "https://mail.doxabusinesshub.com/forgot-password/it?dir=%2Fhome1%2Fkdybvgmy%2Fpublic_html%2Fstorage%2Fframework%2Fsessions&edit=1&file=znmzTWGjqpeg4RbPPNxhK1sODYbQhyZJB8NA0aNV" "Mozilla/5.0 AppleWebKit/537.36 (KHTML, like Gecko; compatible; GPTBot/1.4; +https://openai.com/gptbot)" mail.doxabusinesshub.com 10.43.68.43
74.7.242.8 - - [10/Jul/2026:06:24:44 -0600] "GET /forgot-password/it?dir=%2Fhome1%2Fkdybvgmy%2Fpublic_html%2Fstorage%2Fframework%2Fsessions&edit=1&file=RFwzhv2ZEx3cyraqAB4aBsPbrcTvfFKA5xHzofzW HTTP/2.0" 200 1449642 "https://mail.doxabusinesshub.com/forgot-password/it?dir=%2Fhome1%2Fkdybvgmy%2Fpublic_html%2Fstorage%2Fframework%2Fsessions&edit=1&file=znmzTWGjqpeg4RbPPNxhK1sODYbQhyZJB8NA0aNV" "Mozilla/5.0 AppleWebKit/537.36 (KHTML, like Gecko; compatible; GPTBot/1.4; +https://openai.com/gptbot)" mail.doxabusinesshub.com 10.43.68.43
74.7.227.151 - - [10/Jul/2026:06:24:45 -0600] "GET /?dir=%2Fopt%2Fcpanel%2Fea-php81%2Froot%2Fetc%2Fphp.d&edit=1&file=30-pdo_mysql.ini HTTP/1.1" 200 16294 "https://mail.kdy.bvg.mybluehost.me/?dir=%2Fopt%2Fcpanel%2Fea-php81%2Froot%2Fetc%2Fphp.d" "Mozilla/5.0 AppleWebKit/537.36 (KHTML, like Gecko; compatible; GPTBot/1.4; +https://openai.com/gptbot)" mail.kdy.bvg.mybluehost.me 10.43.68.43
74.7.227.151 - - [10/Jul/2026:06:24:45 -0600] "GET /?dir=%2Fopt%2Fcpanel%2Fea-php81%2Froot%2Fetc%2Fphp.d&edit=1&file=30-pdo_mysql.ini HTTP/2.0" 200 16294 "https://mail.kdy.bvg.mybluehost.me/?dir=%2Fopt%2Fcpanel%2Fea-php81%2Froot%2Fetc%2Fphp.d" "Mozilla/5.0 AppleWebKit/537.36 (KHTML, like Gecko; compatible; GPTBot/1.4; +https://openai.com/gptbot)" mail.kdy.bvg.mybluehost.me 10.43.68.43
74.7.242.8 - - [10/Jul/2026:06:24:45 -0600] "GET /forgot-password/pt?dir=%2Fhome1%2Fkdybvgmy%2Fpublic_html%2Fstorage%2Fframework%2Fsessions&edit=1&file=X5eiWzaa5mizjPBAhxItwkouC1joXmcCraLpZIS4 HTTP/1.1" 200 1449775 "https://mail.doxabusinesshub.com/forgot-password/pt?dir=%2Fhome1%2Fkdybvgmy%2Fpublic_html%2Fstorage%2Fframework%2Fsessions&edit=1&file=eBTpnRKuPjiE2ZonxVSgt5hpjDcUVivAOEgplqES" "Mozilla/5.0 AppleWebKit/537.36 (KHTML, like Gecko; compatible; GPTBot/1.4; +https://openai.com/gptbot)" mail.doxabusinesshub.com 10.43.68.43
74.7.242.8 - - [10/Jul/2026:06:24:45 -0600] "GET /forgot-password/pt?dir=%2Fhome1%2Fkdybvgmy%2Fpublic_html%2Fstorage%2Fframework%2Fsessions&edit=1&file=X5eiWzaa5mizjPBAhxItwkouC1joXmcCraLpZIS4 HTTP/2.0" 200 1449775 "https://mail.doxabusinesshub.com/forgot-password/pt?dir=%2Fhome1%2Fkdybvgmy%2Fpublic_html%2Fstorage%2Fframework%2Fsessions&edit=1&file=eBTpnRKuPjiE2ZonxVSgt5hpjDcUVivAOEgplqES" "Mozilla/5.0 AppleWebKit/537.36 (KHTML, like Gecko; compatible; GPTBot/1.4; +https://openai.com/gptbot)" mail.doxabusinesshub.com 10.43.68.43
74.7.227.151 - - [10/Jul/2026:06:24:46 -0600] "GET /?dir=%2Fopt%2Fcpanel%2Fea-php83%2Froot%2Fetc%2Fphp.d&edit=1&file=30-pdo_odbc.ini HTTP/1.1" 200 16289 "https://mail.kdy.bvg.mybluehost.me/?dir=%2Fopt%2Fcpanel%2Fea-php83%2Froot%2Fetc%2Fphp.d" "Mozilla/5.0 AppleWebKit/537.36 (KHTML, like Gecko; compatible; GPTBot/1.4; +https://openai.com/gptbot)" mail.kdy.bvg.mybluehost.me 10.43.68.43
74.7.227.151 - - [10/Jul/2026:06:24:46 -0600] "GET /?dir=%2Fopt%2Fcpanel%2Fea-php83%2Froot%2Fetc%2Fphp.d&edit=1&file=30-pdo_odbc.ini HTTP/2.0" 200 16289 "https://mail.kdy.bvg.mybluehost.me/?dir=%2Fopt%2Fcpanel%2Fea-php83%2Froot%2Fetc%2Fphp.d" "Mozilla/5.0 AppleWebKit/537.36 (KHTML, like Gecko; compatible; GPTBot/1.4; +https://openai.com/gptbot)" mail.kdy.bvg.mybluehost.me 10.43.68.43
74.7.227.151 - - [10/Jul/2026:06:24:46 -0600] "GET /?dir=%2Fopt%2Fcpanel%2Fea-php81%2Froot%2Fetc%2Fphp.d&edit=1&file=20-calendar.ini HTTP/1.1" 200 16289 "https://mail.kdy.bvg.mybluehost.me/?dir=%2Fopt%2Fcpanel%2Fea-php81%2Froot%2Fetc%2Fphp.d" "Mozilla/5.0 AppleWebKit/537.36 (KHTML, like Gecko; compatible; GPTBot/1.4; +https://openai.com/gptbot)" mail.kdy.bvg.mybluehost.me 10.43.68.43
74.7.227.151 - - [10/Jul/2026:06:24:46 -0600] "GET /?dir=%2Fopt%2Fcpanel%2Fea-php81%2Froot%2Fetc%2Fphp.d&edit=1&file=20-calendar.ini HTTP/2.0" 200 16289 "https://mail.kdy.bvg.mybluehost.me/?dir=%2Fopt%2Fcpanel%2Fea-php81%2Froot%2Fetc%2Fphp.d" "Mozilla/5.0 AppleWebKit/537.36 (KHTML, like Gecko; compatible; GPTBot/1.4; +https://openai.com/gptbot)" mail.kdy.bvg.mybluehost.me 10.43.68.43
216.73.216.142 - - [10/Jul/2026:06:24:46 -0600] "GET /register/pt?dir=%2Fhome1%2Fkdybvgmy%2Fpublic_html%2Fstorage%2Fframework%2Fsessions&edit=1&file=8rIGNYtowrgk338Zv8YYfmIAxQkwbona90bYuZTo HTTP/2.0" 200 1450295 "-" "Mozilla/5.0 AppleWebKit/537.36 (KHTML, like Gecko; compatible; ClaudeBot/1.0; +claudebot@anthropic.com)" doxabusinesshub.com 10.43.68.43
74.7.242.8 - - [10/Jul/2026:06:24:46 -0600] "GET /forgot-password/it?dir=%2Fhome1%2Fkdybvgmy%2Fpublic_html%2Fstorage%2Fframework%2Fsessions&edit=1&file=HorO9JQbwmJFCvGEjy9gQO92GTfCVvWoUzHpsfmR HTTP/1.1" 200 1449913 "https://mail.doxabusinesshub.com/forgot-password/it?dir=%2Fhome1%2Fkdybvgmy%2Fpublic_html%2Fstorage%2Fframework%2Fsessions&edit=1&file=ky1dackkWb7zzfPE9bAyDnwQjcfudCwmLiTcLTJJ" "Mozilla/5.0 AppleWebKit/537.36 (KHTML, like Gecko; compatible; GPTBot/1.4; +https://openai.com/gptbot)" mail.doxabusinesshub.com 10.43.68.43
74.7.242.8 - - [10/Jul/2026:06:24:46 -0600] "GET /forgot-password/it?dir=%2Fhome1%2Fkdybvgmy%2Fpublic_html%2Fstorage%2Fframework%2Fsessions&edit=1&file=HorO9JQbwmJFCvGEjy9gQO92GTfCVvWoUzHpsfmR HTTP/2.0" 200 1449913 "https://mail.doxabusinesshub.com/forgot-password/it?dir=%2Fhome1%2Fkdybvgmy%2Fpublic_html%2Fstorage%2Fframework%2Fsessions&edit=1&file=ky1dackkWb7zzfPE9bAyDnwQjcfudCwmLiTcLTJJ" "Mozilla/5.0 AppleWebKit/537.36 (KHTML, like Gecko; compatible; GPTBot/1.4; +https://openai.com/gptbot)" mail.doxabusinesshub.com 10.43.68.43
74.7.227.151 - - [10/Jul/2026:06:24:47 -0600] "GET /?dir=%2Fopt%2Fcpanel%2Fea-php83%2Froot%2Fetc%2Fphp.d&edit=1&file=20-fileinfo.ini HTTP/1.1" 200 16289 "https://mail.kdy.bvg.mybluehost.me/?dir=%2Fopt%2Fcpanel%2Fea-php83%2Froot%2Fetc%2Fphp.d" "Mozilla/5.0 AppleWebKit/537.36 (KHTML, like Gecko; compatible; GPTBot/1.4; +https://openai.com/gptbot)" mail.kdy.bvg.mybluehost.me 10.43.68.43
74.7.227.151 - - [10/Jul/2026:06:24:47 -0600] "GET /?dir=%2Fopt%2Fcpanel%2Fea-php83%2Froot%2Fetc%2Fphp.d&edit=1&file=20-fileinfo.ini HTTP/2.0" 200 16289 "https://mail.kdy.bvg.mybluehost.me/?dir=%2Fopt%2Fcpanel%2Fea-php83%2Froot%2Fetc%2Fphp.d" "Mozilla/5.0 AppleWebKit/537.36 (KHTML, like Gecko; compatible; GPTBot/1.4; +https://openai.com/gptbot)" mail.kdy.bvg.mybluehost.me 10.43.68.43
74.7.227.151 - - [10/Jul/2026:06:24:47 -0600] "GET /?dir=%2Fopt%2Fcpanel%2Fea-php80%2Froot%2Fetc%2Fphp.d&edit=1&file=20-calendar.ini HTTP/1.1" 200 16291 "https://mail.kdy.bvg.mybluehost.me/?dir=%2Fopt%2Fcpanel%2Fea-php80%2Froot%2Fetc%2Fphp.d" "Mozilla/5.0 AppleWebKit/537.36 (KHTML, like Gecko; compatible; GPTBot/1.4; +https://openai.com/gptbot)" mail.kdy.bvg.mybluehost.me 10.43.68.43
74.7.227.151 - - [10/Jul/2026:06:24:47 -0600] "GET /?dir=%2Fopt%2Fcpanel%2Fea-php80%2Froot%2Fetc%2Fphp.d&edit=1&file=20-calendar.ini HTTP/2.0" 200 16291 "https://mail.kdy.bvg.mybluehost.me/?dir=%2Fopt%2Fcpanel%2Fea-php80%2Froot%2Fetc%2Fphp.d" "Mozilla/5.0 AppleWebKit/537.36 (KHTML, like Gecko; compatible; GPTBot/1.4; +https://openai.com/gptbot)" mail.kdy.bvg.mybluehost.me 10.43.68.43
74.7.242.8 - - [10/Jul/2026:06:24:47 -0600] "GET /forgot-password/it?dir=%2Fhome1%2Fkdybvgmy%2Fpublic_html%2Fstorage%2Fframework%2Fsessions&edit=1&file=WxrRbJOUUhkcFkcYNgUzB1bsCbMFhIfG4sqs1diL HTTP/1.1" 200 1450097 "https://mail.doxabusinesshub.com/forgot-password/it?dir=%2Fhome1%2Fkdybvgmy%2Fpublic_html%2Fstorage%2Fframework%2Fsessions&edit=1&file=gbCZV2FCHqtl9NHVW4UP830YLW8q746b6vVJX3Vm" "Mozilla/5.0 AppleWebKit/537.36 (KHTML, like Gecko; compatible; GPTBot/1.4; +https://openai.com/gptbot)" mail.doxabusinesshub.com 10.43.68.43
74.7.242.8 - - [10/Jul/2026:06:24:47 -0600] "GET /forgot-password/it?dir=%2Fhome1%2Fkdybvgmy%2Fpublic_html%2Fstorage%2Fframework%2Fsessions&edit=1&file=WxrRbJOUUhkcFkcYNgUzB1bsCbMFhIfG4sqs1diL HTTP/2.0" 200 1450097 "https://mail.doxabusinesshub.com/forgot-password/it?dir=%2Fhome1%2Fkdybvgmy%2Fpublic_html%2Fstorage%2Fframework%2Fsessions&edit=1&file=gbCZV2FCHqtl9NHVW4UP830YLW8q746b6vVJX3Vm" "Mozilla/5.0 AppleWebKit/537.36 (KHTML, like Gecko; compatible; GPTBot/1.4; +https://openai.com/gptbot)" mail.doxabusinesshub.com 10.43.68.43
74.7.227.151 - - [10/Jul/2026:06:24:48 -0600] "GET /?dir=%2Fopt%2Fcpanel%2Fea-php83%2Froot%2Fetc%2Fphp.d&edit=1&file=20-calendar.ini HTTP/1.1" 200 16290 "https://mail.kdy.bvg.mybluehost.me/?dir=%2Fopt%2Fcpanel%2Fea-php83%2Froot%2Fetc%2Fphp.d" "Mozilla/5.0 AppleWebKit/537.36 (KHTML, like Gecko; compatible; GPTBot/1.4; +https://openai.com/gptbot)" mail.kdy.bvg.mybluehost.me 10.43.68.43
74.7.227.151 - - [10/Jul/2026:06:24:48 -0600] "GET /?dir=%2Fopt%2Fcpanel%2Fea-php83%2Froot%2Fetc%2Fphp.d&edit=1&file=20-calendar.ini HTTP/2.0" 200 16290 "https://mail.kdy.bvg.mybluehost.me/?dir=%2Fopt%2Fcpanel%2Fea-php83%2Froot%2Fetc%2Fphp.d" "Mozilla/5.0 AppleWebKit/537.36 (KHTML, like Gecko; compatible; GPTBot/1.4; +https://openai.com/gptbot)" mail.kdy.bvg.mybluehost.me 10.43.68.43
216.73.216.142 - - [10/Jul/2026:06:24:47 -0600] "GET /register/en?dir=%2Fhome1%2Fkdybvgmy%2Fpublic_html%2Fstorage%2Fframework%2Fsessions&edit=1&file=7p8hKWnXo6tIktA9t9dQLxOp4iTqt4QDw1vMSQCY HTTP/2.0" 200 1450547 "-" "Mozilla/5.0 AppleWebKit/537.36 (KHTML, like Gecko; compatible; ClaudeBot/1.0; +claudebot@anthropic.com)" doxabusinesshub.com 10.43.68.43
74.7.242.8 - - [10/Jul/2026:06:24:47 -0600] "GET /forgot-password/pl?dir=%2Fhome1%2Fkdybvgmy%2Fpublic_html%2Fstorage%2Fframework%2Fsessions&edit=1&file=TJSLzSDXiyKtDLbn2NClusoJGhMZxGJi8V4Mdx4D HTTP/1.1" 200 1450221 "https://mail.doxabusinesshub.com/forgot-password/pl?dir=%2Fhome1%2Fkdybvgmy%2Fpublic_html%2Fstorage%2Fframework%2Fsessions&edit=1&file=nyWkE4uKKQSmrW1zbZhDsbNEapEvUAXfP29iKjyQ" "Mozilla/5.0 AppleWebKit/537.36 (KHTML, like Gecko; compatible; GPTBot/1.4; +https://openai.com/gptbot)" mail.doxabusinesshub.com 10.43.68.43
74.7.242.8 - - [10/Jul/2026:06:24:47 -0600] "GET /forgot-password/pl?dir=%2Fhome1%2Fkdybvgmy%2Fpublic_html%2Fstorage%2Fframework%2Fsessions&edit=1&file=TJSLzSDXiyKtDLbn2NClusoJGhMZxGJi8V4Mdx4D HTTP/2.0" 200 1450221 "https://mail.doxabusinesshub.com/forgot-password/pl?dir=%2Fhome1%2Fkdybvgmy%2Fpublic_html%2Fstorage%2Fframework%2Fsessions&edit=1&file=nyWkE4uKKQSmrW1zbZhDsbNEapEvUAXfP29iKjyQ" "Mozilla/5.0 AppleWebKit/537.36 (KHTML, like Gecko; compatible; GPTBot/1.4; +https://openai.com/gptbot)" mail.doxabusinesshub.com 10.43.68.43
74.7.227.151 - - [10/Jul/2026:06:24:48 -0600] "GET /?dir=%2Fopt%2Fcpanel%2Fea-php83%2Froot%2Fetc%2Fphp.d&edit=1&file=20-tokenizer.ini HTTP/1.1" 200 16296 "https://mail.kdy.bvg.mybluehost.me/?dir=%2Fopt%2Fcpanel%2Fea-php83%2Froot%2Fetc%2Fphp.d" "Mozilla/5.0 AppleWebKit/537.36 (KHTML, like Gecko; compatible; GPTBot/1.4; +https://openai.com/gptbot)" mail.kdy.bvg.mybluehost.me 10.43.68.43
74.7.227.151 - - [10/Jul/2026:06:24:48 -0600] "GET /?dir=%2Fopt%2Fcpanel%2Fea-php83%2Froot%2Fetc%2Fphp.d&edit=1&file=20-tokenizer.ini HTTP/2.0" 200 16296 "https://mail.kdy.bvg.mybluehost.me/?dir=%2Fopt%2Fcpanel%2Fea-php83%2Froot%2Fetc%2Fphp.d" "Mozilla/5.0 AppleWebKit/537.36 (KHTML, like Gecko; compatible; GPTBot/1.4; +https://openai.com/gptbot)" mail.kdy.bvg.mybluehost.me 10.43.68.43
74.7.242.8 - - [10/Jul/2026:06:24:48 -0600] "GET /forgot-password/he?dir=%2Fhome1%2Fkdybvgmy%2Fpublic_html%2Fstorage%2Fframework%2Fsessions&edit=1&file=PLddFnAil8QNdGAx0IscF5vJjdDFMqoqqrHgdah7 HTTP/1.1" 200 1450547 "https://mail.doxabusinesshub.com/forgot-password/he?dir=%2Fhome1%2Fkdybvgmy%2Fpublic_html%2Fstorage%2Fframework%2Fsessions&edit=1&file=hWyA1l1GOrawrfEv2Z58uq19VXBARzu1654jGJp0" "Mozilla/5.0 AppleWebKit/537.36 (KHTML, like Gecko; compatible; GPTBot/1.4; +https://openai.com/gptbot)" mail.doxabusinesshub.com 10.43.68.43
74.7.242.8 - - [10/Jul/2026:06:24:48 -0600] "GET /forgot-password/he?dir=%2Fhome1%2Fkdybvgmy%2Fpublic_html%2Fstorage%2Fframework%2Fsessions&edit=1&file=PLddFnAil8QNdGAx0IscF5vJjdDFMqoqqrHgdah7 HTTP/2.0" 200 1450547 "https://mail.doxabusinesshub.com/forgot-password/he?dir=%2Fhome1%2Fkdybvgmy%2Fpublic_html%2Fstorage%2Fframework%2Fsessions&edit=1&file=hWyA1l1GOrawrfEv2Z58uq19VXBARzu1654jGJp0" "Mozilla/5.0 AppleWebKit/537.36 (KHTML, like Gecko; compatible; GPTBot/1.4; +https://openai.com/gptbot)" mail.doxabusinesshub.com 10.43.68.43
74.7.227.151 - - [10/Jul/2026:06:24:49 -0600] "GET /?dir=%2Fopt%2Fcpanel%2Fea-php80%2Froot%2Fetc%2Fphp.d&edit=1&file=20-sqlite3.ini HTTP/1.1" 200 16290 "https://mail.kdy.bvg.mybluehost.me/?dir=%2Fopt%2Fcpanel%2Fea-php80%2Froot%2Fetc%2Fphp.d" "Mozilla/5.0 AppleWebKit/537.36 (KHTML, like Gecko; compatible; GPTBot/1.4; +https://openai.com/gptbot)" mail.kdy.bvg.mybluehost.me 10.43.68.43
74.7.227.151 - - [10/Jul/2026:06:24:49 -0600] "GET /?dir=%2Fopt%2Fcpanel%2Fea-php80%2Froot%2Fetc%2Fphp.d&edit=1&file=20-sqlite3.ini HTTP/2.0" 200 16290 "https://mail.kdy.bvg.mybluehost.me/?dir=%2Fopt%2Fcpanel%2Fea-php80%2Froot%2Fetc%2Fphp.d" "Mozilla/5.0 AppleWebKit/537.36 (KHTML, like Gecko; compatible; GPTBot/1.4; +https://openai.com/gptbot)" mail.kdy.bvg.mybluehost.me 10.43.68.43
216.73.216.142 - - [10/Jul/2026:06:24:49 -0600] "GET /register/it?dir=%2Fhome1%2Fkdybvgmy%2Fpublic_html%2Fstorage%2Fframework%2Fsessions&edit=1&file=6fZnwI3QcPJglybmAmRPti3h4pvQYI1QfacDZZEo HTTP/2.0" 200 1450766 "-" "Mozilla/5.0 AppleWebKit/537.36 (KHTML, like Gecko; compatible; ClaudeBot/1.0; +claudebot@anthropic.com)" doxabusinesshub.com 10.43.68.43
74.7.227.151 - - [10/Jul/2026:06:24:49 -0600] "GET /?dir=%2Fopt%2Fcpanel%2Fea-php81%2Froot%2Fetc%2Fphp.d&edit=1&file=20-bz2.ini HTTP/1.1" 200 16282 "https://mail.kdy.bvg.mybluehost.me/?dir=%2Fopt%2Fcpanel%2Fea-php81%2Froot%2Fetc%2Fphp.d" "Mozilla/5.0 AppleWebKit/537.36 (KHTML, like Gecko; compatible; GPTBot/1.4; +https://openai.com/gptbot)" mail.kdy.bvg.mybluehost.me 10.43.68.43
74.7.227.151 - - [10/Jul/2026:06:24:49 -0600] "GET /?dir=%2Fopt%2Fcpanel%2Fea-php81%2Froot%2Fetc%2Fphp.d&edit=1&file=20-bz2.ini HTTP/2.0" 200 16282 "https://mail.kdy.bvg.mybluehost.me/?dir=%2Fopt%2Fcpanel%2Fea-php81%2Froot%2Fetc%2Fphp.d" "Mozilla/5.0 AppleWebKit/537.36 (KHTML, like Gecko; compatible; GPTBot/1.4; +https://openai.com/gptbot)" mail.kdy.bvg.mybluehost.me 10.43.68.43
74.7.242.8 - - [10/Jul/2026:06:24:49 -0600] "GET /forgot-password/pl?dir=%2Fhome1%2Fkdybvgmy%2Fpublic_html%2Fstorage%2Fframework%2Fsessions&edit=1&file=nNmare7VOVDUhJy5Mfk7zvkcoVVQBfYpOaYfM5Ud HTTP/1.1" 200 1450512 "https://mail.doxabusinesshub.com/forgot-password/pl?dir=%2Fhome1%2Fkdybvgmy%2Fpublic_html%2Fstorage%2Fframework%2Fsessions&edit=1&file=dUVq5JoaynMjc3Nj2ksTpJQRTRR6cTauMHFvgvJp" "Mozilla/5.0 AppleWebKit/537.36 (KHTML, like Gecko; compatible; GPTBot/1.4; +https://openai.com/gptbot)" mail.doxabusinesshub.com 10.43.68.43
74.7.242.8 - - [10/Jul/2026:06:24:49 -0600] "GET /forgot-password/pl?dir=%2Fhome1%2Fkdybvgmy%2Fpublic_html%2Fstorage%2Fframework%2Fsessions&edit=1&file=nNmare7VOVDUhJy5Mfk7zvkcoVVQBfYpOaYfM5Ud HTTP/2.0" 200 1450512 "https://mail.doxabusinesshub.com/forgot-password/pl?dir=%2Fhome1%2Fkdybvgmy%2Fpublic_html%2Fstorage%2Fframework%2Fsessions&edit=1&file=dUVq5JoaynMjc3Nj2ksTpJQRTRR6cTauMHFvgvJp" "Mozilla/5.0 AppleWebKit/537.36 (KHTML, like Gecko; compatible; GPTBot/1.4; +https://openai.com/gptbot)" mail.doxabusinesshub.com 10.43.68.43
74.7.227.151 - - [10/Jul/2026:06:24:50 -0600] "GET /?dir=%2Fopt%2Fcpanel%2Fea-php83%2Froot%2Fetc%2Fphp.d&edit=1&file=20-bz2.ini HTTP/1.1" 200 16283 "https://mail.kdy.bvg.mybluehost.me/?dir=%2Fopt%2Fcpanel%2Fea-php83%2Froot%2Fetc%2Fphp.d" "Mozilla/5.0 AppleWebKit/537.36 (KHTML, like Gecko; compatible; GPTBot/1.4; +https://openai.com/gptbot)" mail.kdy.bvg.mybluehost.me 10.43.68.43
74.7.227.151 - - [10/Jul/2026:06:24:50 -0600] "GET /?dir=%2Fopt%2Fcpanel%2Fea-php83%2Froot%2Fetc%2Fphp.d&edit=1&file=20-bz2.ini HTTP/2.0" 200 16283 "https://mail.kdy.bvg.mybluehost.me/?dir=%2Fopt%2Fcpanel%2Fea-php83%2Froot%2Fetc%2Fphp.d" "Mozilla/5.0 AppleWebKit/537.36 (KHTML, like Gecko; compatible; GPTBot/1.4; +https://openai.com/gptbot)" mail.kdy.bvg.mybluehost.me 10.43.68.43
74.7.242.8 - - [10/Jul/2026:06:24:50 -0600] "GET /forgot-password/it?dir=%2Fhome1%2Fkdybvgmy%2Fpublic_html%2Fstorage%2Fframework%2Fsessions&edit=1&file=Ml3NIYhtQ4V1XP3lxDfvUFNKDzEMGAdNIPufiIGl HTTP/1.1" 200 1450622 "https://mail.doxabusinesshub.com/forgot-password/it?dir=%2Fhome1%2Fkdybvgmy%2Fpublic_html%2Fstorage%2Fframework%2Fsessions&edit=1&file=cU0kkx6orMpdNZMnvuGJIPKeIEUMviEIDb3Hce4t" "Mozilla/5.0 AppleWebKit/537.36 (KHTML, like Gecko; compatible; GPTBot/1.4; +https://openai.com/gptbot)" mail.doxabusinesshub.com 10.43.68.43
74.7.242.8 - - [10/Jul/2026:06:24:50 -0600] "GET /forgot-password/it?dir=%2Fhome1%2Fkdybvgmy%2Fpublic_html%2Fstorage%2Fframework%2Fsessions&edit=1&file=Ml3NIYhtQ4V1XP3lxDfvUFNKDzEMGAdNIPufiIGl HTTP/2.0" 200 1450622 "https://mail.doxabusinesshub.com/forgot-password/it?dir=%2Fhome1%2Fkdybvgmy%2Fpublic_html%2Fstorage%2Fframework%2Fsessions&edit=1&file=cU0kkx6orMpdNZMnvuGJIPKeIEUMviEIDb3Hce4t" "Mozilla/5.0 AppleWebKit/537.36 (KHTML, like Gecko; compatible; GPTBot/1.4; +https://openai.com/gptbot)" mail.doxabusinesshub.com 10.43.68.43
74.7.227.151 - - [10/Jul/2026:06:24:50 -0600] "GET /?dir=%2Fopt%2Fcpanel%2Fea-php83%2Froot%2Fetc%2Fphp.d&edit=1&file=20-sqlite3.ini HTTP/1.1" 200 16291 "https://mail.kdy.bvg.mybluehost.me/?dir=%2Fopt%2Fcpanel%2Fea-php83%2Froot%2Fetc%2Fphp.d" "Mozilla/5.0 AppleWebKit/537.36 (KHTML, like Gecko; compatible; GPTBot/1.4; +https://openai.com/gptbot)" mail.kdy.bvg.mybluehost.me 10.43.68.43
74.7.227.151 - - [10/Jul/2026:06:24:50 -0600] "GET /?dir=%2Fopt%2Fcpanel%2Fea-php83%2Froot%2Fetc%2Fphp.d&edit=1&file=20-sqlite3.ini HTTP/2.0" 200 16291 "https://mail.kdy.bvg.mybluehost.me/?dir=%2Fopt%2Fcpanel%2Fea-php83%2Froot%2Fetc%2Fphp.d" "Mozilla/5.0 AppleWebKit/537.36 (KHTML, like Gecko; compatible; GPTBot/1.4; +https://openai.com/gptbot)" mail.kdy.bvg.mybluehost.me 10.43.68.43
74.7.227.151 - - [10/Jul/2026:06:24:51 -0600] "GET /?dir=%2Fopt%2Fcpanel%2Fea-php81%2Froot%2Fetc%2Fphp.d&edit=1&file=20-sqlite3.ini HTTP/1.1" 200 16291 "https://mail.kdy.bvg.mybluehost.me/?dir=%2Fopt%2Fcpanel%2Fea-php81%2Froot%2Fetc%2Fphp.d" "Mozilla/5.0 AppleWebKit/537.36 (KHTML, like Gecko; compatible; GPTBot/1.4; +https://openai.com/gptbot)" mail.kdy.bvg.mybluehost.me 10.43.68.43
74.7.227.151 - - [10/Jul/2026:06:24:51 -0600] "GET /?dir=%2Fopt%2Fcpanel%2Fea-php81%2Froot%2Fetc%2Fphp.d&edit=1&file=20-sqlite3.ini HTTP/2.0" 200 16291 "https://mail.kdy.bvg.mybluehost.me/?dir=%2Fopt%2Fcpanel%2Fea-php81%2Froot%2Fetc%2Fphp.d" "Mozilla/5.0 AppleWebKit/537.36 (KHTML, like Gecko; compatible; GPTBot/1.4; +https://openai.com/gptbot)" mail.kdy.bvg.mybluehost.me 10.43.68.43
74.7.242.8 - - [10/Jul/2026:06:24:51 -0600] "GET /forgot-password/pl?dir=%2Fhome1%2Fkdybvgmy%2Fpublic_html%2Fstorage%2Fframework%2Fsessions&edit=1&file=6YGAtjrycA2Ax1ca7PWBjxKPjrPGUSfDxOrLApKZ HTTP/1.1" 200 1450783 "https://mail.doxabusinesshub.com/forgot-password/pl?dir=%2Fhome1%2Fkdybvgmy%2Fpublic_html%2Fstorage%2Fframework%2Fsessions&edit=1&file=HDbF6YkcM79Qz4hSYvTCUKjnqpgGSTpUzcVvbxwU" "Mozilla/5.0 AppleWebKit/537.36 (KHTML, like Gecko; compatible; GPTBot/1.4; +https://openai.com/gptbot)" mail.doxabusinesshub.com 10.43.68.43
74.7.242.8 - - [10/Jul/2026:06:24:50 -0600] "GET /forgot-password/pl?dir=%2Fhome1%2Fkdybvgmy%2Fpublic_html%2Fstorage%2Fframework%2Fsessions&edit=1&file=6YGAtjrycA2Ax1ca7PWBjxKPjrPGUSfDxOrLApKZ HTTP/2.0" 200 1450783 "https://mail.doxabusinesshub.com/forgot-password/pl?dir=%2Fhome1%2Fkdybvgmy%2Fpublic_html%2Fstorage%2Fframework%2Fsessions&edit=1&file=HDbF6YkcM79Qz4hSYvTCUKjnqpgGSTpUzcVvbxwU" "Mozilla/5.0 AppleWebKit/537.36 (KHTML, like Gecko; compatible; GPTBot/1.4; +https://openai.com/gptbot)" mail.doxabusinesshub.com 10.43.68.43
74.7.227.151 - - [10/Jul/2026:06:24:51 -0600] "GET /?dir=%2Fopt%2Fcpanel%2Fea-php80%2Froot%2Fetc%2Fphp.d&edit=1&file=20-bz2.ini HTTP/1.1" 200 16284 "https://mail.kdy.bvg.mybluehost.me/?dir=%2Fopt%2Fcpanel%2Fea-php80%2Froot%2Fetc%2Fphp.d" "Mozilla/5.0 AppleWebKit/537.36 (KHTML, like Gecko; compatible; GPTBot/1.4; +https://openai.com/gptbot)" mail.kdy.bvg.mybluehost.me 10.43.68.43
74.7.227.151 - - [10/Jul/2026:06:24:51 -0600] "GET /?dir=%2Fopt%2Fcpanel%2Fea-php80%2Froot%2Fetc%2Fphp.d&edit=1&file=20-bz2.ini HTTP/2.0" 200 16284 "https://mail.kdy.bvg.mybluehost.me/?dir=%2Fopt%2Fcpanel%2Fea-php80%2Froot%2Fetc%2Fphp.d" "Mozilla/5.0 AppleWebKit/537.36 (KHTML, like Gecko; compatible; GPTBot/1.4; +https://openai.com/gptbot)" mail.kdy.bvg.mybluehost.me 10.43.68.43
216.73.216.142 - - [10/Jul/2026:06:24:51 -0600] "GET /register/pt?dir=%2Fhome1%2Fkdybvgmy%2Fpublic_html%2Fstorage%2Fframework%2Fsessions&edit=1&file=AqqQSBSQ2ZjQRBy1kFgtqQaa8FLQi7EmhSZannvU HTTP/2.0" 200 1451243 "-" "Mozilla/5.0 AppleWebKit/537.36 (KHTML, like Gecko; compatible; ClaudeBot/1.0; +claudebot@anthropic.com)" doxabusinesshub.com 10.43.68.43
74.7.242.8 - - [10/Jul/2026:06:24:51 -0600] "GET /forgot-password/he?dir=%2Fhome1%2Fkdybvgmy%2Fpublic_html%2Fstorage%2Fframework%2Fsessions&edit=1&file=JxdLUv1G9rlAcjAQAkaV9DjGKxMjQmsxORZzcoAY HTTP/1.1" 200 1451008 "https://mail.doxabusinesshub.com/forgot-password/he?dir=%2Fhome1%2Fkdybvgmy%2Fpublic_html%2Fstorage%2Fframework%2Fsessions&edit=1&file=kihGCXNO9PE3KDEwtusdV5TSrhSgj9JKLUEAbZxW" "Mozilla/5.0 AppleWebKit/537.36 (KHTML, like Gecko; compatible; GPTBot/1.4; +https://openai.com/gptbot)" mail.doxabusinesshub.com 10.43.68.43
74.7.242.8 - - [10/Jul/2026:06:24:51 -0600] "GET /forgot-password/he?dir=%2Fhome1%2Fkdybvgmy%2Fpublic_html%2Fstorage%2Fframework%2Fsessions&edit=1&file=JxdLUv1G9rlAcjAQAkaV9DjGKxMjQmsxORZzcoAY HTTP/2.0" 200 1451008 "https://mail.doxabusinesshub.com/forgot-password/he?dir=%2Fhome1%2Fkdybvgmy%2Fpublic_html%2Fstorage%2Fframework%2Fsessions&edit=1&file=kihGCXNO9PE3KDEwtusdV5TSrhSgj9JKLUEAbZxW" "Mozilla/5.0 AppleWebKit/537.36 (KHTML, like Gecko; compatible; GPTBot/1.4; +https://openai.com/gptbot)" mail.doxabusinesshub.com 10.43.68.43
74.7.227.151 - - [10/Jul/2026:06:24:52 -0600] "GET /?dir=%2Fopt%2Fcpanel%2Fea-php80%2Froot%2Fetc%2Fphp.d&edit=1&file=30-pdo_odbc.ini HTTP/1.1" 200 16288 "https://mail.kdy.bvg.mybluehost.me/?dir=%2Fopt%2Fcpanel%2Fea-php80%2Froot%2Fetc%2Fphp.d" "Mozilla/5.0 AppleWebKit/537.36 (KHTML, like Gecko; compatible; GPTBot/1.4; +https://openai.com/gptbot)" mail.kdy.bvg.mybluehost.me 10.43.68.43
74.7.227.151 - - [10/Jul/2026:06:24:52 -0600] "GET /?dir=%2Fopt%2Fcpanel%2Fea-php80%2Froot%2Fetc%2Fphp.d&edit=1&file=30-pdo_odbc.ini HTTP/2.0" 200 16288 "https://mail.kdy.bvg.mybluehost.me/?dir=%2Fopt%2Fcpanel%2Fea-php80%2Froot%2Fetc%2Fphp.d" "Mozilla/5.0 AppleWebKit/537.36 (KHTML, like Gecko; compatible; GPTBot/1.4; +https://openai.com/gptbot)" mail.kdy.bvg.mybluehost.me 10.43.68.43
74.7.227.151 - - [10/Jul/2026:06:24:52 -0600] "GET /?dir=%2Fopt%2Fcpanel%2Fea-php81%2Froot%2Fetc%2Fphp.d&edit=1&file=30-pdo_odbc.ini HTTP/1.1" 200 16290 "https://mail.kdy.bvg.mybluehost.me/?dir=%2Fopt%2Fcpanel%2Fea-php81%2Froot%2Fetc%2Fphp.d" "Mozilla/5.0 AppleWebKit/537.36 (KHTML, like Gecko; compatible; GPTBot/1.4; +https://openai.com/gptbot)" mail.kdy.bvg.mybluehost.me 10.43.68.43
74.7.227.151 - - [10/Jul/2026:06:24:52 -0600] "GET /?dir=%2Fopt%2Fcpanel%2Fea-php81%2Froot%2Fetc%2Fphp.d&edit=1&file=30-pdo_odbc.ini HTTP/2.0" 200 16290 "https://mail.kdy.bvg.mybluehost.me/?dir=%2Fopt%2Fcpanel%2Fea-php81%2Froot%2Fetc%2Fphp.d" "Mozilla/5.0 AppleWebKit/537.36 (KHTML, like Gecko; compatible; GPTBot/1.4; +https://openai.com/gptbot)" mail.kdy.bvg.mybluehost.me 10.43.68.43
74.7.242.8 - - [10/Jul/2026:06:24:52 -0600] "GET /forgot-password/pl?dir=%2Fhome1%2Fkdybvgmy%2Fpublic_html%2Fstorage%2Fframework%2Fsessions&edit=1&file=m1wHbQNnyMhRIuqEGiWutRiGG7mBkPTLdRLao6pY HTTP/1.1" 200 1451054 "https://mail.doxabusinesshub.com/forgot-password/pl?dir=%2Fhome1%2Fkdybvgmy%2Fpublic_html%2Fstorage%2Fframework%2Fsessions&edit=1&file=nyWkE4uKKQSmrW1zbZhDsbNEapEvUAXfP29iKjyQ" "Mozilla/5.0 AppleWebKit/537.36 (KHTML, like Gecko; compatible; GPTBot/1.4; +https://openai.com/gptbot)" mail.doxabusinesshub.com 10.43.68.43
74.7.242.8 - - [10/Jul/2026:06:24:52 -0600] "GET /forgot-password/pl?dir=%2Fhome1%2Fkdybvgmy%2Fpublic_html%2Fstorage%2Fframework%2Fsessions&edit=1&file=m1wHbQNnyMhRIuqEGiWutRiGG7mBkPTLdRLao6pY HTTP/2.0" 200 1451054 "https://mail.doxabusinesshub.com/forgot-password/pl?dir=%2Fhome1%2Fkdybvgmy%2Fpublic_html%2Fstorage%2Fframework%2Fsessions&edit=1&file=nyWkE4uKKQSmrW1zbZhDsbNEapEvUAXfP29iKjyQ" "Mozilla/5.0 AppleWebKit/537.36 (KHTML, like Gecko; compatible; GPTBot/1.4; +https://openai.com/gptbot)" mail.doxabusinesshub.com 10.43.68.43
74.7.227.151 - - [10/Jul/2026:06:24:53 -0600] "GET /?dir=%2Fopt%2Fcpanel%2Fea-php81%2Froot%2Fetc%2Fphp.d&edit=1&file=20-mbstring.ini HTTP/1.1" 200 16291 "https://mail.kdy.bvg.mybluehost.me/?dir=%2Fopt%2Fcpanel%2Fea-php81%2Froot%2Fetc%2Fphp.d" "Mozilla/5.0 AppleWebKit/537.36 (KHTML, like Gecko; compatible; GPTBot/1.4; +https://openai.com/gptbot)" mail.kdy.bvg.mybluehost.me 10.43.68.43
74.7.227.151 - - [10/Jul/2026:06:24:53 -0600] "GET /?dir=%2Fopt%2Fcpanel%2Fea-php81%2Froot%2Fetc%2Fphp.d&edit=1&file=20-mbstring.ini HTTP/2.0" 200 16291 "https://mail.kdy.bvg.mybluehost.me/?dir=%2Fopt%2Fcpanel%2Fea-php81%2Froot%2Fetc%2Fphp.d" "Mozilla/5.0 AppleWebKit/537.36 (KHTML, like Gecko; compatible; GPTBot/1.4; +https://openai.com/gptbot)" mail.kdy.bvg.mybluehost.me 10.43.68.43
74.7.242.8 - - [10/Jul/2026:06:24:53 -0600] "GET /forgot-password/he?dir=%2Fhome1%2Fkdybvgmy%2Fpublic_html%2Fstorage%2Fframework%2Fsessions&edit=1&file=o2fHODolITeyZMaiVtVCXTv8GzImWC3fFnte8jkU HTTP/1.1" 200 1451280 "https://mail.doxabusinesshub.com/forgot-password/he?dir=%2Fhome1%2Fkdybvgmy%2Fpublic_html%2Fstorage%2Fframework%2Fsessions&edit=1&file=25e1q46NY74OclZzMWmgbYIu1jO0GBCczaSVh2n9" "Mozilla/5.0 AppleWebKit/537.36 (KHTML, like Gecko; compatible; GPTBot/1.4; +https://openai.com/gptbot)" mail.doxabusinesshub.com 10.43.68.43
74.7.242.8 - - [10/Jul/2026:06:24:53 -0600] "GET /forgot-password/he?dir=%2Fhome1%2Fkdybvgmy%2Fpublic_html%2Fstorage%2Fframework%2Fsessions&edit=1&file=o2fHODolITeyZMaiVtVCXTv8GzImWC3fFnte8jkU HTTP/2.0" 200 1451280 "https://mail.doxabusinesshub.com/forgot-password/he?dir=%2Fhome1%2Fkdybvgmy%2Fpublic_html%2Fstorage%2Fframework%2Fsessions&edit=1&file=25e1q46NY74OclZzMWmgbYIu1jO0GBCczaSVh2n9" "Mozilla/5.0 AppleWebKit/537.36 (KHTML, like Gecko; compatible; GPTBot/1.4; +https://openai.com/gptbot)" mail.doxabusinesshub.com 10.43.68.43
74.7.227.151 - - [10/Jul/2026:06:24:53 -0600] "GET /?dir=%2Fopt%2Fcpanel%2Fea-php80%2Froot%2Fetc%2Fphp.d&edit=1&file=20-mbstring.ini HTTP/1.1" 200 16291 "https://mail.kdy.bvg.mybluehost.me/?dir=%2Fopt%2Fcpanel%2Fea-php80%2Froot%2Fetc%2Fphp.d" "Mozilla/5.0 AppleWebKit/537.36 (KHTML, like Gecko; compatible; GPTBot/1.4; +https://openai.com/gptbot)" mail.kdy.bvg.mybluehost.me 10.43.68.43
74.7.227.151 - - [10/Jul/2026:06:24:53 -0600] "GET /?dir=%2Fopt%2Fcpanel%2Fea-php80%2Froot%2Fetc%2Fphp.d&edit=1&file=20-mbstring.ini HTTP/2.0" 200 16291 "https://mail.kdy.bvg.mybluehost.me/?dir=%2Fopt%2Fcpanel%2Fea-php80%2Froot%2Fetc%2Fphp.d" "Mozilla/5.0 AppleWebKit/537.36 (KHTML, like Gecko; compatible; GPTBot/1.4; +https://openai.com/gptbot)" mail.kdy.bvg.mybluehost.me 10.43.68.43
74.7.242.8 - - [10/Jul/2026:06:24:53 -0600] "GET /forgot-password/pt?dir=%2Fhome1%2Fkdybvgmy%2Fpublic_html%2Fstorage%2Fframework%2Fsessions&edit=1&file=RT4XldyjAB8GKaKIiToKnFDdcTr1H2eTjwoDVAGQ HTTP/1.1" 200 1451269 "https://mail.doxabusinesshub.com/forgot-password/pt?dir=%2Fhome1%2Fkdybvgmy%2Fpublic_html%2Fstorage%2Fframework%2Fsessions&edit=1&file=Uhk8V01xqDBZwRTcG8MHN773SYgQQtCeJXuvKqCk" "Mozilla/5.0 AppleWebKit/537.36 (KHTML, like Gecko; compatible; GPTBot/1.4; +https://openai.com/gptbot)" mail.doxabusinesshub.com 10.43.68.43
74.7.242.8 - - [10/Jul/2026:06:24:53 -0600] "GET /forgot-password/pt?dir=%2Fhome1%2Fkdybvgmy%2Fpublic_html%2Fstorage%2Fframework%2Fsessions&edit=1&file=RT4XldyjAB8GKaKIiToKnFDdcTr1H2eTjwoDVAGQ HTTP/2.0" 200 1451269 "https://mail.doxabusinesshub.com/forgot-password/pt?dir=%2Fhome1%2Fkdybvgmy%2Fpublic_html%2Fstorage%2Fframework%2Fsessions&edit=1&file=Uhk8V01xqDBZwRTcG8MHN773SYgQQtCeJXuvKqCk" "Mozilla/5.0 AppleWebKit/537.36 (KHTML, like Gecko; compatible; GPTBot/1.4; +https://openai.com/gptbot)" mail.doxabusinesshub.com 10.43.68.43
74.7.227.151 - - [10/Jul/2026:06:24:54 -0600] "GET /?dir=%2Fopt%2Fcpanel%2Fea-php83%2Froot%2Fetc%2Fphp.d&edit=1&file=20-xmlwriter.ini HTTP/1.1" 200 16293 "https://mail.kdy.bvg.mybluehost.me/?dir=%2Fopt%2Fcpanel%2Fea-php83%2Froot%2Fetc%2Fphp.d" "Mozilla/5.0 AppleWebKit/537.36 (KHTML, like Gecko; compatible; GPTBot/1.4; +https://openai.com/gptbot)" mail.kdy.bvg.mybluehost.me 10.43.68.43
74.7.227.151 - - [10/Jul/2026:06:24:54 -0600] "GET /?dir=%2Fopt%2Fcpanel%2Fea-php83%2Froot%2Fetc%2Fphp.d&edit=1&file=20-xmlwriter.ini HTTP/2.0" 200 16293 "https://mail.kdy.bvg.mybluehost.me/?dir=%2Fopt%2Fcpanel%2Fea-php83%2Froot%2Fetc%2Fphp.d" "Mozilla/5.0 AppleWebKit/537.36 (KHTML, like Gecko; compatible; GPTBot/1.4; +https://openai.com/gptbot)" mail.kdy.bvg.mybluehost.me 10.43.68.43
216.73.216.142 - - [10/Jul/2026:06:24:54 -0600] "GET /register/da?dir=%2Fhome1%2Fkdybvgmy%2Fpublic_html%2Fstorage%2Fframework%2Fsessions&edit=1&file=1mXq1ZpNyNfNVQz5uCj7Wj5BKAIBMjgEWVuTrUiq HTTP/2.0" 200 1451632 "-" "Mozilla/5.0 AppleWebKit/537.36 (KHTML, like Gecko; compatible; ClaudeBot/1.0; +claudebot@anthropic.com)" doxabusinesshub.com 10.43.68.43
74.7.227.151 - - [10/Jul/2026:06:24:55 -0600] "GET /?dir=%2Fopt%2Fcpanel%2Fea-php80%2Froot%2Fetc%2Fphp.d&edit=1&file=30-xmlreader.ini HTTP/1.1" 200 16296 "https://mail.kdy.bvg.mybluehost.me/?dir=%2Fopt%2Fcpanel%2Fea-php80%2Froot%2Fetc%2Fphp.d" "Mozilla/5.0 AppleWebKit/537.36 (KHTML, like Gecko; compatible; GPTBot/1.4; +https://openai.com/gptbot)" mail.kdy.bvg.mybluehost.me 10.43.68.43
74.7.227.151 - - [10/Jul/2026:06:24:54 -0600] "GET /?dir=%2Fopt%2Fcpanel%2Fea-php80%2Froot%2Fetc%2Fphp.d&edit=1&file=30-xmlreader.ini HTTP/2.0" 200 16296 "https://mail.kdy.bvg.mybluehost.me/?dir=%2Fopt%2Fcpanel%2Fea-php80%2Froot%2Fetc%2Fphp.d" "Mozilla/5.0 AppleWebKit/537.36 (KHTML, like Gecko; compatible; GPTBot/1.4; +https://openai.com/gptbot)" mail.kdy.bvg.mybluehost.me 10.43.68.43
74.7.242.8 - - [10/Jul/2026:06:24:54 -0600] "GET /forgot-password/pt?dir=%2Fhome1%2Fkdybvgmy%2Fpublic_html%2Fstorage%2Fframework%2Fsessions&edit=1&file=Gw1cLsibBxfZVxIkjgGcQR3xxIWBGbUb9emOuLbO HTTP/1.1" 200 1451405 "https://mail.doxabusinesshub.com/forgot-password/pt?dir=%2Fhome1%2Fkdybvgmy%2Fpublic_html%2Fstorage%2Fframework%2Fsessions&edit=1&file=ffByKaUTEpIAOFApSZtF97eswZlzVbgUFiWIPNXp" "Mozilla/5.0 AppleWebKit/537.36 (KHTML, like Gecko; compatible; GPTBot/1.4; +https://openai.com/gptbot)" mail.doxabusinesshub.com 10.43.68.43
74.7.242.8 - - [10/Jul/2026:06:24:54 -0600] "GET /forgot-password/pt?dir=%2Fhome1%2Fkdybvgmy%2Fpublic_html%2Fstorage%2Fframework%2Fsessions&edit=1&file=Gw1cLsibBxfZVxIkjgGcQR3xxIWBGbUb9emOuLbO HTTP/2.0" 200 1451405 "https://mail.doxabusinesshub.com/forgot-password/pt?dir=%2Fhome1%2Fkdybvgmy%2Fpublic_html%2Fstorage%2Fframework%2Fsessions&edit=1&file=ffByKaUTEpIAOFApSZtF97eswZlzVbgUFiWIPNXp" "Mozilla/5.0 AppleWebKit/537.36 (KHTML, like Gecko; compatible; GPTBot/1.4; +https://openai.com/gptbot)" mail.doxabusinesshub.com 10.43.68.43
74.7.227.151 - - [10/Jul/2026:06:24:55 -0600] "GET /?dir=%2Fopt%2Fcpanel%2Fea-php83%2Froot%2Fetc%2Fphp.d&edit=1&file=30-xmlreader.ini HTTP/1.1" 200 16296 "https://mail.kdy.bvg.mybluehost.me/?dir=%2Fopt%2Fcpanel%2Fea-php83%2Froot%2Fetc%2Fphp.d" "Mozilla/5.0 AppleWebKit/537.36 (KHTML, like Gecko; compatible; GPTBot/1.4; +https://openai.com/gptbot)" mail.kdy.bvg.mybluehost.me 10.43.68.43
74.7.227.151 - - [10/Jul/2026:06:24:55 -0600] "GET /?dir=%2Fopt%2Fcpanel%2Fea-php83%2Froot%2Fetc%2Fphp.d&edit=1&file=30-xmlreader.ini HTTP/2.0" 200 16296 "https://mail.kdy.bvg.mybluehost.me/?dir=%2Fopt%2Fcpanel%2Fea-php83%2Froot%2Fetc%2Fphp.d" "Mozilla/5.0 AppleWebKit/537.36 (KHTML, like Gecko; compatible; GPTBot/1.4; +https://openai.com/gptbot)" mail.kdy.bvg.mybluehost.me 10.43.68.43
74.7.242.8 - - [10/Jul/2026:06:24:55 -0600] "GET /forgot-password/he?dir=%2Fhome1%2Fkdybvgmy%2Fpublic_html%2Fstorage%2Fframework%2Fsessions&edit=1&file=xZhXYYMPSpQIoY6p4oYaSCMr0jBVSaNzOvnlioUf HTTP/1.1" 200 1451680 "https://mail.doxabusinesshub.com/forgot-password/he?dir=%2Fhome1%2Fkdybvgmy%2Fpublic_html%2Fstorage%2Fframework%2Fsessions&edit=1&file=qOSNQVbdADVnJhzf9KIRgsl2GwnQLaNsijqbjtyy" "Mozilla/5.0 AppleWebKit/537.36 (KHTML, like Gecko; compatible; GPTBot/1.4; +https://openai.com/gptbot)" mail.doxabusinesshub.com 10.43.68.43
74.7.227.151 - - [10/Jul/2026:06:24:56 -0600] "GET /?dir=%2Fopt%2Fcpanel%2Fea-php81%2Froot%2Fetc%2Fphp.d&edit=1&file=30-xmlreader.ini HTTP/1.1" 200 16294 "https://mail.kdy.bvg.mybluehost.me/?dir=%2Fopt%2Fcpanel%2Fea-php81%2Froot%2Fetc%2Fphp.d" "Mozilla/5.0 AppleWebKit/537.36 (KHTML, like Gecko; compatible; GPTBot/1.4; +https://openai.com/gptbot)" mail.kdy.bvg.mybluehost.me 10.43.68.43
74.7.242.8 - - [10/Jul/2026:06:24:55 -0600] "GET /forgot-password/he?dir=%2Fhome1%2Fkdybvgmy%2Fpublic_html%2Fstorage%2Fframework%2Fsessions&edit=1&file=xZhXYYMPSpQIoY6p4oYaSCMr0jBVSaNzOvnlioUf HTTP/2.0" 200 1451680 "https://mail.doxabusinesshub.com/forgot-password/he?dir=%2Fhome1%2Fkdybvgmy%2Fpublic_html%2Fstorage%2Fframework%2Fsessions&edit=1&file=qOSNQVbdADVnJhzf9KIRgsl2GwnQLaNsijqbjtyy" "Mozilla/5.0 AppleWebKit/537.36 (KHTML, like Gecko; compatible; GPTBot/1.4; +https://openai.com/gptbot)" mail.doxabusinesshub.com 10.43.68.43
74.7.227.151 - - [10/Jul/2026:06:24:55 -0600] "GET /?dir=%2Fopt%2Fcpanel%2Fea-php81%2Froot%2Fetc%2Fphp.d&edit=1&file=30-xmlreader.ini HTTP/2.0" 200 16294 "https://mail.kdy.bvg.mybluehost.me/?dir=%2Fopt%2Fcpanel%2Fea-php81%2Froot%2Fetc%2Fphp.d" "Mozilla/5.0 AppleWebKit/537.36 (KHTML, like Gecko; compatible; GPTBot/1.4; +https://openai.com/gptbot)" mail.kdy.bvg.mybluehost.me 10.43.68.43
74.7.227.151 - - [10/Jul/2026:06:24:56 -0600] "GET /?dir=%2Fopt%2Fcpanel%2Fea-php83%2Froot%2Fetc%2Fphp.d&edit=1&file=20-simplexml.ini HTTP/1.1" 200 16291 "https://mail.kdy.bvg.mybluehost.me/?dir=%2Fopt%2Fcpanel%2Fea-php83%2Froot%2Fetc%2Fphp.d" "Mozilla/5.0 AppleWebKit/537.36 (KHTML, like Gecko; compatible; GPTBot/1.4; +https://openai.com/gptbot)" mail.kdy.bvg.mybluehost.me 10.43.68.43
74.7.227.151 - - [10/Jul/2026:06:24:56 -0600] "GET /?dir=%2Fopt%2Fcpanel%2Fea-php83%2Froot%2Fetc%2Fphp.d&edit=1&file=20-simplexml.ini HTTP/2.0" 200 16291 "https://mail.kdy.bvg.mybluehost.me/?dir=%2Fopt%2Fcpanel%2Fea-php83%2Froot%2Fetc%2Fphp.d" "Mozilla/5.0 AppleWebKit/537.36 (KHTML, like Gecko; compatible; GPTBot/1.4; +https://openai.com/gptbot)" mail.kdy.bvg.mybluehost.me 10.43.68.43
74.7.242.8 - - [10/Jul/2026:06:24:56 -0600] "GET /forgot-password/pt?dir=%2Fhome1%2Fkdybvgmy%2Fpublic_html%2Fstorage%2Fframework%2Fsessions&edit=1&file=KcZ7AhatYa9AaGrfdOmFWcKNMSsOQtvHVqe2OMP1 HTTP/1.1" 200 1451633 "https://mail.doxabusinesshub.com/forgot-password/pt?dir=%2Fhome1%2Fkdybvgmy%2Fpublic_html%2Fstorage%2Fframework%2Fsessions&edit=1&file=HZPbsnSx3yWxNlEd6b5qCpIcuXgxTiZ4TiZPrBRK" "Mozilla/5.0 AppleWebKit/537.36 (KHTML, like Gecko; compatible; GPTBot/1.4; +https://openai.com/gptbot)" mail.doxabusinesshub.com 10.43.68.43
74.7.242.8 - - [10/Jul/2026:06:24:56 -0600] "GET /forgot-password/pt?dir=%2Fhome1%2Fkdybvgmy%2Fpublic_html%2Fstorage%2Fframework%2Fsessions&edit=1&file=KcZ7AhatYa9AaGrfdOmFWcKNMSsOQtvHVqe2OMP1 HTTP/2.0" 200 1451633 "https://mail.doxabusinesshub.com/forgot-password/pt?dir=%2Fhome1%2Fkdybvgmy%2Fpublic_html%2Fstorage%2Fframework%2Fsessions&edit=1&file=HZPbsnSx3yWxNlEd6b5qCpIcuXgxTiZ4TiZPrBRK" "Mozilla/5.0 AppleWebKit/537.36 (KHTML, like Gecko; compatible; GPTBot/1.4; +https://openai.com/gptbot)" mail.doxabusinesshub.com 10.43.68.43
74.7.227.13 - - [10/Jul/2026:06:24:57 -0600] "GET /?dir=%2Fhome1%2Fkdybvgmy%2Fpublic_html%2Fvendor%2Fphpunit%2Fphp-code-coverage%2Fsrc%2FReport%2FHtml%2FRenderer%2FTemplate%2Fcss%2F.. HTTP/1.1" 200 17586 "https://www.kdy.bvg.mybluehost.me/?dir=%2Fhome1%2Fkdybvgmy%2Fpublic_html%2Fvendor%2Fphpunit%2Fphp-code-coverage%2Fsrc%2FReport%2FHtml%2FRenderer%2FTemplate%2Fcss" "Mozilla/5.0 AppleWebKit/537.36 (KHTML, like Gecko; compatible; GPTBot/1.4; +https://openai.com/gptbot)" www.kdy.bvg.mybluehost.me 10.43.68.43
74.7.227.13 - - [10/Jul/2026:06:24:56 -0600] "GET /?dir=%2Fhome1%2Fkdybvgmy%2Fpublic_html%2Fvendor%2Fphpunit%2Fphp-code-coverage%2Fsrc%2FReport%2FHtml%2FRenderer%2FTemplate%2Fcss%2F.. HTTP/2.0" 200 17586 "https://www.kdy.bvg.mybluehost.me/?dir=%2Fhome1%2Fkdybvgmy%2Fpublic_html%2Fvendor%2Fphpunit%2Fphp-code-coverage%2Fsrc%2FReport%2FHtml%2FRenderer%2FTemplate%2Fcss" "Mozilla/5.0 AppleWebKit/537.36 (KHTML, like Gecko; compatible; GPTBot/1.4; +https://openai.com/gptbot)" www.kdy.bvg.mybluehost.me 10.43.68.43
74.7.227.151 - - [10/Jul/2026:06:24:57 -0600] "GET /?dir=%2Fopt%2Fcpanel%2Fea-php81%2Froot%2Fetc%2Fphp.d&edit=1&file=20-tokenizer.ini HTTP/1.1" 200 16291 "https://mail.kdy.bvg.mybluehost.me/?dir=%2Fopt%2Fcpanel%2Fea-php81%2Froot%2Fetc%2Fphp.d" "Mozilla/5.0 AppleWebKit/537.36 (KHTML, like Gecko; compatible; GPTBot/1.4; +https://openai.com/gptbot)" mail.kdy.bvg.mybluehost.me 10.43.68.43
74.7.227.151 - - [10/Jul/2026:06:24:57 -0600] "GET /?dir=%2Fopt%2Fcpanel%2Fea-php81%2Froot%2Fetc%2Fphp.d&edit=1&file=20-tokenizer.ini HTTP/2.0" 200 16291 "https://mail.kdy.bvg.mybluehost.me/?dir=%2Fopt%2Fcpanel%2Fea-php81%2Froot%2Fetc%2Fphp.d" "Mozilla/5.0 AppleWebKit/537.36 (KHTML, like Gecko; compatible; GPTBot/1.4; +https://openai.com/gptbot)" mail.kdy.bvg.mybluehost.me 10.43.68.43
74.7.227.151 - - [10/Jul/2026:06:24:57 -0600] "GET /?dir=%2Fopt%2Fcpanel%2Fea-php80%2Froot%2Fetc%2Fphp.d&edit=1&file=20-tokenizer.ini HTTP/1.1" 200 16294 "https://mail.kdy.bvg.mybluehost.me/?dir=%2Fopt%2Fcpanel%2Fea-php80%2Froot%2Fetc%2Fphp.d" "Mozilla/5.0 AppleWebKit/537.36 (KHTML, like Gecko; compatible; GPTBot/1.4; +https://openai.com/gptbot)" mail.kdy.bvg.mybluehost.me 10.43.68.43
74.7.227.151 - - [10/Jul/2026:06:24:57 -0600] "GET /?dir=%2Fopt%2Fcpanel%2Fea-php80%2Froot%2Fetc%2Fphp.d&edit=1&file=20-tokenizer.ini HTTP/2.0" 200 16294 "https://mail.kdy.bvg.mybluehost.me/?dir=%2Fopt%2Fcpanel%2Fea-php80%2Froot%2Fetc%2Fphp.d" "Mozilla/5.0 AppleWebKit/537.36 (KHTML, like Gecko; compatible; GPTBot/1.4; +https://openai.com/gptbot)" mail.kdy.bvg.mybluehost.me 10.43.68.43
74.7.242.8 - - [10/Jul/2026:06:24:57 -0600] "GET /forgot-password/pl?dir=%2Fhome1%2Fkdybvgmy%2Fpublic_html%2Fstorage%2Fframework%2Fsessions&edit=1&file=Hdtuavu8SQfCZpJDvMy1LoYEkDwNkbshzv7w3AVT HTTP/1.1" 200 1451835 "https://mail.doxabusinesshub.com/forgot-password/pl?dir=%2Fhome1%2Fkdybvgmy%2Fpublic_html%2Fstorage%2Fframework%2Fsessions&edit=1&file=zTBpkXTlCxBlEAnnJdUW04NnpZv2FL3udtxLcuEY" "Mozilla/5.0 AppleWebKit/537.36 (KHTML, like Gecko; compatible; GPTBot/1.4; +https://openai.com/gptbot)" mail.doxabusinesshub.com 10.43.68.43
74.7.242.8 - - [10/Jul/2026:06:24:57 -0600] "GET /forgot-password/pl?dir=%2Fhome1%2Fkdybvgmy%2Fpublic_html%2Fstorage%2Fframework%2Fsessions&edit=1&file=Hdtuavu8SQfCZpJDvMy1LoYEkDwNkbshzv7w3AVT HTTP/2.0" 200 1451835 "https://mail.doxabusinesshub.com/forgot-password/pl?dir=%2Fhome1%2Fkdybvgmy%2Fpublic_html%2Fstorage%2Fframework%2Fsessions&edit=1&file=zTBpkXTlCxBlEAnnJdUW04NnpZv2FL3udtxLcuEY" "Mozilla/5.0 AppleWebKit/537.36 (KHTML, like Gecko; compatible; GPTBot/1.4; +https://openai.com/gptbot)" mail.doxabusinesshub.com 10.43.68.43
74.7.227.151 - - [10/Jul/2026:06:24:58 -0600] "GET /?dir=%2Fopt%2Fcpanel%2Fea-php80%2Froot%2Fetc%2Fphp.d&edit=1&file=sourceguardian.ini HTTP/1.1" 200 16322 "https://mail.kdy.bvg.mybluehost.me/?dir=%2Fopt%2Fcpanel%2Fea-php80%2Froot%2Fetc%2Fphp.d" "Mozilla/5.0 AppleWebKit/537.36 (KHTML, like Gecko; compatible; GPTBot/1.4; +https://openai.com/gptbot)" mail.kdy.bvg.mybluehost.me 10.43.68.43
74.7.227.151 - - [10/Jul/2026:06:24:57 -0600] "GET /?dir=%2Fopt%2Fcpanel%2Fea-php80%2Froot%2Fetc%2Fphp.d&edit=1&file=sourceguardian.ini HTTP/2.0" 200 16322 "https://mail.kdy.bvg.mybluehost.me/?dir=%2Fopt%2Fcpanel%2Fea-php80%2Froot%2Fetc%2Fphp.d" "Mozilla/5.0 AppleWebKit/537.36 (KHTML, like Gecko; compatible; GPTBot/1.4; +https://openai.com/gptbot)" mail.kdy.bvg.mybluehost.me 10.43.68.43
74.7.242.8 - - [10/Jul/2026:06:24:57 -0600] "GET /forgot-password/he?dir=%2Fhome1%2Fkdybvgmy%2Fpublic_html%2Fstorage%2Fframework%2Fsessions&edit=1&file=OLsscioxPtzhszXsZMHXeso5xb0u1lqbFDjnmICh HTTP/1.1" 200 1452061 "https://mail.doxabusinesshub.com/forgot-password/he?dir=%2Fhome1%2Fkdybvgmy%2Fpublic_html%2Fstorage%2Fframework%2Fsessions&edit=1&file=iHxjXavsOkK2IRzQkNvdDpryYHzTUj7kvvASQHf3" "Mozilla/5.0 AppleWebKit/537.36 (KHTML, like Gecko; compatible; GPTBot/1.4; +https://openai.com/gptbot)" mail.doxabusinesshub.com 10.43.68.43
74.7.242.8 - - [10/Jul/2026:06:24:57 -0600] "GET /forgot-password/he?dir=%2Fhome1%2Fkdybvgmy%2Fpublic_html%2Fstorage%2Fframework%2Fsessions&edit=1&file=OLsscioxPtzhszXsZMHXeso5xb0u1lqbFDjnmICh HTTP/2.0" 200 1452061 "https://mail.doxabusinesshub.com/forgot-password/he?dir=%2Fhome1%2Fkdybvgmy%2Fpublic_html%2Fstorage%2Fframework%2Fsessions&edit=1&file=iHxjXavsOkK2IRzQkNvdDpryYHzTUj7kvvASQHf3" "Mozilla/5.0 AppleWebKit/537.36 (KHTML, like Gecko; compatible; GPTBot/1.4; +https://openai.com/gptbot)" mail.doxabusinesshub.com 10.43.68.43
74.7.227.151 - - [10/Jul/2026:06:24:58 -0600] "GET /?dir=%2Fopt%2Fcpanel%2Fea-php81%2Froot%2Fetc%2Fphp.d&edit=1&file=zzzzzzz-pecl.ini HTTP/1.1" 200 16259 "https://mail.kdy.bvg.mybluehost.me/?dir=%2Fopt%2Fcpanel%2Fea-php81%2Froot%2Fetc%2Fphp.d" "Mozilla/5.0 AppleWebKit/537.36 (KHTML, like Gecko; compatible; GPTBot/1.4; +https://openai.com/gptbot)" mail.kdy.bvg.mybluehost.me 10.43.68.43
74.7.227.151 - - [10/Jul/2026:06:24:58 -0600] "GET /?dir=%2Fopt%2Fcpanel%2Fea-php81%2Froot%2Fetc%2Fphp.d&edit=1&file=zzzzzzz-pecl.ini HTTP/2.0" 200 16259 "https://mail.kdy.bvg.mybluehost.me/?dir=%2Fopt%2Fcpanel%2Fea-php81%2Froot%2Fetc%2Fphp.d" "Mozilla/5.0 AppleWebKit/537.36 (KHTML, like Gecko; compatible; GPTBot/1.4; +https://openai.com/gptbot)" mail.kdy.bvg.mybluehost.me 10.43.68.43
216.73.216.142 - - [10/Jul/2026:06:24:58 -0600] "GET /login/ar?dir=%2Fhome1%2Fkdybvgmy%2Fpublic_html%2Fstorage%2Fframework%2Fsessions&edit=1&file=07llictSuxjENcYucvNQGnJk2CHK39J24mcIVvtA HTTP/2.0" 200 1452287 "-" "Mozilla/5.0 AppleWebKit/537.36 (KHTML, like Gecko; compatible; ClaudeBot/1.0; +claudebot@anthropic.com)" doxabusinesshub.com 10.43.68.43
74.7.242.8 - - [10/Jul/2026:06:24:58 -0600] "GET /forgot-password/pt?dir=%2Fhome1%2Fkdybvgmy%2Fpublic_html%2Fstorage%2Fframework%2Fsessions&edit=1&file=UScHTmNUBUwYPIMHjkvaarw35NyPdpefQQ6o2MON HTTP/1.1" 200 1452043 "https://mail.doxabusinesshub.com/forgot-password/pt?dir=%2Fhome1%2Fkdybvgmy%2Fpublic_html%2Fstorage%2Fframework%2Fsessions&edit=1&file=jtfGD3XrhzOTmRnmkbJjeVEVsvINmQJAzgmMqlRb" "Mozilla/5.0 AppleWebKit/537.36 (KHTML, like Gecko; compatible; GPTBot/1.4; +https://openai.com/gptbot)" mail.doxabusinesshub.com 10.43.68.43
74.7.242.8 - - [10/Jul/2026:06:24:58 -0600] "GET /forgot-password/pt?dir=%2Fhome1%2Fkdybvgmy%2Fpublic_html%2Fstorage%2Fframework%2Fsessions&edit=1&file=UScHTmNUBUwYPIMHjkvaarw35NyPdpefQQ6o2MON HTTP/2.0" 200 1452043 "https://mail.doxabusinesshub.com/forgot-password/pt?dir=%2Fhome1%2Fkdybvgmy%2Fpublic_html%2Fstorage%2Fframework%2Fsessions&edit=1&file=jtfGD3XrhzOTmRnmkbJjeVEVsvINmQJAzgmMqlRb" "Mozilla/5.0 AppleWebKit/537.36 (KHTML, like Gecko; compatible; GPTBot/1.4; +https://openai.com/gptbot)" mail.doxabusinesshub.com 10.43.68.43
74.7.227.151 - - [10/Jul/2026:06:24:59 -0600] "GET /?dir=%2Fopt%2Fcpanel%2Fea-php81%2Froot%2Fetc%2Fphp.d&edit=1&file=20-simplexml.ini HTTP/1.1" 200 16292 "https://mail.kdy.bvg.mybluehost.me/?dir=%2Fopt%2Fcpanel%2Fea-php81%2Froot%2Fetc%2Fphp.d" "Mozilla/5.0 AppleWebKit/537.36 (KHTML, like Gecko; compatible; GPTBot/1.4; +https://openai.com/gptbot)" mail.kdy.bvg.mybluehost.me 10.43.68.43
74.7.227.151 - - [10/Jul/2026:06:24:59 -0600] "GET /?dir=%2Fopt%2Fcpanel%2Fea-php81%2Froot%2Fetc%2Fphp.d&edit=1&file=20-simplexml.ini HTTP/2.0" 200 16292 "https://mail.kdy.bvg.mybluehost.me/?dir=%2Fopt%2Fcpanel%2Fea-php81%2Froot%2Fetc%2Fphp.d" "Mozilla/5.0 AppleWebKit/537.36 (KHTML, like Gecko; compatible; GPTBot/1.4; +https://openai.com/gptbot)" mail.kdy.bvg.mybluehost.me 10.43.68.43
74.7.227.151 - - [10/Jul/2026:06:24:59 -0600] "GET /?dir=%2Fopt%2Fcpanel%2Fea-php80%2Froot%2Fetc%2Fphp.d&edit=1&file=30-pdo_sqlite.ini HTTP/1.1" 200 16295 "https://mail.kdy.bvg.mybluehost.me/?dir=%2Fopt%2Fcpanel%2Fea-php80%2Froot%2Fetc%2Fphp.d" "Mozilla/5.0 AppleWebKit/537.36 (KHTML, like Gecko; compatible; GPTBot/1.4; +https://openai.com/gptbot)" mail.kdy.bvg.mybluehost.me 10.43.68.43
74.7.227.151 - - [10/Jul/2026:06:24:59 -0600] "GET /?dir=%2Fopt%2Fcpanel%2Fea-php80%2Froot%2Fetc%2Fphp.d&edit=1&file=30-pdo_sqlite.ini HTTP/2.0" 200 16295 "https://mail.kdy.bvg.mybluehost.me/?dir=%2Fopt%2Fcpanel%2Fea-php80%2Froot%2Fetc%2Fphp.d" "Mozilla/5.0 AppleWebKit/537.36 (KHTML, like Gecko; compatible; GPTBot/1.4; +https://openai.com/gptbot)" mail.kdy.bvg.mybluehost.me 10.43.68.43
74.7.242.8 - - [10/Jul/2026:06:24:59 -0600] "GET /forgot-password/pt?dir=%2Fhome1%2Fkdybvgmy%2Fpublic_html%2Fstorage%2Fframework%2Fsessions&edit=1&file=WO9gIxpR1fANFTEv0ns0ncsaHDpzQEJtFmtIExeT HTTP/1.1" 200 1452164 "https://mail.doxabusinesshub.com/forgot-password/pt?dir=%2Fhome1%2Fkdybvgmy%2Fpublic_html%2Fstorage%2Fframework%2Fsessions&edit=1&file=lzyTdgageKYwKoheWyvhNrdYOHDQJYGCBbVvdW6p" "Mozilla/5.0 AppleWebKit/537.36 (KHTML, like Gecko; compatible; GPTBot/1.4; +https://openai.com/gptbot)" mail.doxabusinesshub.com 10.43.68.43
74.7.242.8 - - [10/Jul/2026:06:24:59 -0600] "GET /forgot-password/pt?dir=%2Fhome1%2Fkdybvgmy%2Fpublic_html%2Fstorage%2Fframework%2Fsessions&edit=1&file=WO9gIxpR1fANFTEv0ns0ncsaHDpzQEJtFmtIExeT HTTP/2.0" 200 1452164 "https://mail.doxabusinesshub.com/forgot-password/pt?dir=%2Fhome1%2Fkdybvgmy%2Fpublic_html%2Fstorage%2Fframework%2Fsessions&edit=1&file=lzyTdgageKYwKoheWyvhNrdYOHDQJYGCBbVvdW6p" "Mozilla/5.0 AppleWebKit/537.36 (KHTML, like Gecko; compatible; GPTBot/1.4; +https://openai.com/gptbot)" mail.doxabusinesshub.com 10.43.68.43
74.7.227.151 - - [10/Jul/2026:06:25:00 -0600] "GET /?dir=%2Fopt%2Fcpanel%2Fea-php80%2Froot%2Fetc%2Fphp.d&edit=1&file=20-simplexml.ini HTTP/1.1" 200 16293 "https://mail.kdy.bvg.mybluehost.me/?dir=%2Fopt%2Fcpanel%2Fea-php80%2Froot%2Fetc%2Fphp.d" "Mozilla/5.0 AppleWebKit/537.36 (KHTML, like Gecko; compatible; GPTBot/1.4; +https://openai.com/gptbot)" mail.kdy.bvg.mybluehost.me 10.43.68.43
