216.73.216.142 - - [10/Jul/2026:06:24:28 -0600] "GET /login/tr?dir=%2Fhome1%2Fkdybvgmy%2Fpublic_html%2Fstorage%2Fframework%2Fsessions&edit=1&file=3vvVuBKbGRF2XFyRgKMtpicEUZtK7VAO6mq8gCaX HTTP/2.0" 200 6680 "-" "Mozilla/5.0 AppleWebKit/537.36 (KHTML, like Gecko; compatible; ClaudeBot/1.0; +claudebot@anthropic.com)" doxabusinesshub.com 10.43.68.43
74.7.227.151 - - [10/Jul/2026:06:24:28 -0600] "GET /?dir=%2Fopt%2Fcpanel%2Fea-php81%2Froot%2Fetc%2Fphp.d&edit=1&file=20-iconv.ini HTTP/1.1" 200 16290 "https://mail.kdy.bvg.mybluehost.me/?dir=%2Fopt%2Fcpanel%2Fea-php81%2Froot%2Fetc%2Fphp.d" "Mozilla/5.0 AppleWebKit/537.36 (KHTML, like Gecko; compatible; GPTBot/1.4; +https://openai.com/gptbot)" mail.kdy.bvg.mybluehost.me 10.43.68.43
74.7.227.151 - - [10/Jul/2026:06:24:28 -0600] "GET /?dir=%2Fopt%2Fcpanel%2Fea-php81%2Froot%2Fetc%2Fphp.d&edit=1&file=20-iconv.ini HTTP/2.0" 200 16290 "https://mail.kdy.bvg.mybluehost.me/?dir=%2Fopt%2Fcpanel%2Fea-php81%2Froot%2Fetc%2Fphp.d" "Mozilla/5.0 AppleWebKit/537.36 (KHTML, like Gecko; compatible; GPTBot/1.4; +https://openai.com/gptbot)" mail.kdy.bvg.mybluehost.me 10.43.68.43
74.7.242.8 - - [10/Jul/2026:06:24:28 -0600] "GET /forgot-password/pl?dir=%2Fhome1%2Fkdybvgmy%2Fpublic_html%2Fstorage%2Fframework%2Fsessions&edit=1&file=JwexniZLTUhmFVRlsGijH1cLPbe9Hd5fZYlXL8ni HTTP/1.1" 200 1449276 "https://mail.doxabusinesshub.com/forgot-password/pl?dir=%2Fhome1%2Fkdybvgmy%2Fpublic_html%2Fstorage%2Fframework%2Fsessions&edit=1&file=O39aN4qL32goeNBF1165UQMPJIs7TXELOrJZad21" "Mozilla/5.0 AppleWebKit/537.36 (KHTML, like Gecko; compatible; GPTBot/1.4; +https://openai.com/gptbot)" mail.doxabusinesshub.com 10.43.68.43
74.7.242.8 - - [10/Jul/2026:06:24:28 -0600] "GET /forgot-password/pl?dir=%2Fhome1%2Fkdybvgmy%2Fpublic_html%2Fstorage%2Fframework%2Fsessions&edit=1&file=JwexniZLTUhmFVRlsGijH1cLPbe9Hd5fZYlXL8ni HTTP/2.0" 200 1449276 "https://mail.doxabusinesshub.com/forgot-password/pl?dir=%2Fhome1%2Fkdybvgmy%2Fpublic_html%2Fstorage%2Fframework%2Fsessions&edit=1&file=O39aN4qL32goeNBF1165UQMPJIs7TXELOrJZad21" "Mozilla/5.0 AppleWebKit/537.36 (KHTML, like Gecko; compatible; GPTBot/1.4; +https://openai.com/gptbot)" mail.doxabusinesshub.com 10.43.68.43
74.7.227.151 - - [10/Jul/2026:06:24:29 -0600] "GET /?dir=%2Fopt%2Fcpanel%2Fea-php80%2Froot%2Fetc%2Fphp.d&edit=1&file=20-imap.ini HTTP/1.1" 200 16282 "https://mail.kdy.bvg.mybluehost.me/?dir=%2Fopt%2Fcpanel%2Fea-php80%2Froot%2Fetc%2Fphp.d" "Mozilla/5.0 AppleWebKit/537.36 (KHTML, like Gecko; compatible; GPTBot/1.4; +https://openai.com/gptbot)" mail.kdy.bvg.mybluehost.me 10.43.68.43
74.7.227.151 - - [10/Jul/2026:06:24:29 -0600] "GET /?dir=%2Fopt%2Fcpanel%2Fea-php80%2Froot%2Fetc%2Fphp.d&edit=1&file=20-imap.ini HTTP/2.0" 200 16282 "https://mail.kdy.bvg.mybluehost.me/?dir=%2Fopt%2Fcpanel%2Fea-php80%2Froot%2Fetc%2Fphp.d" "Mozilla/5.0 AppleWebKit/537.36 (KHTML, like Gecko; compatible; GPTBot/1.4; +https://openai.com/gptbot)" mail.kdy.bvg.mybluehost.me 10.43.68.43
74.7.227.151 - - [10/Jul/2026:06:24:29 -0600] "GET /?dir=%2Fopt%2Fcpanel%2Fea-php83%2Froot%2Fetc%2Fphp.d&edit=1&file=20-xsl.ini HTTP/1.1" 200 16281 "https://mail.kdy.bvg.mybluehost.me/?dir=%2Fopt%2Fcpanel%2Fea-php83%2Froot%2Fetc%2Fphp.d" "Mozilla/5.0 AppleWebKit/537.36 (KHTML, like Gecko; compatible; GPTBot/1.4; +https://openai.com/gptbot)" mail.kdy.bvg.mybluehost.me 10.43.68.43
74.7.227.151 - - [10/Jul/2026:06:24:29 -0600] "GET /?dir=%2Fopt%2Fcpanel%2Fea-php83%2Froot%2Fetc%2Fphp.d&edit=1&file=20-xsl.ini HTTP/2.0" 200 16281 "https://mail.kdy.bvg.mybluehost.me/?dir=%2Fopt%2Fcpanel%2Fea-php83%2Froot%2Fetc%2Fphp.d" "Mozilla/5.0 AppleWebKit/537.36 (KHTML, like Gecko; compatible; GPTBot/1.4; +https://openai.com/gptbot)" mail.kdy.bvg.mybluehost.me 10.43.68.43
74.7.242.8 - - [10/Jul/2026:06:24:29 -0600] "GET /forgot-password/pt?dir=%2Fhome1%2Fkdybvgmy%2Fpublic_html%2Fstorage%2Fframework%2Fsessions&edit=1&file=KaocEGlc3lpkMMoZaSKhZlTBOEqExCqL6C4dxN8V HTTP/1.1" 200 1449443 "https://mail.doxabusinesshub.com/forgot-password/pt?dir=%2Fhome1%2Fkdybvgmy%2Fpublic_html%2Fstorage%2Fframework%2Fsessions&edit=1&file=YzNuz0KfQfTqZ3yNM77OkU3S5SKP69mol3G3gcYP" "Mozilla/5.0 AppleWebKit/537.36 (KHTML, like Gecko; compatible; GPTBot/1.4; +https://openai.com/gptbot)" mail.doxabusinesshub.com 10.43.68.43
74.7.242.8 - - [10/Jul/2026:06:24:29 -0600] "GET /forgot-password/pt?dir=%2Fhome1%2Fkdybvgmy%2Fpublic_html%2Fstorage%2Fframework%2Fsessions&edit=1&file=KaocEGlc3lpkMMoZaSKhZlTBOEqExCqL6C4dxN8V HTTP/2.0" 200 1449443 "https://mail.doxabusinesshub.com/forgot-password/pt?dir=%2Fhome1%2Fkdybvgmy%2Fpublic_html%2Fstorage%2Fframework%2Fsessions&edit=1&file=YzNuz0KfQfTqZ3yNM77OkU3S5SKP69mol3G3gcYP" "Mozilla/5.0 AppleWebKit/537.36 (KHTML, like Gecko; compatible; GPTBot/1.4; +https://openai.com/gptbot)" mail.doxabusinesshub.com 10.43.68.43
216.73.216.142 - - [10/Jul/2026:06:24:29 -0600] "GET /register/pt?dir=%2Fhome1%2Fkdybvgmy%2Fpublic_html%2Fstorage%2Fframework%2Fsessions&edit=1&file=M9aV1UI8Q7jzrJ44wJILbjYEyJ8UdpzfxrNbLVQd HTTP/2.0" 200 1449764 "-" "Mozilla/5.0 AppleWebKit/537.36 (KHTML, like Gecko; compatible; ClaudeBot/1.0; +claudebot@anthropic.com)" doxabusinesshub.com 10.43.68.43
74.7.227.151 - - [10/Jul/2026:06:24:30 -0600] "GET /?dir=%2Fopt%2Fcpanel%2Fea-php83%2Froot%2Fetc%2Fphp.d&edit=1&file=40-apcu.ini HTTP/1.1" 200 16288 "https://mail.kdy.bvg.mybluehost.me/?dir=%2Fopt%2Fcpanel%2Fea-php83%2Froot%2Fetc%2Fphp.d" "Mozilla/5.0 AppleWebKit/537.36 (KHTML, like Gecko; compatible; GPTBot/1.4; +https://openai.com/gptbot)" mail.kdy.bvg.mybluehost.me 10.43.68.43
74.7.227.151 - - [10/Jul/2026:06:24:30 -0600] "GET /?dir=%2Fopt%2Fcpanel%2Fea-php83%2Froot%2Fetc%2Fphp.d&edit=1&file=40-apcu.ini HTTP/2.0" 200 16288 "https://mail.kdy.bvg.mybluehost.me/?dir=%2Fopt%2Fcpanel%2Fea-php83%2Froot%2Fetc%2Fphp.d" "Mozilla/5.0 AppleWebKit/537.36 (KHTML, like Gecko; compatible; GPTBot/1.4; +https://openai.com/gptbot)" mail.kdy.bvg.mybluehost.me 10.43.68.43
74.7.242.8 - - [10/Jul/2026:06:24:30 -0600] "GET /forgot-password/pt?dir=%2Fhome1%2Fkdybvgmy%2Fpublic_html%2Fstorage%2Fframework%2Fsessions&edit=1&file=GxQinceWEXokAAdsDTm6BUFHg2lcGzCF7ccTTmAw HTTP/1.1" 200 1449581 "https://mail.doxabusinesshub.com/forgot-password/pt?dir=%2Fhome1%2Fkdybvgmy%2Fpublic_html%2Fstorage%2Fframework%2Fsessions&edit=1&file=V0zR2fIB1VD2gUjAAM7W0dj6Kly1RK2jO3Qwb92Z" "Mozilla/5.0 AppleWebKit/537.36 (KHTML, like Gecko; compatible; GPTBot/1.4; +https://openai.com/gptbot)" mail.doxabusinesshub.com 10.43.68.43
74.7.242.8 - - [10/Jul/2026:06:24:30 -0600] "GET /forgot-password/pt?dir=%2Fhome1%2Fkdybvgmy%2Fpublic_html%2Fstorage%2Fframework%2Fsessions&edit=1&file=GxQinceWEXokAAdsDTm6BUFHg2lcGzCF7ccTTmAw HTTP/2.0" 200 1449581 "https://mail.doxabusinesshub.com/forgot-password/pt?dir=%2Fhome1%2Fkdybvgmy%2Fpublic_html%2Fstorage%2Fframework%2Fsessions&edit=1&file=V0zR2fIB1VD2gUjAAM7W0dj6Kly1RK2jO3Qwb92Z" "Mozilla/5.0 AppleWebKit/537.36 (KHTML, like Gecko; compatible; GPTBot/1.4; +https://openai.com/gptbot)" mail.doxabusinesshub.com 10.43.68.43
74.7.227.151 - - [10/Jul/2026:06:24:30 -0600] "GET /?dir=%2Fopt%2Fcpanel%2Fea-php81%2Froot%2Fetc%2Fphp.d&edit=1&file=30-mysqli.ini HTTP/1.1" 200 16290 "https://mail.kdy.bvg.mybluehost.me/?dir=%2Fopt%2Fcpanel%2Fea-php81%2Froot%2Fetc%2Fphp.d" "Mozilla/5.0 AppleWebKit/537.36 (KHTML, like Gecko; compatible; GPTBot/1.4; +https://openai.com/gptbot)" mail.kdy.bvg.mybluehost.me 10.43.68.43
74.7.227.151 - - [10/Jul/2026:06:24:30 -0600] "GET /?dir=%2Fopt%2Fcpanel%2Fea-php81%2Froot%2Fetc%2Fphp.d&edit=1&file=30-mysqli.ini HTTP/2.0" 200 16290 "https://mail.kdy.bvg.mybluehost.me/?dir=%2Fopt%2Fcpanel%2Fea-php81%2Froot%2Fetc%2Fphp.d" "Mozilla/5.0 AppleWebKit/537.36 (KHTML, like Gecko; compatible; GPTBot/1.4; +https://openai.com/gptbot)" mail.kdy.bvg.mybluehost.me 10.43.68.43
216.73.216.142 - - [10/Jul/2026:06:24:30 -0600] "GET /register/pt?dir=%2Fhome1%2Fkdybvgmy%2Fpublic_html%2Fstorage%2Fframework%2Fsessions&edit=1&file=7YPvfhOy83dEPoK4t3QKPaZvjZ3079jFqEYYsvbD HTTP/2.0" 200 1450003 "-" "Mozilla/5.0 AppleWebKit/537.36 (KHTML, like Gecko; compatible; ClaudeBot/1.0; +claudebot@anthropic.com)" doxabusinesshub.com 10.43.68.43
74.7.227.151 - - [10/Jul/2026:06:24:31 -0600] "GET /?dir=%2Fopt%2Fcpanel%2Fea-php80%2Froot%2Fetc%2Fphp.d&edit=1&file=30-mysqli.ini HTTP/1.1" 200 16293 "https://mail.kdy.bvg.mybluehost.me/?dir=%2Fopt%2Fcpanel%2Fea-php80%2Froot%2Fetc%2Fphp.d" "Mozilla/5.0 AppleWebKit/537.36 (KHTML, like Gecko; compatible; GPTBot/1.4; +https://openai.com/gptbot)" mail.kdy.bvg.mybluehost.me 10.43.68.43
74.7.227.151 - - [10/Jul/2026:06:24:31 -0600] "GET /?dir=%2Fopt%2Fcpanel%2Fea-php80%2Froot%2Fetc%2Fphp.d&edit=1&file=30-mysqli.ini HTTP/2.0" 200 16293 "https://mail.kdy.bvg.mybluehost.me/?dir=%2Fopt%2Fcpanel%2Fea-php80%2Froot%2Fetc%2Fphp.d" "Mozilla/5.0 AppleWebKit/537.36 (KHTML, like Gecko; compatible; GPTBot/1.4; +https://openai.com/gptbot)" mail.kdy.bvg.mybluehost.me 10.43.68.43
74.7.242.8 - - [10/Jul/2026:06:24:30 -0600] "GET /forgot-password/pt?dir=%2Fhome1%2Fkdybvgmy%2Fpublic_html%2Fstorage%2Fframework%2Fsessions&edit=1&file=Yv8bv5tsGrqQr0PxNVfqW0wxOJKZSemvMdNbgFsr HTTP/1.1" 200 1449718 "https://mail.doxabusinesshub.com/forgot-password/pt?dir=%2Fhome1%2Fkdybvgmy%2Fpublic_html%2Fstorage%2Fframework%2Fsessions&edit=1&file=HgrdEQ2am9SxLg3O0bG85N6CmWh3E0ZAOV0KwJy4" "Mozilla/5.0 AppleWebKit/537.36 (KHTML, like Gecko; compatible; GPTBot/1.4; +https://openai.com/gptbot)" mail.doxabusinesshub.com 10.43.68.43
74.7.242.8 - - [10/Jul/2026:06:24:30 -0600] "GET /forgot-password/pt?dir=%2Fhome1%2Fkdybvgmy%2Fpublic_html%2Fstorage%2Fframework%2Fsessions&edit=1&file=Yv8bv5tsGrqQr0PxNVfqW0wxOJKZSemvMdNbgFsr HTTP/2.0" 200 1449718 "https://mail.doxabusinesshub.com/forgot-password/pt?dir=%2Fhome1%2Fkdybvgmy%2Fpublic_html%2Fstorage%2Fframework%2Fsessions&edit=1&file=HgrdEQ2am9SxLg3O0bG85N6CmWh3E0ZAOV0KwJy4" "Mozilla/5.0 AppleWebKit/537.36 (KHTML, like Gecko; compatible; GPTBot/1.4; +https://openai.com/gptbot)" mail.doxabusinesshub.com 10.43.68.43
74.7.227.151 - - [10/Jul/2026:06:24:31 -0600] "GET /?dir=%2Fopt%2Fcpanel%2Fea-php83%2Froot%2Fetc%2Fphp.d&edit=1&file=30-mysqli.ini HTTP/1.1" 200 16289 "https://mail.kdy.bvg.mybluehost.me/?dir=%2Fopt%2Fcpanel%2Fea-php83%2Froot%2Fetc%2Fphp.d" "Mozilla/5.0 AppleWebKit/537.36 (KHTML, like Gecko; compatible; GPTBot/1.4; +https://openai.com/gptbot)" mail.kdy.bvg.mybluehost.me 10.43.68.43
74.7.227.151 - - [10/Jul/2026:06:24:31 -0600] "GET /?dir=%2Fopt%2Fcpanel%2Fea-php83%2Froot%2Fetc%2Fphp.d&edit=1&file=30-mysqli.ini HTTP/2.0" 200 16289 "https://mail.kdy.bvg.mybluehost.me/?dir=%2Fopt%2Fcpanel%2Fea-php83%2Froot%2Fetc%2Fphp.d" "Mozilla/5.0 AppleWebKit/537.36 (KHTML, like Gecko; compatible; GPTBot/1.4; +https://openai.com/gptbot)" mail.kdy.bvg.mybluehost.me 10.43.68.43
74.7.242.8 - - [10/Jul/2026:06:24:31 -0600] "GET /forgot-password/pl?dir=%2Fhome1%2Fkdybvgmy%2Fpublic_html%2Fstorage%2Fframework%2Fsessions&edit=1&file=cBKEEvbIUe3MuvEV9ju6Npk1pUIcXnwokOkKdzWR HTTP/1.1" 200 1449879 "https://mail.doxabusinesshub.com/forgot-password/pl?dir=%2Fhome1%2Fkdybvgmy%2Fpublic_html%2Fstorage%2Fframework%2Fsessions&edit=1&file=OVSMKPKQ7B4UIttF7BGDACYWJOXjOyqMxfX7uRty" "Mozilla/5.0 AppleWebKit/537.36 (KHTML, like Gecko; compatible; GPTBot/1.4; +https://openai.com/gptbot)" mail.doxabusinesshub.com 10.43.68.43
74.7.242.8 - - [10/Jul/2026:06:24:31 -0600] "GET /forgot-password/pl?dir=%2Fhome1%2Fkdybvgmy%2Fpublic_html%2Fstorage%2Fframework%2Fsessions&edit=1&file=cBKEEvbIUe3MuvEV9ju6Npk1pUIcXnwokOkKdzWR HTTP/2.0" 200 1449879 "https://mail.doxabusinesshub.com/forgot-password/pl?dir=%2Fhome1%2Fkdybvgmy%2Fpublic_html%2Fstorage%2Fframework%2Fsessions&edit=1&file=OVSMKPKQ7B4UIttF7BGDACYWJOXjOyqMxfX7uRty" "Mozilla/5.0 AppleWebKit/537.36 (KHTML, like Gecko; compatible; GPTBot/1.4; +https://openai.com/gptbot)" mail.doxabusinesshub.com 10.43.68.43
74.7.227.151 - - [10/Jul/2026:06:24:32 -0600] "GET /?dir=%2Fopt%2Fcpanel%2Fea-php81%2Froot%2Fetc%2Fphp.d&edit=1&file=20-pgsql.ini HTTP/1.1" 200 16289 "https://mail.kdy.bvg.mybluehost.me/?dir=%2Fopt%2Fcpanel%2Fea-php81%2Froot%2Fetc%2Fphp.d" "Mozilla/5.0 AppleWebKit/537.36 (KHTML, like Gecko; compatible; GPTBot/1.4; +https://openai.com/gptbot)" mail.kdy.bvg.mybluehost.me 10.43.68.43
74.7.227.151 - - [10/Jul/2026:06:24:32 -0600] "GET /?dir=%2Fopt%2Fcpanel%2Fea-php81%2Froot%2Fetc%2Fphp.d&edit=1&file=20-pgsql.ini HTTP/2.0" 200 16289 "https://mail.kdy.bvg.mybluehost.me/?dir=%2Fopt%2Fcpanel%2Fea-php81%2Froot%2Fetc%2Fphp.d" "Mozilla/5.0 AppleWebKit/537.36 (KHTML, like Gecko; compatible; GPTBot/1.4; +https://openai.com/gptbot)" mail.kdy.bvg.mybluehost.me 10.43.68.43
216.73.216.142 - - [10/Jul/2026:06:24:32 -0600] "GET /register/da?dir=%2Fhome1%2Fkdybvgmy%2Fpublic_html%2Fstorage%2Fframework%2Fsessions&edit=1&file=BarXHLpZJJ2c3LwXv3K7NLjCx4rqaGJ1lY2ouvPu HTTP/2.0" 200 1450272 "-" "Mozilla/5.0 AppleWebKit/537.36 (KHTML, like Gecko; compatible; ClaudeBot/1.0; +claudebot@anthropic.com)" doxabusinesshub.com 10.43.68.43
74.7.242.8 - - [10/Jul/2026:06:24:32 -0600] "GET /forgot-password/pl?dir=%2Fhome1%2Fkdybvgmy%2Fpublic_html%2Fstorage%2Fframework%2Fsessions&edit=1&file=fHzMcwXg3OQp6waEexPOY2FwRwcCMcYMMjQdlDPq HTTP/1.1" 200 1450022 "https://mail.doxabusinesshub.com/forgot-password/pl?dir=%2Fhome1%2Fkdybvgmy%2Fpublic_html%2Fstorage%2Fframework%2Fsessions&edit=1&file=z8LG38M6q5WRzQmmCHB1YR2LxIhiIDv76FSWi3f7" "Mozilla/5.0 AppleWebKit/537.36 (KHTML, like Gecko; compatible; GPTBot/1.4; +https://openai.com/gptbot)" mail.doxabusinesshub.com 10.43.68.43
74.7.242.8 - - [10/Jul/2026:06:24:32 -0600] "GET /forgot-password/pl?dir=%2Fhome1%2Fkdybvgmy%2Fpublic_html%2Fstorage%2Fframework%2Fsessions&edit=1&file=fHzMcwXg3OQp6waEexPOY2FwRwcCMcYMMjQdlDPq HTTP/2.0" 200 1450022 "https://mail.doxabusinesshub.com/forgot-password/pl?dir=%2Fhome1%2Fkdybvgmy%2Fpublic_html%2Fstorage%2Fframework%2Fsessions&edit=1&file=z8LG38M6q5WRzQmmCHB1YR2LxIhiIDv76FSWi3f7" "Mozilla/5.0 AppleWebKit/537.36 (KHTML, like Gecko; compatible; GPTBot/1.4; +https://openai.com/gptbot)" mail.doxabusinesshub.com 10.43.68.43
74.7.227.151 - - [10/Jul/2026:06:24:32 -0600] "GET /?dir=%2Fopt%2Fcpanel%2Fea-php80%2Froot%2Fetc%2Fphp.d&edit=1&file=20-pgsql.ini HTTP/1.1" 200 16289 "https://mail.kdy.bvg.mybluehost.me/?dir=%2Fopt%2Fcpanel%2Fea-php80%2Froot%2Fetc%2Fphp.d" "Mozilla/5.0 AppleWebKit/537.36 (KHTML, like Gecko; compatible; GPTBot/1.4; +https://openai.com/gptbot)" mail.kdy.bvg.mybluehost.me 10.43.68.43
74.7.227.151 - - [10/Jul/2026:06:24:32 -0600] "GET /?dir=%2Fopt%2Fcpanel%2Fea-php80%2Froot%2Fetc%2Fphp.d&edit=1&file=20-pgsql.ini HTTP/2.0" 200 16289 "https://mail.kdy.bvg.mybluehost.me/?dir=%2Fopt%2Fcpanel%2Fea-php80%2Froot%2Fetc%2Fphp.d" "Mozilla/5.0 AppleWebKit/537.36 (KHTML, like Gecko; compatible; GPTBot/1.4; +https://openai.com/gptbot)" mail.kdy.bvg.mybluehost.me 10.43.68.43
74.7.227.151 - - [10/Jul/2026:06:24:33 -0600] "GET /?dir=%2Fopt%2Fcpanel%2Fea-php83%2Froot%2Fetc%2Fphp.d&edit=1&file=20-pgsql.ini HTTP/1.1" 200 16287 "https://mail.kdy.bvg.mybluehost.me/?dir=%2Fopt%2Fcpanel%2Fea-php83%2Froot%2Fetc%2Fphp.d" "Mozilla/5.0 AppleWebKit/537.36 (KHTML, like Gecko; compatible; GPTBot/1.4; +https://openai.com/gptbot)" mail.kdy.bvg.mybluehost.me 10.43.68.43
74.7.227.151 - - [10/Jul/2026:06:24:33 -0600] "GET /?dir=%2Fopt%2Fcpanel%2Fea-php83%2Froot%2Fetc%2Fphp.d&edit=1&file=20-pgsql.ini HTTP/2.0" 200 16287 "https://mail.kdy.bvg.mybluehost.me/?dir=%2Fopt%2Fcpanel%2Fea-php83%2Froot%2Fetc%2Fphp.d" "Mozilla/5.0 AppleWebKit/537.36 (KHTML, like Gecko; compatible; GPTBot/1.4; +https://openai.com/gptbot)" mail.kdy.bvg.mybluehost.me 10.43.68.43
74.7.242.8 - - [10/Jul/2026:06:24:33 -0600] "GET /forgot-password/pt?dir=%2Fhome1%2Fkdybvgmy%2Fpublic_html%2Fstorage%2Fframework%2Fsessions&edit=1&file=OU1tns1WqB0aJ2pOiLbYzeYspILGeVtjeGGAKxAB HTTP/1.1" 200 1450141 "https://mail.doxabusinesshub.com/forgot-password/pt?dir=%2Fhome1%2Fkdybvgmy%2Fpublic_html%2Fstorage%2Fframework%2Fsessions&edit=1&file=IHIsTOG27SJ5lsgaANm79IOE2oFqPQg494u3WX5D" "Mozilla/5.0 AppleWebKit/537.36 (KHTML, like Gecko; compatible; GPTBot/1.4; +https://openai.com/gptbot)" mail.doxabusinesshub.com 10.43.68.43
74.7.242.8 - - [10/Jul/2026:06:24:33 -0600] "GET /forgot-password/pt?dir=%2Fhome1%2Fkdybvgmy%2Fpublic_html%2Fstorage%2Fframework%2Fsessions&edit=1&file=OU1tns1WqB0aJ2pOiLbYzeYspILGeVtjeGGAKxAB HTTP/2.0" 200 1450141 "https://mail.doxabusinesshub.com/forgot-password/pt?dir=%2Fhome1%2Fkdybvgmy%2Fpublic_html%2Fstorage%2Fframework%2Fsessions&edit=1&file=IHIsTOG27SJ5lsgaANm79IOE2oFqPQg494u3WX5D" "Mozilla/5.0 AppleWebKit/537.36 (KHTML, like Gecko; compatible; GPTBot/1.4; +https://openai.com/gptbot)" mail.doxabusinesshub.com 10.43.68.43
74.7.227.151 - - [10/Jul/2026:06:24:34 -0600] "GET /?dir=%2Fopt%2Fcpanel%2Fea-php83%2Froot%2Fetc%2Fphp.d&edit=1&file=20-bcmath.ini HTTP/1.1" 200 16287 "https://mail.kdy.bvg.mybluehost.me/?dir=%2Fopt%2Fcpanel%2Fea-php83%2Froot%2Fetc%2Fphp.d" "Mozilla/5.0 AppleWebKit/537.36 (KHTML, like Gecko; compatible; GPTBot/1.4; +https://openai.com/gptbot)" mail.kdy.bvg.mybluehost.me 10.43.68.43
74.7.227.151 - - [10/Jul/2026:06:24:34 -0600] "GET /?dir=%2Fopt%2Fcpanel%2Fea-php83%2Froot%2Fetc%2Fphp.d&edit=1&file=20-bcmath.ini HTTP/2.0" 200 16287 "https://mail.kdy.bvg.mybluehost.me/?dir=%2Fopt%2Fcpanel%2Fea-php83%2Froot%2Fetc%2Fphp.d" "Mozilla/5.0 AppleWebKit/537.36 (KHTML, like Gecko; compatible; GPTBot/1.4; +https://openai.com/gptbot)" mail.kdy.bvg.mybluehost.me 10.43.68.43
216.73.216.142 - - [10/Jul/2026:06:24:34 -0600] "GET /register/pt?dir=%2Fhome1%2Fkdybvgmy%2Fpublic_html%2Fstorage%2Fframework%2Fsessions&edit=1&file=6yxtRIJSB58p9U0UWY0WkTU4LmON8HAD0ovdRWuq HTTP/2.0" 200 6832 "-" "Mozilla/5.0 AppleWebKit/537.36 (KHTML, like Gecko; compatible; ClaudeBot/1.0; +claudebot@anthropic.com)" doxabusinesshub.com 10.43.68.43
74.7.242.8 - - [10/Jul/2026:06:24:33 -0600] "GET /forgot-password/he?dir=%2Fhome1%2Fkdybvgmy%2Fpublic_html%2Fstorage%2Fframework%2Fsessions&edit=1&file=YPicDfkgXtjtz9AZ0RwJDyF9ttJLZtCifaUTsKgA HTTP/1.1" 200 1450377 "https://mail.doxabusinesshub.com/forgot-password/he?dir=%2Fhome1%2Fkdybvgmy%2Fpublic_html%2Fstorage%2Fframework%2Fsessions&edit=1&file=qS2goGAz0JA0dXoWlY6T96jJNC0Q0lB2N0qojt4B" "Mozilla/5.0 AppleWebKit/537.36 (KHTML, like Gecko; compatible; GPTBot/1.4; +https://openai.com/gptbot)" mail.doxabusinesshub.com 10.43.68.43
74.7.242.8 - - [10/Jul/2026:06:24:33 -0600] "GET /forgot-password/he?dir=%2Fhome1%2Fkdybvgmy%2Fpublic_html%2Fstorage%2Fframework%2Fsessions&edit=1&file=YPicDfkgXtjtz9AZ0RwJDyF9ttJLZtCifaUTsKgA HTTP/2.0" 200 1450377 "https://mail.doxabusinesshub.com/forgot-password/he?dir=%2Fhome1%2Fkdybvgmy%2Fpublic_html%2Fstorage%2Fframework%2Fsessions&edit=1&file=qS2goGAz0JA0dXoWlY6T96jJNC0Q0lB2N0qojt4B" "Mozilla/5.0 AppleWebKit/537.36 (KHTML, like Gecko; compatible; GPTBot/1.4; +https://openai.com/gptbot)" mail.doxabusinesshub.com 10.43.68.43
74.7.227.151 - - [10/Jul/2026:06:24:34 -0600] "GET /?dir=%2Fopt%2Fcpanel%2Fea-php81%2Froot%2Fetc%2Fphp.d&edit=1&file=20-sodium.ini HTTP/1.1" 200 16290 "https://mail.kdy.bvg.mybluehost.me/?dir=%2Fopt%2Fcpanel%2Fea-php81%2Froot%2Fetc%2Fphp.d" "Mozilla/5.0 AppleWebKit/537.36 (KHTML, like Gecko; compatible; GPTBot/1.4; +https://openai.com/gptbot)" mail.kdy.bvg.mybluehost.me 10.43.68.43
74.7.227.151 - - [10/Jul/2026:06:24:34 -0600] "GET /?dir=%2Fopt%2Fcpanel%2Fea-php81%2Froot%2Fetc%2Fphp.d&edit=1&file=20-sodium.ini HTTP/2.0" 200 16290 "https://mail.kdy.bvg.mybluehost.me/?dir=%2Fopt%2Fcpanel%2Fea-php81%2Froot%2Fetc%2Fphp.d" "Mozilla/5.0 AppleWebKit/537.36 (KHTML, like Gecko; compatible; GPTBot/1.4; +https://openai.com/gptbot)" mail.kdy.bvg.mybluehost.me 10.43.68.43
74.7.227.151 - - [10/Jul/2026:06:24:35 -0600] "GET /?dir=%2Fopt%2Fcpanel%2Fea-php83%2Froot%2Fetc%2Fphp.d&edit=1&file=20-sodium.ini HTTP/1.1" 200 16286 "https://mail.kdy.bvg.mybluehost.me/?dir=%2Fopt%2Fcpanel%2Fea-php83%2Froot%2Fetc%2Fphp.d" "Mozilla/5.0 AppleWebKit/537.36 (KHTML, like Gecko; compatible; GPTBot/1.4; +https://openai.com/gptbot)" mail.kdy.bvg.mybluehost.me 10.43.68.43
74.7.227.151 - - [10/Jul/2026:06:24:35 -0600] "GET /?dir=%2Fopt%2Fcpanel%2Fea-php83%2Froot%2Fetc%2Fphp.d&edit=1&file=20-sodium.ini HTTP/2.0" 200 16286 "https://mail.kdy.bvg.mybluehost.me/?dir=%2Fopt%2Fcpanel%2Fea-php83%2Froot%2Fetc%2Fphp.d" "Mozilla/5.0 AppleWebKit/537.36 (KHTML, like Gecko; compatible; GPTBot/1.4; +https://openai.com/gptbot)" mail.kdy.bvg.mybluehost.me 10.43.68.43
216.73.216.142 - - [10/Jul/2026:06:24:34 -0600] "GET /login/tr?dir=%2Fhome1%2Fkdybvgmy%2Fpublic_html%2Fstorage%2Fframework%2Fsessions&edit=1&file=18s6X4ffnJMCNNpCKmGY9zAaJ4zmc9GfAULY6hlx HTTP/2.0" 200 1450660 "-" "Mozilla/5.0 AppleWebKit/537.36 (KHTML, like Gecko; compatible; ClaudeBot/1.0; +claudebot@anthropic.com)" doxabusinesshub.com 10.43.68.43
74.7.242.8 - - [10/Jul/2026:06:24:34 -0600] "GET /forgot-password/it?dir=%2Fhome1%2Fkdybvgmy%2Fpublic_html%2Fstorage%2Fframework%2Fsessions&edit=1&file=XiY4qfJ2OlUAG3baaujJhmbtXXdWy6mLqeTULTBA HTTP/1.1" 200 1450437 "https://mail.doxabusinesshub.com/forgot-password/it?dir=%2Fhome1%2Fkdybvgmy%2Fpublic_html%2Fstorage%2Fframework%2Fsessions&edit=1&file=pgajaVQogWPwSKEaTFVCaLcCX3zZJFbSLvdpowfy" "Mozilla/5.0 AppleWebKit/537.36 (KHTML, like Gecko; compatible; GPTBot/1.4; +https://openai.com/gptbot)" mail.doxabusinesshub.com 10.43.68.43
74.7.242.8 - - [10/Jul/2026:06:24:34 -0600] "GET /forgot-password/it?dir=%2Fhome1%2Fkdybvgmy%2Fpublic_html%2Fstorage%2Fframework%2Fsessions&edit=1&file=XiY4qfJ2OlUAG3baaujJhmbtXXdWy6mLqeTULTBA HTTP/2.0" 200 1450437 "https://mail.doxabusinesshub.com/forgot-password/it?dir=%2Fhome1%2Fkdybvgmy%2Fpublic_html%2Fstorage%2Fframework%2Fsessions&edit=1&file=pgajaVQogWPwSKEaTFVCaLcCX3zZJFbSLvdpowfy" "Mozilla/5.0 AppleWebKit/537.36 (KHTML, like Gecko; compatible; GPTBot/1.4; +https://openai.com/gptbot)" mail.doxabusinesshub.com 10.43.68.43
74.7.227.151 - - [10/Jul/2026:06:24:35 -0600] "GET /?dir=%2Fopt%2Fcpanel%2Fea-php83%2Froot%2Fetc%2Fphp.d&edit=1&file=20-gettext.ini HTTP/1.1" 200 16289 "https://mail.kdy.bvg.mybluehost.me/?dir=%2Fopt%2Fcpanel%2Fea-php83%2Froot%2Fetc%2Fphp.d" "Mozilla/5.0 AppleWebKit/537.36 (KHTML, like Gecko; compatible; GPTBot/1.4; +https://openai.com/gptbot)" mail.kdy.bvg.mybluehost.me 10.43.68.43
74.7.227.151 - - [10/Jul/2026:06:24:35 -0600] "GET /?dir=%2Fopt%2Fcpanel%2Fea-php83%2Froot%2Fetc%2Fphp.d&edit=1&file=20-gettext.ini HTTP/2.0" 200 16289 "https://mail.kdy.bvg.mybluehost.me/?dir=%2Fopt%2Fcpanel%2Fea-php83%2Froot%2Fetc%2Fphp.d" "Mozilla/5.0 AppleWebKit/537.36 (KHTML, like Gecko; compatible; GPTBot/1.4; +https://openai.com/gptbot)" mail.kdy.bvg.mybluehost.me 10.43.68.43
74.7.242.8 - - [10/Jul/2026:06:24:35 -0600] "GET /forgot-password/it?dir=%2Fhome1%2Fkdybvgmy%2Fpublic_html%2Fstorage%2Fframework%2Fsessions&edit=1&file=qhfPQcjliVZ1uOZDAO21rebZkCW0hHimjwVUmTOk HTTP/1.1" 200 1450577 "https://mail.doxabusinesshub.com/forgot-password/it?dir=%2Fhome1%2Fkdybvgmy%2Fpublic_html%2Fstorage%2Fframework%2Fsessions&edit=1&file=inIBR9BSihQzIcWdOEBDrDrqTtD3sLk1HsChJ3Il" "Mozilla/5.0 AppleWebKit/537.36 (KHTML, like Gecko; compatible; GPTBot/1.4; +https://openai.com/gptbot)" mail.doxabusinesshub.com 10.43.68.43
74.7.242.8 - - [10/Jul/2026:06:24:35 -0600] "GET /forgot-password/it?dir=%2Fhome1%2Fkdybvgmy%2Fpublic_html%2Fstorage%2Fframework%2Fsessions&edit=1&file=qhfPQcjliVZ1uOZDAO21rebZkCW0hHimjwVUmTOk HTTP/2.0" 200 1450577 "https://mail.doxabusinesshub.com/forgot-password/it?dir=%2Fhome1%2Fkdybvgmy%2Fpublic_html%2Fstorage%2Fframework%2Fsessions&edit=1&file=inIBR9BSihQzIcWdOEBDrDrqTtD3sLk1HsChJ3Il" "Mozilla/5.0 AppleWebKit/537.36 (KHTML, like Gecko; compatible; GPTBot/1.4; +https://openai.com/gptbot)" mail.doxabusinesshub.com 10.43.68.43
74.7.227.151 - - [10/Jul/2026:06:24:36 -0600] "GET /?dir=%2Fopt%2Fcpanel%2Fea-php80%2Froot%2Fetc%2Fphp.d&edit=1&file=20-gettext.ini HTTP/1.1" 200 16292 "https://mail.kdy.bvg.mybluehost.me/?dir=%2Fopt%2Fcpanel%2Fea-php80%2Froot%2Fetc%2Fphp.d" "Mozilla/5.0 AppleWebKit/537.36 (KHTML, like Gecko; compatible; GPTBot/1.4; +https://openai.com/gptbot)" mail.kdy.bvg.mybluehost.me 10.43.68.43
74.7.227.151 - - [10/Jul/2026:06:24:36 -0600] "GET /?dir=%2Fopt%2Fcpanel%2Fea-php80%2Froot%2Fetc%2Fphp.d&edit=1&file=20-gettext.ini HTTP/2.0" 200 16292 "https://mail.kdy.bvg.mybluehost.me/?dir=%2Fopt%2Fcpanel%2Fea-php80%2Froot%2Fetc%2Fphp.d" "Mozilla/5.0 AppleWebKit/537.36 (KHTML, like Gecko; compatible; GPTBot/1.4; +https://openai.com/gptbot)" mail.kdy.bvg.mybluehost.me 10.43.68.43
216.73.216.142 - - [10/Jul/2026:06:24:36 -0600] "GET /register/pt?dir=%2Fhome1%2Fkdybvgmy%2Fpublic_html%2Fstorage%2Fframework%2Fsessions&edit=1&file=0gU2wJqRsK7h7OB3ebx7ESjLYjWBMajnAODj2jtI HTTP/2.0" 200 1451054 "-" "Mozilla/5.0 AppleWebKit/537.36 (KHTML, like Gecko; compatible; ClaudeBot/1.0; +claudebot@anthropic.com)" doxabusinesshub.com 10.43.68.43
74.7.227.151 - - [10/Jul/2026:06:24:36 -0600] "GET /?dir=%2Fopt%2Fcpanel%2Fea-php81%2Froot%2Fetc%2Fphp.d&edit=1&file=20-gettext.ini HTTP/1.1" 200 16288 "https://mail.kdy.bvg.mybluehost.me/?dir=%2Fopt%2Fcpanel%2Fea-php81%2Froot%2Fetc%2Fphp.d" "Mozilla/5.0 AppleWebKit/537.36 (KHTML, like Gecko; compatible; GPTBot/1.4; +https://openai.com/gptbot)" mail.kdy.bvg.mybluehost.me 10.43.68.43
74.7.227.151 - - [10/Jul/2026:06:24:36 -0600] "GET /?dir=%2Fopt%2Fcpanel%2Fea-php81%2Froot%2Fetc%2Fphp.d&edit=1&file=20-gettext.ini HTTP/2.0" 200 16288 "https://mail.kdy.bvg.mybluehost.me/?dir=%2Fopt%2Fcpanel%2Fea-php81%2Froot%2Fetc%2Fphp.d" "Mozilla/5.0 AppleWebKit/537.36 (KHTML, like Gecko; compatible; GPTBot/1.4; +https://openai.com/gptbot)" mail.kdy.bvg.mybluehost.me 10.43.68.43
74.7.242.8 - - [10/Jul/2026:06:24:36 -0600] "GET /forgot-password/pt?dir=%2Fhome1%2Fkdybvgmy%2Fpublic_html%2Fstorage%2Fframework%2Fsessions&edit=1&file=UJLQNWoDuMwljyygukpJaZVC8ubsbFF4O4NKJsBm HTTP/1.1" 200 1450716 "https://mail.doxabusinesshub.com/forgot-password/pt?dir=%2Fhome1%2Fkdybvgmy%2Fpublic_html%2Fstorage%2Fframework%2Fsessions&edit=1&file=BkPo3vQhd3LpeeenFvV6Vll6gP23BWMdgxm2J14Q" "Mozilla/5.0 AppleWebKit/537.36 (KHTML, like Gecko; compatible; GPTBot/1.4; +https://openai.com/gptbot)" mail.doxabusinesshub.com 10.43.68.43
74.7.242.8 - - [10/Jul/2026:06:24:36 -0600] "GET /forgot-password/pt?dir=%2Fhome1%2Fkdybvgmy%2Fpublic_html%2Fstorage%2Fframework%2Fsessions&edit=1&file=UJLQNWoDuMwljyygukpJaZVC8ubsbFF4O4NKJsBm HTTP/2.0" 200 1450716 "https://mail.doxabusinesshub.com/forgot-password/pt?dir=%2Fhome1%2Fkdybvgmy%2Fpublic_html%2Fstorage%2Fframework%2Fsessions&edit=1&file=BkPo3vQhd3LpeeenFvV6Vll6gP23BWMdgxm2J14Q" "Mozilla/5.0 AppleWebKit/537.36 (KHTML, like Gecko; compatible; GPTBot/1.4; +https://openai.com/gptbot)" mail.doxabusinesshub.com 10.43.68.43
216.73.216.142 - - [10/Jul/2026:06:24:36 -0600] "GET /register/pt?dir=%2Fhome1%2Fkdybvgmy%2Fpublic_html%2Fstorage%2Fframework%2Fsessions&edit=1&file=DJ3Eqz7oc6RSI8tw4rMYUghnT6eZW8TjXZwzCWPb HTTP/2.0" 200 1451099 "-" "Mozilla/5.0 AppleWebKit/537.36 (KHTML, like Gecko; compatible; ClaudeBot/1.0; +claudebot@anthropic.com)" doxabusinesshub.com 10.43.68.43
74.7.227.151 - - [10/Jul/2026:06:24:37 -0600] "GET /?dir=%2Fopt%2Fcpanel%2Fea-php80%2Froot%2Fetc%2Fphp.d&edit=1&file=20-pspell.ini HTTP/1.1" 200 16288 "https://mail.kdy.bvg.mybluehost.me/?dir=%2Fopt%2Fcpanel%2Fea-php80%2Froot%2Fetc%2Fphp.d" "Mozilla/5.0 AppleWebKit/537.36 (KHTML, like Gecko; compatible; GPTBot/1.4; +https://openai.com/gptbot)" mail.kdy.bvg.mybluehost.me 10.43.68.43
74.7.227.151 - - [10/Jul/2026:06:24:37 -0600] "GET /?dir=%2Fopt%2Fcpanel%2Fea-php80%2Froot%2Fetc%2Fphp.d&edit=1&file=20-pspell.ini HTTP/2.0" 200 16288 "https://mail.kdy.bvg.mybluehost.me/?dir=%2Fopt%2Fcpanel%2Fea-php80%2Froot%2Fetc%2Fphp.d" "Mozilla/5.0 AppleWebKit/537.36 (KHTML, like Gecko; compatible; GPTBot/1.4; +https://openai.com/gptbot)" mail.kdy.bvg.mybluehost.me 10.43.68.43
74.7.242.8 - - [10/Jul/2026:06:24:37 -0600] "GET /forgot-password/he?dir=%2Fhome1%2Fkdybvgmy%2Fpublic_html%2Fstorage%2Fframework%2Fsessions&edit=1&file=nbvdloMDA1O8lkblwh0ibIkQHeulcsJwJwIKujKg HTTP/1.1" 200 1451047 "https://mail.doxabusinesshub.com/forgot-password/he?dir=%2Fhome1%2Fkdybvgmy%2Fpublic_html%2Fstorage%2Fframework%2Fsessions&edit=1&file=iHxjXavsOkK2IRzQkNvdDpryYHzTUj7kvvASQHf3" "Mozilla/5.0 AppleWebKit/537.36 (KHTML, like Gecko; compatible; GPTBot/1.4; +https://openai.com/gptbot)" mail.doxabusinesshub.com 10.43.68.43
74.7.242.8 - - [10/Jul/2026:06:24:37 -0600] "GET /forgot-password/he?dir=%2Fhome1%2Fkdybvgmy%2Fpublic_html%2Fstorage%2Fframework%2Fsessions&edit=1&file=nbvdloMDA1O8lkblwh0ibIkQHeulcsJwJwIKujKg HTTP/2.0" 200 1451047 "https://mail.doxabusinesshub.com/forgot-password/he?dir=%2Fhome1%2Fkdybvgmy%2Fpublic_html%2Fstorage%2Fframework%2Fsessions&edit=1&file=iHxjXavsOkK2IRzQkNvdDpryYHzTUj7kvvASQHf3" "Mozilla/5.0 AppleWebKit/537.36 (KHTML, like Gecko; compatible; GPTBot/1.4; +https://openai.com/gptbot)" mail.doxabusinesshub.com 10.43.68.43
74.7.227.151 - - [10/Jul/2026:06:24:37 -0600] "GET /?dir=%2Fopt%2Fcpanel%2Fea-php81%2Froot%2Fetc%2Fphp.d&edit=1&file=20-pspell.ini HTTP/1.1" 200 16289 "https://mail.kdy.bvg.mybluehost.me/?dir=%2Fopt%2Fcpanel%2Fea-php81%2Froot%2Fetc%2Fphp.d" "Mozilla/5.0 AppleWebKit/537.36 (KHTML, like Gecko; compatible; GPTBot/1.4; +https://openai.com/gptbot)" mail.kdy.bvg.mybluehost.me 10.43.68.43
74.7.227.151 - - [10/Jul/2026:06:24:37 -0600] "GET /?dir=%2Fopt%2Fcpanel%2Fea-php81%2Froot%2Fetc%2Fphp.d&edit=1&file=20-pspell.ini HTTP/2.0" 200 16289 "https://mail.kdy.bvg.mybluehost.me/?dir=%2Fopt%2Fcpanel%2Fea-php81%2Froot%2Fetc%2Fphp.d" "Mozilla/5.0 AppleWebKit/537.36 (KHTML, like Gecko; compatible; GPTBot/1.4; +https://openai.com/gptbot)" mail.kdy.bvg.mybluehost.me 10.43.68.43
216.73.216.142 - - [10/Jul/2026:06:24:37 -0600] "GET /register/pt?dir=%2Fhome1%2Fkdybvgmy%2Fpublic_html%2Fstorage%2Fframework%2Fsessions&edit=1&file=3zN8sC4TkVYgxJHbhVmzezqmRGHKu3mbL50s49FF HTTP/2.0" 200 1451330 "-" "Mozilla/5.0 AppleWebKit/537.36 (KHTML, like Gecko; compatible; ClaudeBot/1.0; +claudebot@anthropic.com)" doxabusinesshub.com 10.43.68.43
216.73.216.142 - - [10/Jul/2026:06:24:38 -0600] "GET /register/pt?dir=%2Fhome1%2Fkdybvgmy%2Fpublic_html%2Fstorage%2Fframework%2Fsessions&edit=1&file=5jg92DxdVCXWbnqqHhmbpj6RvnNsQvZLboDGJzYO HTTP/2.0" 200 6814 "-" "Mozilla/5.0 AppleWebKit/537.36 (KHTML, like Gecko; compatible; ClaudeBot/1.0; +claudebot@anthropic.com)" doxabusinesshub.com 10.43.68.43
74.7.242.8 - - [10/Jul/2026:06:24:37 -0600] "GET /forgot-password/pl?dir=%2Fhome1%2Fkdybvgmy%2Fpublic_html%2Fstorage%2Fframework%2Fsessions&edit=1&file=TNQVGFfvdNlrGgDh8of0nu1OnriOalECtmuhNRhP HTTP/1.1" 200 1451372 "https://mail.doxabusinesshub.com/forgot-password/pl?dir=%2Fhome1%2Fkdybvgmy%2Fpublic_html%2Fstorage%2Fframework%2Fsessions&edit=1&file=zTBpkXTlCxBlEAnnJdUW04NnpZv2FL3udtxLcuEY" "Mozilla/5.0 AppleWebKit/537.36 (KHTML, like Gecko; compatible; GPTBot/1.4; +https://openai.com/gptbot)" mail.doxabusinesshub.com 10.43.68.43
74.7.242.8 - - [10/Jul/2026:06:24:37 -0600] "GET /forgot-password/pl?dir=%2Fhome1%2Fkdybvgmy%2Fpublic_html%2Fstorage%2Fframework%2Fsessions&edit=1&file=TNQVGFfvdNlrGgDh8of0nu1OnriOalECtmuhNRhP HTTP/2.0" 200 1451372 "https://mail.doxabusinesshub.com/forgot-password/pl?dir=%2Fhome1%2Fkdybvgmy%2Fpublic_html%2Fstorage%2Fframework%2Fsessions&edit=1&file=zTBpkXTlCxBlEAnnJdUW04NnpZv2FL3udtxLcuEY" "Mozilla/5.0 AppleWebKit/537.36 (KHTML, like Gecko; compatible; GPTBot/1.4; +https://openai.com/gptbot)" mail.doxabusinesshub.com 10.43.68.43
74.7.227.151 - - [10/Jul/2026:06:24:38 -0600] "GET /?dir=%2Fopt%2Fcpanel%2Fea-php80%2Froot%2Fetc%2Fphp.d&edit=1&file=20-mysqlnd.ini HTTP/1.1" 200 16289 "https://mail.kdy.bvg.mybluehost.me/?dir=%2Fopt%2Fcpanel%2Fea-php80%2Froot%2Fetc%2Fphp.d" "Mozilla/5.0 AppleWebKit/537.36 (KHTML, like Gecko; compatible; GPTBot/1.4; +https://openai.com/gptbot)" mail.kdy.bvg.mybluehost.me 10.43.68.43
74.7.227.151 - - [10/Jul/2026:06:24:38 -0600] "GET /?dir=%2Fopt%2Fcpanel%2Fea-php80%2Froot%2Fetc%2Fphp.d&edit=1&file=20-mysqlnd.ini HTTP/2.0" 200 16289 "https://mail.kdy.bvg.mybluehost.me/?dir=%2Fopt%2Fcpanel%2Fea-php80%2Froot%2Fetc%2Fphp.d" "Mozilla/5.0 AppleWebKit/537.36 (KHTML, like Gecko; compatible; GPTBot/1.4; +https://openai.com/gptbot)" mail.kdy.bvg.mybluehost.me 10.43.68.43
216.73.216.142 - - [10/Jul/2026:06:24:38 -0600] "GET /pages/about_us?dir=%2Fhome1%2Fkdybvgmy%2Fpublic_html%2Fstorage%2Fframework%2Fsessions&edit=1&file=AJzVRFYlHrO6Rs3jUwlcxqC3CeJZO7ojimiK0mYI HTTP/2.0" 200 4867 "-" "Mozilla/5.0 AppleWebKit/537.36 (KHTML, like Gecko; compatible; ClaudeBot/1.0; +claudebot@anthropic.com)" doxabusinesshub.com 10.43.68.43
74.7.227.151 - - [10/Jul/2026:06:24:38 -0600] "GET /?dir=%2Fopt%2Fcpanel%2Fea-php81%2Froot%2Fetc%2Fphp.d&edit=1&file=20-mysqlnd.ini HTTP/1.1" 200 16289 "https://mail.kdy.bvg.mybluehost.me/?dir=%2Fopt%2Fcpanel%2Fea-php81%2Froot%2Fetc%2Fphp.d" "Mozilla/5.0 AppleWebKit/537.36 (KHTML, like Gecko; compatible; GPTBot/1.4; +https://openai.com/gptbot)" mail.kdy.bvg.mybluehost.me 10.43.68.43
74.7.227.151 - - [10/Jul/2026:06:24:38 -0600] "GET /?dir=%2Fopt%2Fcpanel%2Fea-php81%2Froot%2Fetc%2Fphp.d&edit=1&file=20-mysqlnd.ini HTTP/2.0" 200 16289 "https://mail.kdy.bvg.mybluehost.me/?dir=%2Fopt%2Fcpanel%2Fea-php81%2Froot%2Fetc%2Fphp.d" "Mozilla/5.0 AppleWebKit/537.36 (KHTML, like Gecko; compatible; GPTBot/1.4; +https://openai.com/gptbot)" mail.kdy.bvg.mybluehost.me 10.43.68.43
74.7.242.8 - - [10/Jul/2026:06:24:38 -0600] "GET /forgot-password/he?dir=%2Fhome1%2Fkdybvgmy%2Fpublic_html%2Fstorage%2Fframework%2Fsessions&edit=1&file=icso4AQthU5zALWwTXrKJGgFhcKsAwDlus03NiQi HTTP/1.1" 200 1448903 "https://mail.doxabusinesshub.com/forgot-password/he?dir=%2Fhome1%2Fkdybvgmy%2Fpublic_html%2Fstorage%2Fframework%2Fsessions&edit=1&file=xFznE2SN1nXUijAyZYPcNHEDnGgodlhJqtn2YX2g" "Mozilla/5.0 AppleWebKit/537.36 (KHTML, like Gecko; compatible; GPTBot/1.4; +https://openai.com/gptbot)" mail.doxabusinesshub.com 10.43.68.43
74.7.242.8 - - [10/Jul/2026:06:24:38 -0600] "GET /forgot-password/he?dir=%2Fhome1%2Fkdybvgmy%2Fpublic_html%2Fstorage%2Fframework%2Fsessions&edit=1&file=icso4AQthU5zALWwTXrKJGgFhcKsAwDlus03NiQi HTTP/2.0" 200 1448903 "https://mail.doxabusinesshub.com/forgot-password/he?dir=%2Fhome1%2Fkdybvgmy%2Fpublic_html%2Fstorage%2Fframework%2Fsessions&edit=1&file=xFznE2SN1nXUijAyZYPcNHEDnGgodlhJqtn2YX2g" "Mozilla/5.0 AppleWebKit/537.36 (KHTML, like Gecko; compatible; GPTBot/1.4; +https://openai.com/gptbot)" mail.doxabusinesshub.com 10.43.68.43
216.73.216.142 - - [10/Jul/2026:06:24:39 -0600] "GET /register/pt?dir=%2Fhome1%2Fkdybvgmy%2Fpublic_html%2Fstorage%2Fframework%2Fsessions&edit=1&file=FGTPgCNW2Nq7TgEC9AGU0RcjOWq8nQUtZ1yQQcQ1 HTTP/2.0" 200 6816 "-" "Mozilla/5.0 AppleWebKit/537.36 (KHTML, like Gecko; compatible; ClaudeBot/1.0; +claudebot@anthropic.com)" doxabusinesshub.com 10.43.68.43
74.7.227.151 - - [10/Jul/2026:06:24:39 -0600] "GET /?dir=%2Fopt%2Fcpanel%2Fea-php83%2Froot%2Fetc%2Fphp.d&edit=1&file=20-mysqlnd.ini HTTP/1.1" 200 16289 "https://mail.kdy.bvg.mybluehost.me/?dir=%2Fopt%2Fcpanel%2Fea-php83%2Froot%2Fetc%2Fphp.d" "Mozilla/5.0 AppleWebKit/537.36 (KHTML, like Gecko; compatible; GPTBot/1.4; +https://openai.com/gptbot)" mail.kdy.bvg.mybluehost.me 10.43.68.43
74.7.227.151 - - [10/Jul/2026:06:24:39 -0600] "GET /?dir=%2Fopt%2Fcpanel%2Fea-php83%2Froot%2Fetc%2Fphp.d&edit=1&file=20-mysqlnd.ini HTTP/2.0" 200 16289 "https://mail.kdy.bvg.mybluehost.me/?dir=%2Fopt%2Fcpanel%2Fea-php83%2Froot%2Fetc%2Fphp.d" "Mozilla/5.0 AppleWebKit/537.36 (KHTML, like Gecko; compatible; GPTBot/1.4; +https://openai.com/gptbot)" mail.kdy.bvg.mybluehost.me 10.43.68.43
216.73.216.142 - - [10/Jul/2026:06:24:39 -0600] "GET /register/en?dir=%2Fhome1%2Fkdybvgmy%2Fpublic_html%2Fstorage%2Fframework%2Fsessions&edit=1&file=7I0HsIFxZBUWJ47uXfn0BvySJqPuUL5Z2nLj4ov5 HTTP/2.0" 200 6793 "-" "Mozilla/5.0 AppleWebKit/537.36 (KHTML, like Gecko; compatible; ClaudeBot/1.0; +claudebot@anthropic.com)" doxabusinesshub.com 10.43.68.43
74.7.227.151 - - [10/Jul/2026:06:24:39 -0600] "GET /?dir=%2Fopt%2Fcpanel%2Fea-php80%2Froot%2Fetc%2Fphp.d&edit=1&file=20-fileinfo.ini HTTP/1.1" 200 16293 "https://mail.kdy.bvg.mybluehost.me/?dir=%2Fopt%2Fcpanel%2Fea-php80%2Froot%2Fetc%2Fphp.d" "Mozilla/5.0 AppleWebKit/537.36 (KHTML, like Gecko; compatible; GPTBot/1.4; +https://openai.com/gptbot)" mail.kdy.bvg.mybluehost.me 10.43.68.43
74.7.227.151 - - [10/Jul/2026:06:24:39 -0600] "GET /?dir=%2Fopt%2Fcpanel%2Fea-php80%2Froot%2Fetc%2Fphp.d&edit=1&file=20-fileinfo.ini HTTP/2.0" 200 16293 "https://mail.kdy.bvg.mybluehost.me/?dir=%2Fopt%2Fcpanel%2Fea-php80%2Froot%2Fetc%2Fphp.d" "Mozilla/5.0 AppleWebKit/537.36 (KHTML, like Gecko; compatible; GPTBot/1.4; +https://openai.com/gptbot)" mail.kdy.bvg.mybluehost.me 10.43.68.43
74.7.242.8 - - [10/Jul/2026:06:24:39 -0600] "GET /forgot-password/pt?dir=%2Fhome1%2Fkdybvgmy%2Fpublic_html%2Fstorage%2Fframework%2Fsessions&edit=1&file=EleedGsvjUDKUvSh3y6MDVtd9FWRedXYILJmazrL HTTP/1.1" 200 1448981 "https://mail.doxabusinesshub.com/forgot-password/pt?dir=%2Fhome1%2Fkdybvgmy%2Fpublic_html%2Fstorage%2Fframework%2Fsessions&edit=1&file=5N1WInIhZCrZkzbkG8J7e8Btj7pX3C2SIA780g4K" "Mozilla/5.0 AppleWebKit/537.36 (KHTML, like Gecko; compatible; GPTBot/1.4; +https://openai.com/gptbot)" mail.doxabusinesshub.com 10.43.68.43
74.7.242.8 - - [10/Jul/2026:06:24:39 -0600] "GET /forgot-password/pt?dir=%2Fhome1%2Fkdybvgmy%2Fpublic_html%2Fstorage%2Fframework%2Fsessions&edit=1&file=EleedGsvjUDKUvSh3y6MDVtd9FWRedXYILJmazrL HTTP/2.0" 200 1448981 "https://mail.doxabusinesshub.com/forgot-password/pt?dir=%2Fhome1%2Fkdybvgmy%2Fpublic_html%2Fstorage%2Fframework%2Fsessions&edit=1&file=5N1WInIhZCrZkzbkG8J7e8Btj7pX3C2SIA780g4K" "Mozilla/5.0 AppleWebKit/537.36 (KHTML, like Gecko; compatible; GPTBot/1.4; +https://openai.com/gptbot)" mail.doxabusinesshub.com 10.43.68.43
74.7.227.151 - - [10/Jul/2026:06:24:40 -0600] "GET /?dir=%2Fopt%2Fcpanel%2Fea-php81%2Froot%2Fetc%2Fphp.d&edit=1&file=20-fileinfo.ini HTTP/1.1" 200 16288 "https://mail.kdy.bvg.mybluehost.me/?dir=%2Fopt%2Fcpanel%2Fea-php81%2Froot%2Fetc%2Fphp.d" "Mozilla/5.0 AppleWebKit/537.36 (KHTML, like Gecko; compatible; GPTBot/1.4; +https://openai.com/gptbot)" mail.kdy.bvg.mybluehost.me 10.43.68.43
74.7.227.151 - - [10/Jul/2026:06:24:40 -0600] "GET /?dir=%2Fopt%2Fcpanel%2Fea-php81%2Froot%2Fetc%2Fphp.d&edit=1&file=20-fileinfo.ini HTTP/2.0" 200 16288 "https://mail.kdy.bvg.mybluehost.me/?dir=%2Fopt%2Fcpanel%2Fea-php81%2Froot%2Fetc%2Fphp.d" "Mozilla/5.0 AppleWebKit/537.36 (KHTML, like Gecko; compatible; GPTBot/1.4; +https://openai.com/gptbot)" mail.kdy.bvg.mybluehost.me 10.43.68.43
74.7.242.8 - - [10/Jul/2026:06:24:40 -0600] "GET /forgot-password/he?dir=%2Fhome1%2Fkdybvgmy%2Fpublic_html%2Fstorage%2Fframework%2Fsessions&edit=1&file=NwbUbQEvmKiSEdHnwVaPHqSsJ3WpqU0M4pdlZD6t HTTP/1.1" 200 1449257 "https://mail.doxabusinesshub.com/forgot-password/he?dir=%2Fhome1%2Fkdybvgmy%2Fpublic_html%2Fstorage%2Fframework%2Fsessions&edit=1&file=hWyA1l1GOrawrfEv2Z58uq19VXBARzu1654jGJp0" "Mozilla/5.0 AppleWebKit/537.36 (KHTML, like Gecko; compatible; GPTBot/1.4; +https://openai.com/gptbot)" mail.doxabusinesshub.com 10.43.68.43
74.7.242.8 - - [10/Jul/2026:06:24:40 -0600] "GET /forgot-password/he?dir=%2Fhome1%2Fkdybvgmy%2Fpublic_html%2Fstorage%2Fframework%2Fsessions&edit=1&file=NwbUbQEvmKiSEdHnwVaPHqSsJ3WpqU0M4pdlZD6t HTTP/2.0" 200 1449257 "https://mail.doxabusinesshub.com/forgot-password/he?dir=%2Fhome1%2Fkdybvgmy%2Fpublic_html%2Fstorage%2Fframework%2Fsessions&edit=1&file=hWyA1l1GOrawrfEv2Z58uq19VXBARzu1654jGJp0" "Mozilla/5.0 AppleWebKit/537.36 (KHTML, like Gecko; compatible; GPTBot/1.4; +https://openai.com/gptbot)" mail.doxabusinesshub.com 10.43.68.43
74.7.227.151 - - [10/Jul/2026:06:24:40 -0600] "GET /?dir=%2Fopt%2Fcpanel%2Fea-php83%2Froot%2Fetc%2Fphp.d&edit=1&file=01-ioncube.ini HTTP/1.1" 200 16366 "https://mail.kdy.bvg.mybluehost.me/?dir=%2Fopt%2Fcpanel%2Fea-php83%2Froot%2Fetc%2Fphp.d" "Mozilla/5.0 AppleWebKit/537.36 (KHTML, like Gecko; compatible; GPTBot/1.4; +https://openai.com/gptbot)" mail.kdy.bvg.mybluehost.me 10.43.68.43
74.7.227.151 - - [10/Jul/2026:06:24:40 -0600] "GET /?dir=%2Fopt%2Fcpanel%2Fea-php83%2Froot%2Fetc%2Fphp.d&edit=1&file=01-ioncube.ini HTTP/2.0" 200 16366 "https://mail.kdy.bvg.mybluehost.me/?dir=%2Fopt%2Fcpanel%2Fea-php83%2Froot%2Fetc%2Fphp.d" "Mozilla/5.0 AppleWebKit/537.36 (KHTML, like Gecko; compatible; GPTBot/1.4; +https://openai.com/gptbot)" mail.kdy.bvg.mybluehost.me 10.43.68.43
216.73.216.142 - - [10/Jul/2026:06:24:40 -0600] "GET /register/pt?dir=%2Fhome1%2Fkdybvgmy%2Fpublic_html%2Fstorage%2Fframework%2Fsessions&edit=1&file=I7jEAI9PrFkiOMZqdQBhzogKKcydH7jK7xKmw9Et HTTP/2.0" 200 1449709 "-" "Mozilla/5.0 AppleWebKit/537.36 (KHTML, like Gecko; compatible; ClaudeBot/1.0; +claudebot@anthropic.com)" doxabusinesshub.com 10.43.68.43
74.7.227.151 - - [10/Jul/2026:06:24:41 -0600] "GET /?dir=%2Fopt%2Fcpanel%2Fea-php83%2Froot%2Fetc%2Fphp.d&edit=1&file=20-sockets.ini HTTP/1.1" 200 16291 "https://mail.kdy.bvg.mybluehost.me/?dir=%2Fopt%2Fcpanel%2Fea-php83%2Froot%2Fetc%2Fphp.d" "Mozilla/5.0 AppleWebKit/537.36 (KHTML, like Gecko; compatible; GPTBot/1.4; +https://openai.com/gptbot)" mail.kdy.bvg.mybluehost.me 10.43.68.43
74.7.227.151 - - [10/Jul/2026:06:24:41 -0600] "GET /?dir=%2Fopt%2Fcpanel%2Fea-php83%2Froot%2Fetc%2Fphp.d&edit=1&file=20-sockets.ini HTTP/2.0" 200 16291 "https://mail.kdy.bvg.mybluehost.me/?dir=%2Fopt%2Fcpanel%2Fea-php83%2Froot%2Fetc%2Fphp.d" "Mozilla/5.0 AppleWebKit/537.36 (KHTML, like Gecko; compatible; GPTBot/1.4; +https://openai.com/gptbot)" mail.kdy.bvg.mybluehost.me 10.43.68.43
74.7.242.8 - - [10/Jul/2026:06:24:40 -0600] "GET /forgot-password/pt?dir=%2Fhome1%2Fkdybvgmy%2Fpublic_html%2Fstorage%2Fframework%2Fsessions&edit=1&file=FizBwmjoAdGuRgOFe0ITgCr7iuokOKXbu5Prc6sY HTTP/1.1" 200 1448924 "https://mail.doxabusinesshub.com/forgot-password/pt?dir=%2Fhome1%2Fkdybvgmy%2Fpublic_html%2Fstorage%2Fframework%2Fsessions&edit=1&file=V0zR2fIB1VD2gUjAAM7W0dj6Kly1RK2jO3Qwb92Z" "Mozilla/5.0 AppleWebKit/537.36 (KHTML, like Gecko; compatible; GPTBot/1.4; +https://openai.com/gptbot)" mail.doxabusinesshub.com 10.43.68.43
74.7.242.8 - - [10/Jul/2026:06:24:40 -0600] "GET /forgot-password/pt?dir=%2Fhome1%2Fkdybvgmy%2Fpublic_html%2Fstorage%2Fframework%2Fsessions&edit=1&file=FizBwmjoAdGuRgOFe0ITgCr7iuokOKXbu5Prc6sY HTTP/2.0" 200 1448924 "https://mail.doxabusinesshub.com/forgot-password/pt?dir=%2Fhome1%2Fkdybvgmy%2Fpublic_html%2Fstorage%2Fframework%2Fsessions&edit=1&file=V0zR2fIB1VD2gUjAAM7W0dj6Kly1RK2jO3Qwb92Z" "Mozilla/5.0 AppleWebKit/537.36 (KHTML, like Gecko; compatible; GPTBot/1.4; +https://openai.com/gptbot)" mail.doxabusinesshub.com 10.43.68.43
74.7.227.151 - - [10/Jul/2026:06:24:41 -0600] "GET /?dir=%2Fopt%2Fcpanel%2Fea-php81%2Froot%2Fetc%2Fphp.d&edit=1&file=01-ioncube.ini HTTP/1.1" 200 16369 "https://mail.kdy.bvg.mybluehost.me/?dir=%2Fopt%2Fcpanel%2Fea-php81%2Froot%2Fetc%2Fphp.d" "Mozilla/5.0 AppleWebKit/537.36 (KHTML, like Gecko; compatible; GPTBot/1.4; +https://openai.com/gptbot)" mail.kdy.bvg.mybluehost.me 10.43.68.43
74.7.227.151 - - [10/Jul/2026:06:24:41 -0600] "GET /?dir=%2Fopt%2Fcpanel%2Fea-php81%2Froot%2Fetc%2Fphp.d&edit=1&file=01-ioncube.ini HTTP/2.0" 200 16369 "https://mail.kdy.bvg.mybluehost.me/?dir=%2Fopt%2Fcpanel%2Fea-php81%2Froot%2Fetc%2Fphp.d" "Mozilla/5.0 AppleWebKit/537.36 (KHTML, like Gecko; compatible; GPTBot/1.4; +https://openai.com/gptbot)" mail.kdy.bvg.mybluehost.me 10.43.68.43
74.7.242.8 - - [10/Jul/2026:06:24:41 -0600] "GET /forgot-password/he?dir=%2Fhome1%2Fkdybvgmy%2Fpublic_html%2Fstorage%2Fframework%2Fsessions&edit=1&file=kOu5kumKPDhhFQJ86UdjTguCbnjHKRrgG8qHRfeU HTTP/1.1" 200 1449224 "https://mail.doxabusinesshub.com/forgot-password/he?dir=%2Fhome1%2Fkdybvgmy%2Fpublic_html%2Fstorage%2Fframework%2Fsessions&edit=1&file=bFnp7TZx1pEcDYWcTDn526zo0Bzc9L35kZ0PP0ma" "Mozilla/5.0 AppleWebKit/537.36 (KHTML, like Gecko; compatible; GPTBot/1.4; +https://openai.com/gptbot)" mail.doxabusinesshub.com 10.43.68.43
74.7.242.8 - - [10/Jul/2026:06:24:41 -0600] "GET /forgot-password/he?dir=%2Fhome1%2Fkdybvgmy%2Fpublic_html%2Fstorage%2Fframework%2Fsessions&edit=1&file=kOu5kumKPDhhFQJ86UdjTguCbnjHKRrgG8qHRfeU HTTP/2.0" 200 1449224 "https://mail.doxabusinesshub.com/forgot-password/he?dir=%2Fhome1%2Fkdybvgmy%2Fpublic_html%2Fstorage%2Fframework%2Fsessions&edit=1&file=bFnp7TZx1pEcDYWcTDn526zo0Bzc9L35kZ0PP0ma" "Mozilla/5.0 AppleWebKit/537.36 (KHTML, like Gecko; compatible; GPTBot/1.4; +https://openai.com/gptbot)" mail.doxabusinesshub.com 10.43.68.43
74.7.227.151 - - [10/Jul/2026:06:24:42 -0600] "GET /?dir=%2Fopt%2Fcpanel%2Fea-php81%2Froot%2Fetc%2Fphp.d&edit=1&file=20-sockets.ini HTTP/1.1" 200 16288 "https://mail.kdy.bvg.mybluehost.me/?dir=%2Fopt%2Fcpanel%2Fea-php81%2Froot%2Fetc%2Fphp.d" "Mozilla/5.0 AppleWebKit/537.36 (KHTML, like Gecko; compatible; GPTBot/1.4; +https://openai.com/gptbot)" mail.kdy.bvg.mybluehost.me 10.43.68.43
74.7.227.151 - - [10/Jul/2026:06:24:42 -0600] "GET /?dir=%2Fopt%2Fcpanel%2Fea-php81%2Froot%2Fetc%2Fphp.d&edit=1&file=20-sockets.ini HTTP/2.0" 200 16288 "https://mail.kdy.bvg.mybluehost.me/?dir=%2Fopt%2Fcpanel%2Fea-php81%2Froot%2Fetc%2Fphp.d" "Mozilla/5.0 AppleWebKit/537.36 (KHTML, like Gecko; compatible; GPTBot/1.4; +https://openai.com/gptbot)" mail.kdy.bvg.mybluehost.me 10.43.68.43
216.73.216.142 - - [10/Jul/2026:06:24:42 -0600] "GET /pages/about_us?dir=%2Fhome1%2Fkdybvgmy%2Fpublic_html%2Fstorage%2Fframework%2Fsessions&edit=1&file=HKWWXiCXH6FpM624OQupB9Ot0mwh2vDWQcxRrYPF HTTP/2.0" 200 4900 "-" "Mozilla/5.0 AppleWebKit/537.36 (KHTML, like Gecko; compatible; ClaudeBot/1.0; +claudebot@anthropic.com)" doxabusinesshub.com 10.43.68.43
74.7.227.151 - - [10/Jul/2026:06:24:42 -0600] "GET /?dir=%2Fopt%2Fcpanel%2Fea-php80%2Froot%2Fetc%2Fphp.d&edit=1&file=20-sockets.ini HTTP/1.1" 200 16290 "https://mail.kdy.bvg.mybluehost.me/?dir=%2Fopt%2Fcpanel%2Fea-php80%2Froot%2Fetc%2Fphp.d" "Mozilla/5.0 AppleWebKit/537.36 (KHTML, like Gecko; compatible; GPTBot/1.4; +https://openai.com/gptbot)" mail.kdy.bvg.mybluehost.me 10.43.68.43
74.7.227.151 - - [10/Jul/2026:06:24:42 -0600] "GET /?dir=%2Fopt%2Fcpanel%2Fea-php80%2Froot%2Fetc%2Fphp.d&edit=1&file=20-sockets.ini HTTP/2.0" 200 16290 "https://mail.kdy.bvg.mybluehost.me/?dir=%2Fopt%2Fcpanel%2Fea-php80%2Froot%2Fetc%2Fphp.d" "Mozilla/5.0 AppleWebKit/537.36 (KHTML, like Gecko; compatible; GPTBot/1.4; +https://openai.com/gptbot)" mail.kdy.bvg.mybluehost.me 10.43.68.43
74.7.242.8 - - [10/Jul/2026:06:24:42 -0600] "GET /forgot-password/it?dir=%2Fhome1%2Fkdybvgmy%2Fpublic_html%2Fstorage%2Fframework%2Fsessions&edit=1&file=NzqwhtBvpMjxWFF1rAtzIYD7PasgdpuAhMuq6V2J HTTP/1.1" 200 1449218 "https://mail.doxabusinesshub.com/forgot-password/it?dir=%2Fhome1%2Fkdybvgmy%2Fpublic_html%2Fstorage%2Fframework%2Fsessions&edit=1&file=inIBR9BSihQzIcWdOEBDrDrqTtD3sLk1HsChJ3Il" "Mozilla/5.0 AppleWebKit/537.36 (KHTML, like Gecko; compatible; GPTBot/1.4; +https://openai.com/gptbot)" mail.doxabusinesshub.com 10.43.68.43
74.7.242.8 - - [10/Jul/2026:06:24:42 -0600] "GET /forgot-password/it?dir=%2Fhome1%2Fkdybvgmy%2Fpublic_html%2Fstorage%2Fframework%2Fsessions&edit=1&file=NzqwhtBvpMjxWFF1rAtzIYD7PasgdpuAhMuq6V2J HTTP/2.0" 200 1449218 "https://mail.doxabusinesshub.com/forgot-password/it?dir=%2Fhome1%2Fkdybvgmy%2Fpublic_html%2Fstorage%2Fframework%2Fsessions&edit=1&file=inIBR9BSihQzIcWdOEBDrDrqTtD3sLk1HsChJ3Il" "Mozilla/5.0 AppleWebKit/537.36 (KHTML, like Gecko; compatible; GPTBot/1.4; +https://openai.com/gptbot)" mail.doxabusinesshub.com 10.43.68.43
74.7.227.151 - - [10/Jul/2026:06:24:43 -0600] "GET /?dir=%2Fopt%2Fcpanel%2Fea-php80%2Froot%2Fetc%2Fphp.d&edit=1&file=10-opcache.ini HTTP/1.1" 200 18240 "https://mail.kdy.bvg.mybluehost.me/?dir=%2Fopt%2Fcpanel%2Fea-php80%2Froot%2Fetc%2Fphp.d" "Mozilla/5.0 AppleWebKit/537.36 (KHTML, like Gecko; compatible; GPTBot/1.4; +https://openai.com/gptbot)" mail.kdy.bvg.mybluehost.me 10.43.68.43
74.7.227.151 - - [10/Jul/2026:06:24:43 -0600] "GET /?dir=%2Fopt%2Fcpanel%2Fea-php80%2Froot%2Fetc%2Fphp.d&edit=1&file=10-opcache.ini HTTP/2.0" 200 18240 "https://mail.kdy.bvg.mybluehost.me/?dir=%2Fopt%2Fcpanel%2Fea-php80%2Froot%2Fetc%2Fphp.d" "Mozilla/5.0 AppleWebKit/537.36 (KHTML, like Gecko; compatible; GPTBot/1.4; +https://openai.com/gptbot)" mail.kdy.bvg.mybluehost.me 10.43.68.43
216.73.216.142 - - [10/Jul/2026:06:24:43 -0600] "GET /pages/about_us?dir=%2Fhome1%2Fkdybvgmy%2Fpublic_html%2Fstorage%2Fframework%2Fsessions&edit=1&file=6ruAiF9JmziccWipfYdFPuykjmuEnbmq12K6Uewd HTTP/2.0" 200 1447566 "-" "Mozilla/5.0 AppleWebKit/537.36 (KHTML, like Gecko; compatible; ClaudeBot/1.0; +claudebot@anthropic.com)" doxabusinesshub.com 10.43.68.43
74.7.242.8 - - [10/Jul/2026:06:24:43 -0600] "GET /forgot-password/he?dir=%2Fhome1%2Fkdybvgmy%2Fpublic_html%2Fstorage%2Fframework%2Fsessions&edit=1&file=kS34gjTKNlyQEKiMcbbqTJFWrJHtraVNDGxrbD2T HTTP/1.1" 200 1449507 "https://mail.doxabusinesshub.com/forgot-password/he?dir=%2Fhome1%2Fkdybvgmy%2Fpublic_html%2Fstorage%2Fframework%2Fsessions&edit=1&file=SP2SSeJyw4AQfQWjyRjwjLOESqwQBVHMFi6wwAPt" "Mozilla/5.0 AppleWebKit/537.36 (KHTML, like Gecko; compatible; GPTBot/1.4; +https://openai.com/gptbot)" mail.doxabusinesshub.com 10.43.68.43
74.7.242.8 - - [10/Jul/2026:06:24:43 -0600] "GET /forgot-password/he?dir=%2Fhome1%2Fkdybvgmy%2Fpublic_html%2Fstorage%2Fframework%2Fsessions&edit=1&file=kS34gjTKNlyQEKiMcbbqTJFWrJHtraVNDGxrbD2T HTTP/2.0" 200 1449507 "https://mail.doxabusinesshub.com/forgot-password/he?dir=%2Fhome1%2Fkdybvgmy%2Fpublic_html%2Fstorage%2Fframework%2Fsessions&edit=1&file=SP2SSeJyw4AQfQWjyRjwjLOESqwQBVHMFi6wwAPt" "Mozilla/5.0 AppleWebKit/537.36 (KHTML, like Gecko; compatible; GPTBot/1.4; +https://openai.com/gptbot)" mail.doxabusinesshub.com 10.43.68.43
74.7.227.151 - - [10/Jul/2026:06:24:43 -0600] "GET /?dir=%2Fopt%2Fcpanel%2Fea-php80%2Froot%2Fetc%2Fphp.d&edit=1&file=30-pdo_mysql.ini HTTP/1.1" 200 16293 "https://mail.kdy.bvg.mybluehost.me/?dir=%2Fopt%2Fcpanel%2Fea-php80%2Froot%2Fetc%2Fphp.d" "Mozilla/5.0 AppleWebKit/537.36 (KHTML, like Gecko; compatible; GPTBot/1.4; +https://openai.com/gptbot)" mail.kdy.bvg.mybluehost.me 10.43.68.43
